185.213.83.161 - - [12/Sep/2025:21:40:12 -0700] "GET /wp-includes/js/wp-emoji-release.min.js?ver=5.8.11 HTTP/2.0" 200 4542 "https://cadilaclemon.com/" "Mozilla/5.0 (Windows NT 10.0; Win64; x64) AppleWebKit/537.36 (KHTML, like Gecko) Chrome/140.0.0.0 Safari/537.36" 7 **0/7114**
185.213.83.161 - - [12/Sep/2025:21:40:12 -0700] "GET /wp-content/themes/Divi/core/admin/fonts/modules.ttf HTTP/2.0" 200 36317 "https://cadilaclemon.com/wp-content/themes/Divi/style.css?ver=4.4.3" "Mozilla/5.0 (Windows NT 10.0; Win64; x64) AppleWebKit/537.36 (KHTML, like Gecko) Chrome/140.0.0.0 Safari/537.36" 14 **0/14723**
185.213.83.161 - - [12/Sep/2025:21:40:13 -0700] "GET /wp-content/uploads/2021/08/copy.jpg HTTP/2.0" 200 36386 "https://cadilaclemon.com/" "Mozilla/5.0 (Windows NT 10.0; Win64; x64) AppleWebKit/537.36 (KHTML, like Gecko) Chrome/140.0.0.0 Safari/537.36" 5 **0/5099**
157.55.39.56 - - [12/Sep/2025:21:40:13 -0700] "GET /shopdetail/covering/10031541837 HTTP/2.0" 404 9287 "-" "Mozilla/5.0 AppleWebKit/537.36 (KHTML, like Gecko; compatible; bingbot/2.0; +http://www.bing.com/bingbot.htm) Chrome/116.0.1938.76 Safari/537.36" 503 **0/503000**
185.213.83.161 - - [12/Sep/2025:21:40:13 -0700] "GET /wp-content/uploads/2021/04/cropped-Logo-400-32x32.png HTTP/2.0" 200 672 "https://cadilaclemon.com/" "Mozilla/5.0 (Windows NT 10.0; Win64; x64) AppleWebKit/537.36 (KHTML, like Gecko) Chrome/140.0.0.0 Safari/537.36" 5 **0/5162**
157.55.39.56 - - [12/Sep/2025:21:40:14 -0700] "GET /shopdetail/phd/10031562898 HTTP/2.0" 404 9285 "-" "Mozilla/5.0 AppleWebKit/537.36 (KHTML, like Gecko; compatible; bingbot/2.0; +http://www.bing.com/bingbot.htm) Chrome/116.0.1938.76 Safari/537.36" 543 **0/543210**
157.55.39.200 - - [12/Sep/2025:21:40:27 -0700] "GET /shopdetail/const/10052701036 HTTP/2.0" 404 9285 "-" "Mozilla/5.0 AppleWebKit/537.36 (KHTML, like Gecko; compatible; bingbot/2.0; +http://www.bing.com/bingbot.htm) Chrome/116.0.1938.76 Safari/537.36" 569 **0/569356**
157.55.39.200 - - [12/Sep/2025:21:40:38 -0700] "GET /shopdetail/distribution/10052758601 HTTP/2.0" 404 9287 "-" "Mozilla/5.0 AppleWebKit/537.36 (KHTML, like Gecko; compatible; bingbot/2.0; +http://www.bing.com/bingbot.htm) Chrome/116.0.1938.76 Safari/537.36" 474 **0/474656**
43.153.36.110 - - [12/Sep/2025:21:40:45 -0700] "GET /?s= HTTP/1.1" 200 10954 "-" "Mozilla/5.0 (iPhone; CPU iPhone OS 13_2_3 like Mac OS X) AppleWebKit/605.1.15 (KHTML, like Gecko) Version/13.0.3 Mobile/15E148 Safari/604.1" 366 **0/366112**
136.227.183.225 - - [12/Sep/2025:21:41:09 -0700] "GET / HTTP/1.1" 200 14015 "https://api.siterelic.com/" "Mozilla/5.0 (Macintosh; Intel Mac OS X 14_1) AppleWebKit/537.36 (KHTML, like Gecko) Chrome/119.0.0.0 Safari/537.36" 556 **0/556112**
136.227.183.225 - - [12/Sep/2025:21:41:09 -0700] "GET / HTTP/1.1" 200 14015 "https://api.siterelic.com/" "Mozilla/5.0 (Macintosh; Intel Mac OS X 14_1) AppleWebKit/537.36 (KHTML, like Gecko) Chrome/119.0.0.0 Safari/537.36" 546 **0/546973**
157.55.39.56 - - [12/Sep/2025:21:41:12 -0700] "GET /shopdetail/bartlett/1001891484 HTTP/2.0" 404 9286 "-" "Mozilla/5.0 AppleWebKit/537.36 (KHTML, like Gecko; compatible; bingbot/2.0; +http://www.bing.com/bingbot.htm) Chrome/116.0.1938.76 Safari/537.36" 524 **0/524850**
40.77.167.68 - - [12/Sep/2025:21:41:18 -0700] "GET /goGoods/product/surugaya/10008311281310?campaign_uid=f64d716db5e979ed2f947dbaf4296895b951ae7f HTTP/2.0" 404 9333 "-" "Mozilla/5.0 AppleWebKit/537.36 (KHTML, like Gecko; compatible; bingbot/2.0; +http://www.bing.com/bingbot.htm) Chrome/116.0.1938.76 Safari/537.36" 517 **0/517775**
207.46.13.64 - - [12/Sep/2025:21:41:47 -0700] "GET /shopdetail/soluble/10021412773 HTTP/2.0" 404 9287 "-" "Mozilla/5.0 AppleWebKit/537.36 (KHTML, like Gecko; compatible; bingbot/2.0; +http://www.bing.com/bingbot.htm) Chrome/116.0.1938.76 Safari/537.36" 496 **0/496730**
207.46.13.64 - - [12/Sep/2025:21:42:57 -0700] "GET /shopdetail/walsh/10031688322 HTTP/2.0" 404 9286 "-" "Mozilla/5.0 AppleWebKit/537.36 (KHTML, like Gecko; compatible; bingbot/2.0; +http://www.bing.com/bingbot.htm) Chrome/116.0.1938.76 Safari/537.36" 514 **0/514079**
40.77.167.68 - - [12/Sep/2025:21:43:21 -0700] "GET /shopdetail/mugs/10031608794 HTTP/2.0" 404 9286 "-" "Mozilla/5.0 AppleWebKit/537.36 (KHTML, like Gecko; compatible; bingbot/2.0; +http://www.bing.com/bingbot.htm) Chrome/116.0.1938.76 Safari/537.36" 522 **0/522474**
157.55.39.48 - - [12/Sep/2025:21:44:07 -0700] "GET /shopdetail/borough/1000185597 HTTP/2.0" 404 9284 "-" "Mozilla/5.0 AppleWebKit/537.36 (KHTML, like Gecko; compatible; bingbot/2.0; +http://www.bing.com/bingbot.htm) Chrome/116.0.1938.76 Safari/537.36" 544 **0/544002**
157.55.39.194 - - [12/Sep/2025:21:46:15 -0700] "GET /shopdetail/holloway/10021057020 HTTP/2.0" 404 9287 "-" "Mozilla/5.0 AppleWebKit/537.36 (KHTML, like Gecko; compatible; bingbot/2.0; +http://www.bing.com/bingbot.htm) Chrome/116.0.1938.76 Safari/537.36" 480 **0/480262**
157.55.39.48 - - [12/Sep/2025:21:46:48 -0700] "GET /shopdetail/feeder/10052649845 HTTP/2.0" 404 9286 "-" "Mozilla/5.0 AppleWebKit/537.36 (KHTML, like Gecko; compatible; bingbot/2.0; +http://www.bing.com/bingbot.htm) Chrome/116.0.1938.76 Safari/537.36" 495 **0/495221**
173.201.186.239 - - [12/Sep/2025:21:47:11 -0700] "POST /wp-cron.php?doing_wp_cron=1757738830.9991540908813476562500 HTTP/1.1" 200 - "https://cadilaclemon.com/wp-cron.php?doing_wp_cron=1757738830.9991540908813476562500" "WordPress/5.8.11; https://cadilaclemon.com" 112 **0/112609**
40.77.167.254 - - [12/Sep/2025:21:47:10 -0700] "GET /shopdetail/clash/10042329882 HTTP/2.0" 404 9286 "-" "Mozilla/5.0 AppleWebKit/537.36 (KHTML, like Gecko; compatible; bingbot/2.0; +http://www.bing.com/bingbot.htm) Chrome/116.0.1938.76 Safari/537.36" 673 **0/673469**
40.77.167.254 - - [12/Sep/2025:21:47:41 -0700] "GET /shopdetail/den/10031642287 HTTP/2.0" 404 9284 "-" "Mozilla/5.0 AppleWebKit/537.36 (KHTML, like Gecko; compatible; bingbot/2.0; +http://www.bing.com/bingbot.htm) Chrome/116.0.1938.76 Safari/537.36" 514 **0/514184**
157.55.39.48 - - [12/Sep/2025:21:48:27 -0700] "GET /shopdetail/exported/1001631826 HTTP/2.0" 404 9288 "-" "Mozilla/5.0 AppleWebKit/537.36 (KHTML, like Gecko; compatible; bingbot/2.0; +http://www.bing.com/bingbot.htm) Chrome/116.0.1938.76 Safari/537.36" 544 **0/544684**
157.55.39.194 - - [12/Sep/2025:21:48:55 -0700] "GET /shopdetail/martinez/10042369166 HTTP/2.0" 404 9287 "-" "Mozilla/5.0 AppleWebKit/537.36 (KHTML, like Gecko; compatible; bingbot/2.0; +http://www.bing.com/bingbot.htm) Chrome/116.0.1938.76 Safari/537.36" 501 **0/501617**
40.77.167.254 - - [12/Sep/2025:21:49:10 -0700] "GET /search/config?go_url=product/10027637664031 HTTP/2.0" 200 9473 "-" "Mozilla/5.0 AppleWebKit/537.36 (KHTML, like Gecko; compatible; bingbot/2.0; +http://www.bing.com/bingbot.htm) Chrome/116.0.1938.76 Safari/537.36" 611 **0/611560**
40.77.167.254 - - [12/Sep/2025:21:50:09 -0700] "GET /shopdetail/dir/1000262992 HTTP/2.0" 404 9282 "-" "Mozilla/5.0 AppleWebKit/537.36 (KHTML, like Gecko; compatible; bingbot/2.0; +http://www.bing.com/bingbot.htm) Chrome/116.0.1938.76 Safari/537.36" 540 **0/540503**
40.77.167.254 - - [12/Sep/2025:21:50:52 -0700] "GET /shopdetail/ej/10042251911 HTTP/2.0" 404 9284 "-" "Mozilla/5.0 AppleWebKit/537.36 (KHTML, like Gecko; compatible; bingbot/2.0; +http://www.bing.com/bingbot.htm) Chrome/116.0.1938.76 Safari/537.36" 546 **0/546008**
43.166.244.251 - - [12/Sep/2025:21:52:26 -0700] "GET /comments/feed/ HTTP/1.1" 200 729 "-" "Mozilla/5.0 (iPhone; CPU iPhone OS 13_2_3 like Mac OS X) AppleWebKit/605.1.15 (KHTML, like Gecko) Version/13.0.3 Mobile/15E148 Safari/604.1" 176 **0/176682**
157.55.39.11 - - [12/Sep/2025:21:53:26 -0700] "GET /cargo/detail/10036640264467 HTTP/2.0" 404 9285 "-" "Mozilla/5.0 AppleWebKit/537.36 (KHTML, like Gecko; compatible; bingbot/2.0; +http://www.bing.com/bingbot.htm) Chrome/116.0.1938.76 Safari/537.36" 559 **0/559602**
40.77.167.254 - - [12/Sep/2025:21:53:41 -0700] "GET /shopdetail/manner/100040193 HTTP/2.0" 404 9281 "-" "Mozilla/5.0 AppleWebKit/537.36 (KHTML, like Gecko; compatible; bingbot/2.0; +http://www.bing.com/bingbot.htm) Chrome/116.0.1938.76 Safari/537.36" 564 **0/564678**
157.55.39.11 - - [12/Sep/2025:21:53:46 -0700] "GET /shopdetail/ensuring/10021083385 HTTP/2.0" 404 9287 "-" "Mozilla/5.0 AppleWebKit/537.36 (KHTML, like Gecko; compatible; bingbot/2.0; +http://www.bing.com/bingbot.htm) Chrome/116.0.1938.76 Safari/537.36" 638 **0/638646**
40.77.167.254 - - [12/Sep/2025:21:53:51 -0700] "GET /shopdetail/transferable/10031737326 HTTP/2.0" 404 9286 "-" "Mozilla/5.0 AppleWebKit/537.36 (KHTML, like Gecko; compatible; bingbot/2.0; +http://www.bing.com/bingbot.htm) Chrome/116.0.1938.76 Safari/537.36" 607 **0/607821**
157.55.39.48 - - [12/Sep/2025:21:53:58 -0700] "GET /shopdetail/rite/10052830881 HTTP/2.0" 404 9285 "-" "Mozilla/5.0 AppleWebKit/537.36 (KHTML, like Gecko; compatible; bingbot/2.0; +http://www.bing.com/bingbot.htm) Chrome/116.0.1938.76 Safari/537.36" 539 **0/539983**
40.77.167.254 - - [12/Sep/2025:21:56:11 -0700] "GET /shopdetail/weaver/10031670031 HTTP/2.0" 404 9284 "-" "Mozilla/5.0 AppleWebKit/537.36 (KHTML, like Gecko; compatible; bingbot/2.0; +http://www.bing.com/bingbot.htm) Chrome/116.0.1938.76 Safari/537.36" 602 **0/602176**
157.55.39.11 - - [12/Sep/2025:21:57:13 -0700] "GET /item/feature/10007940596450000.html HTTP/2.0" 404 9288 "-" "Mozilla/5.0 AppleWebKit/537.36 (KHTML, like Gecko; compatible; bingbot/2.0; +http://www.bing.com/bingbot.htm) Chrome/116.0.1938.76 Safari/537.36" 1667 **1/1667054**
157.55.39.11 - - [12/Sep/2025:21:57:44 -0700] "GET /shopdetail/pro/1001558167 HTTP/2.0" 404 9284 "-" "Mozilla/5.0 AppleWebKit/537.36 (KHTML, like Gecko; compatible; bingbot/2.0; +http://www.bing.com/bingbot.htm) Chrome/116.0.1938.76 Safari/537.36" 625 **0/625870**
157.55.39.11 - - [12/Sep/2025:21:58:05 -0700] "GET /shopdetail/amazingly/10021415978 HTTP/2.0" 404 9290 "-" "Mozilla/5.0 AppleWebKit/537.36 (KHTML, like Gecko; compatible; bingbot/2.0; +http://www.bing.com/bingbot.htm) Chrome/116.0.1938.76 Safari/537.36" 639 **0/639613**
207.46.13.154 - - [12/Sep/2025:22:00:45 -0700] "GET /cargo/detail/10035518449754 HTTP/2.0" 404 9285 "-" "Mozilla/5.0 AppleWebKit/537.36 (KHTML, like Gecko; compatible; bingbot/2.0; +http://www.bing.com/bingbot.htm) Chrome/116.0.1938.76 Safari/537.36" 527 **0/527628**
52.167.144.183 - - [12/Sep/2025:22:02:21 -0700] "GET /shopdetail/maestro/1000396098 HTTP/2.0" 404 9285 "-" "Mozilla/5.0 AppleWebKit/537.36 (KHTML, like Gecko; compatible; bingbot/2.0; +http://www.bing.com/bingbot.htm) Chrome/116.0.1938.76 Safari/537.36" 545 **0/545490**
52.167.144.183 - - [12/Sep/2025:22:02:22 -0700] "GET /shopdetail/procurement/1001823394 HTTP/2.0" 404 9287 "-" "Mozilla/5.0 AppleWebKit/537.36 (KHTML, like Gecko; compatible; bingbot/2.0; +http://www.bing.com/bingbot.htm) Chrome/116.0.1938.76 Safari/537.36" 500 **0/500550**
157.55.39.200 - - [12/Sep/2025:22:02:28 -0700] "GET /shopdetail/ruined/10031515593 HTTP/2.0" 404 9285 "-" "Mozilla/5.0 AppleWebKit/537.36 (KHTML, like Gecko; compatible; bingbot/2.0; +http://www.bing.com/bingbot.htm) Chrome/116.0.1938.76 Safari/537.36" 478 **0/478347**
157.55.39.11 - - [12/Sep/2025:22:02:43 -0700] "GET /shopdetail/wigan/10031636919 HTTP/2.0" 404 9286 "-" "Mozilla/5.0 AppleWebKit/537.36 (KHTML, like Gecko; compatible; bingbot/2.0; +http://www.bing.com/bingbot.htm) Chrome/116.0.1938.76 Safari/537.36" 479 **0/479645**
157.55.39.11 - - [12/Sep/2025:22:02:45 -0700] "GET /product?call=/detail/10014218897648 HTTP/2.0" 404 9291 "-" "Mozilla/5.0 AppleWebKit/537.36 (KHTML, like Gecko; compatible; bingbot/2.0; +http://www.bing.com/bingbot.htm) Chrome/116.0.1938.76 Safari/537.36" 496 **0/496105**
195.2.71.225 - - [12/Sep/2025:22:03:13 -0700] "GET / HTTP/1.0" 200 84049 "https://cadilaclemon.com/" "Mozilla/5.0 (Windows NT 10.0; Win64; x64) AppleWebKit/537.36 (KHTML, like Gecko) Chrome/129.0.0.0 Safari/537.36" 591 **0/591706**
195.2.71.225 - - [12/Sep/2025:22:03:14 -0700] "POST / HTTP/1.0" 200 80015 "https://cadilaclemon.com/" "Mozilla/5.0 (Windows NT 10.0; Win64; x64) AppleWebKit/537.36 (KHTML, like Gecko) Chrome/129.0.0.0 Safari/537.36" 6642 **6/6642605**
157.55.39.200 - - [12/Sep/2025:22:03:29 -0700] "GET /shopdetail/arc/1001582711 HTTP/2.0" 404 9284 "-" "Mozilla/5.0 AppleWebKit/537.36 (KHTML, like Gecko; compatible; bingbot/2.0; +http://www.bing.com/bingbot.htm) Chrome/116.0.1938.76 Safari/537.36" 527 **0/527976**
52.167.144.183 - - [12/Sep/2025:22:03:33 -0700] "GET /shopdetail/pewter/1001950048 HTTP/2.0" 404 9284 "-" "Mozilla/5.0 AppleWebKit/537.36 (KHTML, like Gecko; compatible; bingbot/2.0; +http://www.bing.com/bingbot.htm) Chrome/116.0.1938.76 Safari/537.36" 492 **0/492043**
157.55.39.57 - - [12/Sep/2025:22:03:45 -0700] "GET /shopdetail/addiction/1000303895 HTTP/2.0" 404 9285 "-" "Mozilla/5.0 AppleWebKit/537.36 (KHTML, like Gecko; compatible; bingbot/2.0; +http://www.bing.com/bingbot.htm) Chrome/116.0.1938.76 Safari/537.36" 537 **0/537768**
157.55.39.200 - - [12/Sep/2025:22:04:18 -0700] "GET /shopdetail/symptoms/100061044 HTTP/2.0" 404 9286 "-" "Mozilla/5.0 AppleWebKit/537.36 (KHTML, like Gecko; compatible; bingbot/2.0; +http://www.bing.com/bingbot.htm) Chrome/116.0.1938.76 Safari/537.36" 473 **0/473673**
52.167.144.183 - - [12/Sep/2025:22:05:02 -0700] "GET /goGoods/product/surugaya/10035690936971?campaign_uid=f64d716db5e979ed2f947dbaf4296895b951ae7f HTTP/2.0" 404 9333 "-" "Mozilla/5.0 AppleWebKit/537.36 (KHTML, like Gecko; compatible; bingbot/2.0; +http://www.bing.com/bingbot.htm) Chrome/116.0.1938.76 Safari/537.36" 1060 **1/1060379**
52.167.144.183 - - [12/Sep/2025:22:05:03 -0700] "GET /shopdetail/northeast/10021363156 HTTP/2.0" 404 9286 "-" "Mozilla/5.0 AppleWebKit/537.36 (KHTML, like Gecko; compatible; bingbot/2.0; +http://www.bing.com/bingbot.htm) Chrome/116.0.1938.76 Safari/537.36" 598 **0/598237**
157.55.39.57 - - [12/Sep/2025:22:05:14 -0700] "GET /shopdetail/approaching/10021068332 HTTP/2.0" 404 9287 "-" "Mozilla/5.0 AppleWebKit/537.36 (KHTML, like Gecko; compatible; bingbot/2.0; +http://www.bing.com/bingbot.htm) Chrome/116.0.1938.76 Safari/537.36" 589 **0/589858**
157.55.39.200 - - [12/Sep/2025:22:05:18 -0700] "GET /shopdetail/av/10021261935 HTTP/2.0" 404 9284 "-" "Mozilla/5.0 AppleWebKit/537.36 (KHTML, like Gecko; compatible; bingbot/2.0; +http://www.bing.com/bingbot.htm) Chrome/116.0.1938.76 Safari/537.36" 488 **0/488025**
52.167.144.183 - - [12/Sep/2025:22:05:31 -0700] "GET /shopdetail/psychiatric/10021287480 HTTP/2.0" 404 9290 "-" "Mozilla/5.0 AppleWebKit/537.36 (KHTML, like Gecko; compatible; bingbot/2.0; +http://www.bing.com/bingbot.htm) Chrome/116.0.1938.76 Safari/537.36" 541 **0/541071**
157.55.39.57 - - [12/Sep/2025:22:06:04 -0700] "GET /shopdetail/algebraic/10042033680 HTTP/2.0" 404 9287 "-" "Mozilla/5.0 AppleWebKit/537.36 (KHTML, like Gecko; compatible; bingbot/2.0; +http://www.bing.com/bingbot.htm) Chrome/116.0.1938.76 Safari/537.36" 524 **0/524362**
157.55.39.57 - - [12/Sep/2025:22:06:55 -0700] "GET /goGoods/product/surugaya/10029643298645?campaign_uid=f64d716db5e979ed2f947dbaf4296895b951ae7f HTTP/2.0" 404 9333 "-" "Mozilla/5.0 AppleWebKit/537.36 (KHTML, like Gecko; compatible; bingbot/2.0; +http://www.bing.com/bingbot.htm) Chrome/116.0.1938.76 Safari/537.36" 572 **0/572252**
157.55.39.57 - - [12/Sep/2025:22:07:25 -0700] "GET /shopdetail/storm/10021480797 HTTP/2.0" 404 9286 "-" "Mozilla/5.0 AppleWebKit/537.36 (KHTML, like Gecko; compatible; bingbot/2.0; +http://www.bing.com/bingbot.htm) Chrome/116.0.1938.76 Safari/537.36" 516 **0/516847**
157.55.39.57 - - [12/Sep/2025:22:07:44 -0700] "GET /product?call=/detail/10001169657825 HTTP/2.0" 404 9289 "-" "Mozilla/5.0 AppleWebKit/537.36 (KHTML, like Gecko; compatible; bingbot/2.0; +http://www.bing.com/bingbot.htm) Chrome/116.0.1938.76 Safari/537.36" 521 **0/521061**
40.77.167.44 - - [12/Sep/2025:22:07:51 -0700] "GET /shopdetail/awakenings/10052875125 HTTP/2.0" 404 9290 "-" "Mozilla/5.0 AppleWebKit/537.36 (KHTML, like Gecko; compatible; bingbot/2.0; +http://www.bing.com/bingbot.htm) Chrome/116.0.1938.76 Safari/537.36" 518 **0/518663**
157.55.39.57 - - [12/Sep/2025:22:08:14 -0700] "GET /shopdetail/cards/1001998034 HTTP/2.0" 404 9283 "-" "Mozilla/5.0 AppleWebKit/537.36 (KHTML, like Gecko; compatible; bingbot/2.0; +http://www.bing.com/bingbot.htm) Chrome/116.0.1938.76 Safari/537.36" 582 **0/582885**
40.77.167.44 - - [12/Sep/2025:22:08:43 -0700] "GET /shopdetail/fungal/10021357131 HTTP/2.0" 404 9287 "-" "Mozilla/5.0 AppleWebKit/537.36 (KHTML, like Gecko; compatible; bingbot/2.0; +http://www.bing.com/bingbot.htm) Chrome/116.0.1938.76 Safari/537.36" 515 **0/515417**
157.55.39.57 - - [12/Sep/2025:22:08:55 -0700] "GET /shopdetail/mechanics/10042464595 HTTP/2.0" 404 9287 "-" "Mozilla/5.0 AppleWebKit/537.36 (KHTML, like Gecko; compatible; bingbot/2.0; +http://www.bing.com/bingbot.htm) Chrome/116.0.1938.76 Safari/537.36" 540 **0/540761**
157.55.39.57 - - [12/Sep/2025:22:10:04 -0700] "GET /shopdetail/eliminated/10031687857 HTTP/2.0" 404 9283 "-" "Mozilla/5.0 AppleWebKit/537.36 (KHTML, like Gecko; compatible; bingbot/2.0; +http://www.bing.com/bingbot.htm) Chrome/116.0.1938.76 Safari/537.36" 538 **0/538078**
157.55.39.193 - - [12/Sep/2025:22:10:09 -0700] "GET /shopdetail/kashmir/1001652187 HTTP/2.0" 404 9287 "-" "Mozilla/5.0 AppleWebKit/537.36 (KHTML, like Gecko; compatible; bingbot/2.0; +http://www.bing.com/bingbot.htm) Chrome/116.0.1938.76 Safari/537.36" 514 **0/514027**
195.2.71.225 - - [12/Sep/2025:22:10:38 -0700] "GET / HTTP/1.0" 200 84049 "https://cadilaclemon.com/" "Mozilla/5.0 (Windows NT 10.0; Win64; x64) AppleWebKit/537.36 (KHTML, like Gecko) Chrome/130.0.0.0 Safari/537.36 CCleaner/130.0.0.0" 563 **0/563378**
195.2.71.225 - - [12/Sep/2025:22:10:39 -0700] "POST / HTTP/1.0" 200 80015 "https://cadilaclemon.com/" "Mozilla/5.0 (Windows NT 10.0; Win64; x64) AppleWebKit/537.36 (KHTML, like Gecko) Chrome/130.0.0.0 Safari/537.36 CCleaner/130.0.0.0" 7787 **7/7787932**
40.77.167.44 - - [12/Sep/2025:22:11:53 -0700] "GET /shopdetail/objects/1000359761 HTTP/2.0" 404 9283 "-" "Mozilla/5.0 AppleWebKit/537.36 (KHTML, like Gecko; compatible; bingbot/2.0; +http://www.bing.com/bingbot.htm) Chrome/116.0.1938.76 Safari/537.36" 557 **0/557060**
57.141.0.38 - - [12/Sep/2025:22:14:38 -0700] "GET /header.php?shopdetail/miniature/25893544205 HTTP/2.0" 200 - "-" "meta-externalagent/1.1 (+https://developers.facebook.com/docs/sharing/webmasters/crawler)" 15 **0/15339**
195.2.71.225 - - [12/Sep/2025:22:14:38 -0700] "GET / HTTP/1.0" 200 84049 "https://cadilaclemon.com/" "Mozilla/5.0 (Windows NT 10.0; Win64; x64) AppleWebKit/537.36 (KHTML, like Gecko) Chrome/129.0.0.0 Safari/537.36" 653 **0/653369**
195.2.71.225 - - [12/Sep/2025:22:14:39 -0700] "POST / HTTP/1.0" 200 80015 "https://cadilaclemon.com/" "Mozilla/5.0 (Windows NT 10.0; Win64; x64) AppleWebKit/537.36 (KHTML, like Gecko) Chrome/129.0.0.0 Safari/537.36" 7946 **7/7946271**
40.77.167.44 - - [12/Sep/2025:22:15:03 -0700] "GET /shopdetail/typical/10052740979 HTTP/2.0" 404 9283 "-" "Mozilla/5.0 AppleWebKit/537.36 (KHTML, like Gecko; compatible; bingbot/2.0; +http://www.bing.com/bingbot.htm) Chrome/116.0.1938.76 Safari/537.36" 651 **0/651112**
84.54.44.19 - - [12/Sep/2025:22:16:11 -0700] "GET / HTTP/1.0" 200 84049 "https://cadilaclemon.com/" "Mozilla/5.0 (Windows NT 10.0; Win64; x64) AppleWebKit/537.36 (KHTML, like Gecko) Chrome/131.0.0.0 Safari/537.36" 550 **0/550417**
84.54.44.19 - - [12/Sep/2025:22:16:13 -0700] "POST / HTTP/1.0" 200 80015 "https://cadilaclemon.com/" "Mozilla/5.0 (Windows NT 10.0; Win64; x64) AppleWebKit/537.36 (KHTML, like Gecko) Chrome/131.0.0.0 Safari/537.36" 11603 **11/11603861**
157.55.39.193 - - [12/Sep/2025:22:16:30 -0700] "GET /shopdetail/destiny/10042086626 HTTP/2.0" 404 9288 "-" "Mozilla/5.0 AppleWebKit/537.36 (KHTML, like Gecko; compatible; bingbot/2.0; +http://www.bing.com/bingbot.htm) Chrome/116.0.1938.76 Safari/537.36" 564 **0/564077**
157.55.39.48 - - [12/Sep/2025:22:18:26 -0700] "GET /primewatch/10021469189041410.html?sc_i=shopping-pc-web-category-catrecom-bsd3-rankitem HTTP/2.0" 404 9326 "-" "Mozilla/5.0 AppleWebKit/537.36 (KHTML, like Gecko; compatible; bingbot/2.0; +http://www.bing.com/bingbot.htm) Chrome/116.0.1938.76 Safari/537.36" 479 **0/479016**
84.54.44.19 - - [12/Sep/2025:22:18:37 -0700] "GET / HTTP/1.0" 200 84049 "https://cadilaclemon.com/" "Mozilla/5.0 (Windows NT 10.0; Win64; x64) AppleWebKit/537.36 (KHTML, like Gecko) Chrome/130.0.0.0 Safari/537.36 CCleaner/130.0.0.0" 1470 **1/1470540**
84.54.44.19 - - [12/Sep/2025:22:18:39 -0700] "POST / HTTP/1.0" 200 80015 "https://cadilaclemon.com/" "Mozilla/5.0 (Windows NT 10.0; Win64; x64) AppleWebKit/537.36 (KHTML, like Gecko) Chrome/130.0.0.0 Safari/537.36 CCleaner/130.0.0.0" 7530 **7/7530936**
173.201.186.239 - - [12/Sep/2025:22:21:30 -0700] "POST /wp-cron.php?doing_wp_cron=1757740890.2953090667724609375000 HTTP/1.1" 200 - "https://cadilaclemon.com/wp-cron.php?doing_wp_cron=1757740890.2953090667724609375000" "WordPress/5.8.11; https://cadilaclemon.com" 143 **0/143397**
207.46.13.125 - - [12/Sep/2025:22:21:30 -0700] "GET /shopdetail/wlan/1001933276 HTTP/2.0" 404 9285 "-" "Mozilla/5.0 AppleWebKit/537.36 (KHTML, like Gecko; compatible; bingbot/2.0; +http://www.bing.com/bingbot.htm) Chrome/116.0.1938.76 Safari/537.36" 739 **0/739215**
178.20.45.182 - - [12/Sep/2025:22:21:32 -0700] "GET / HTTP/1.0" 200 84049 "https://cadilaclemon.com/" "Mozilla/5.0 (Windows NT 10.0; Win64; x64) AppleWebKit/537.36 (KHTML, like Gecko) Chrome/130.0.0.0 Safari/537.36 CCleaner/130.0.0.0" 550 **0/550832**
195.2.71.225 - - [12/Sep/2025:22:21:37 -0700] "GET / HTTP/1.0" 200 84049 "https://cadilaclemon.com/" "Mozilla/5.0 (Windows NT 10.0; Win64; x64) AppleWebKit/537.36 (KHTML, like Gecko) Chrome/130.0.0.0 Safari/537.36" 551 **0/551143**
178.20.45.182 - - [12/Sep/2025:22:21:34 -0700] "POST / HTTP/1.0" 200 80015 "https://cadilaclemon.com/" "Mozilla/5.0 (Windows NT 10.0; Win64; x64) AppleWebKit/537.36 (KHTML, like Gecko) Chrome/130.0.0.0 Safari/537.36 CCleaner/130.0.0.0" 6123 **6/6123946**
195.2.71.225 - - [12/Sep/2025:22:21:38 -0700] "POST / HTTP/1.0" 200 80015 "https://cadilaclemon.com/" "Mozilla/5.0 (Windows NT 10.0; Win64; x64) AppleWebKit/537.36 (KHTML, like Gecko) Chrome/130.0.0.0 Safari/537.36" 7150 **7/7150872**
40.77.167.0 - - [12/Sep/2025:22:21:53 -0700] "GET /shopdetail/survivor/1001586721 HTTP/2.0" 404 9286 "-" "Mozilla/5.0 AppleWebKit/537.36 (KHTML, like Gecko; compatible; bingbot/2.0; +http://www.bing.com/bingbot.htm) Chrome/116.0.1938.76 Safari/537.36" 500 **0/500856**
157.55.39.48 - - [12/Sep/2025:22:22:16 -0700] "GET /shopdetail/tunisia/1001565491 HTTP/2.0" 404 9287 "-" "Mozilla/5.0 AppleWebKit/537.36 (KHTML, like Gecko; compatible; bingbot/2.0; +http://www.bing.com/bingbot.htm) Chrome/116.0.1938.76 Safari/537.36" 511 **0/511840**
207.46.13.125 - - [12/Sep/2025:22:22:31 -0700] "GET /product/edit/10024574933331 HTTP/2.0" 404 9283 "-" "Mozilla/5.0 AppleWebKit/537.36 (KHTML, like Gecko; compatible; bingbot/2.0; +http://www.bing.com/bingbot.htm) Chrome/116.0.1938.76 Safari/537.36" 538 **0/538944**
40.77.167.0 - - [12/Sep/2025:22:23:14 -0700] "GET /shopdetail/recipients/1001825005 HTTP/2.0" 404 9283 "-" "Mozilla/5.0 AppleWebKit/537.36 (KHTML, like Gecko; compatible; bingbot/2.0; +http://www.bing.com/bingbot.htm) Chrome/116.0.1938.76 Safari/537.36" 477 **0/477317**
40.77.167.0 - - [12/Sep/2025:22:23:54 -0700] "GET /shopdetail/award/10042418750 HTTP/2.0" 404 9283 "-" "Mozilla/5.0 AppleWebKit/537.36 (KHTML, like Gecko; compatible; bingbot/2.0; +http://www.bing.com/bingbot.htm) Chrome/116.0.1938.76 Safari/537.36" 477 **0/477178**
195.2.71.225 - - [12/Sep/2025:22:24:23 -0700] "GET / HTTP/1.0" 200 84049 "https://cadilaclemon.com/" "Mozilla/5.0 (Windows NT 10.0; Win64; x64) AppleWebKit/537.36 (KHTML, like Gecko) Chrome/131.0.0.0 Safari/537.36" 609 **0/609158**
157.55.39.48 - - [12/Sep/2025:22:24:27 -0700] "GET /shopdetail/gonzalez/10021031200 HTTP/2.0" 404 9288 "-" "Mozilla/5.0 AppleWebKit/537.36 (KHTML, like Gecko; compatible; bingbot/2.0; +http://www.bing.com/bingbot.htm) Chrome/116.0.1938.76 Safari/537.36" 525 **0/525632**
195.2.71.225 - - [12/Sep/2025:22:24:25 -0700] "POST / HTTP/1.0" 200 80015 "https://cadilaclemon.com/" "Mozilla/5.0 (Windows NT 10.0; Win64; x64) AppleWebKit/537.36 (KHTML, like Gecko) Chrome/131.0.0.0 Safari/537.36" 13991 **13/13991364**
40.77.167.0 - - [12/Sep/2025:22:24:53 -0700] "GET /shopdetail/immersion/1001555577 HTTP/2.0" 404 9286 "-" "Mozilla/5.0 AppleWebKit/537.36 (KHTML, like Gecko; compatible; bingbot/2.0; +http://www.bing.com/bingbot.htm) Chrome/116.0.1938.76 Safari/537.36" 539 **0/539746**
40.77.167.0 - - [12/Sep/2025:22:24:55 -0700] "GET /shopdetail/fritz/10021253471 HTTP/2.0" 404 9286 "-" "Mozilla/5.0 AppleWebKit/537.36 (KHTML, like Gecko; compatible; bingbot/2.0; +http://www.bing.com/bingbot.htm) Chrome/116.0.1938.76 Safari/537.36" 512 **0/512796**
40.77.167.0 - - [12/Sep/2025:22:24:56 -0700] "GET /shopdetail/irregular/10031810966 HTTP/2.0" 404 9284 "-" "Mozilla/5.0 AppleWebKit/537.36 (KHTML, like Gecko; compatible; bingbot/2.0; +http://www.bing.com/bingbot.htm) Chrome/116.0.1938.76 Safari/537.36" 476 **0/476153**
207.46.13.125 - - [12/Sep/2025:22:25:11 -0700] "GET /shopdetail/akon/1000351863 HTTP/2.0" 404 9283 "-" "Mozilla/5.0 AppleWebKit/537.36 (KHTML, like Gecko; compatible; bingbot/2.0; +http://www.bing.com/bingbot.htm) Chrome/116.0.1938.76 Safari/537.36" 512 **0/512283**
40.77.167.0 - - [12/Sep/2025:22:26:44 -0700] "GET /shopdetail/mis/10042107924 HTTP/2.0" 404 9284 "-" "Mozilla/5.0 AppleWebKit/537.36 (KHTML, like Gecko; compatible; bingbot/2.0; +http://www.bing.com/bingbot.htm) Chrome/116.0.1938.76 Safari/537.36" 499 **0/499971**
40.77.167.0 - - [12/Sep/2025:22:28:13 -0700] "GET /shopdetail/competency/1000130931 HTTP/2.0" 404 9286 "-" "Mozilla/5.0 AppleWebKit/537.36 (KHTML, like Gecko; compatible; bingbot/2.0; +http://www.bing.com/bingbot.htm) Chrome/116.0.1938.76 Safari/537.36" 498 **0/498074**
157.55.39.194 - - [12/Sep/2025:22:29:11 -0700] "GET /shopdetail/understands/1001668759 HTTP/2.0" 404 9286 "-" "Mozilla/5.0 AppleWebKit/537.36 (KHTML, like Gecko; compatible; bingbot/2.0; +http://www.bing.com/bingbot.htm) Chrome/116.0.1938.76 Safari/537.36" 501 **0/501995**
157.55.39.10 - - [12/Sep/2025:22:29:17 -0700] "GET /shopdetail/specifications/10042179916 HTTP/2.0" 404 9290 "-" "Mozilla/5.0 AppleWebKit/537.36 (KHTML, like Gecko; compatible; bingbot/2.0; +http://www.bing.com/bingbot.htm) Chrome/116.0.1938.76 Safari/537.36" 454 **0/454017**
157.55.39.194 - - [12/Sep/2025:22:30:31 -0700] "GET /shopdetail/ha/10031660874 HTTP/2.0" 404 9284 "-" "Mozilla/5.0 AppleWebKit/537.36 (KHTML, like Gecko; compatible; bingbot/2.0; +http://www.bing.com/bingbot.htm) Chrome/116.0.1938.76 Safari/537.36" 469 **0/469445**
173.201.186.239 - - [12/Sep/2025:22:31:34 -0700] "POST /wp-cron.php?doing_wp_cron=1757741494.8034830093383789062500 HTTP/1.1" 200 - "https://cadilaclemon.com/wp-cron.php?doing_wp_cron=1757741494.8034830093383789062500" "WordPress/5.8.11; https://cadilaclemon.com" 95 **0/95858**
52.167.144.219 - - [12/Sep/2025:22:31:34 -0700] "GET /shopdetail/wholly/10052888170 HTTP/2.0" 404 9288 "-" "Mozilla/5.0 AppleWebKit/537.36 (KHTML, like Gecko; compatible; bingbot/2.0; +http://www.bing.com/bingbot.htm) Chrome/116.0.1938.76 Safari/537.36" 681 **0/681411**
84.54.44.204 - - [12/Sep/2025:22:32:07 -0700] "GET / HTTP/1.0" 200 84049 "https://cadilaclemon.com/" "Mozilla/5.0 (Windows NT 10.0; Win64; x64) AppleWebKit/537.36 (KHTML, like Gecko) Chrome/130.0.0.0 Safari/537.36" 657 **0/657172**
84.54.44.204 - - [12/Sep/2025:22:32:09 -0700] "POST / HTTP/1.0" 200 80015 "https://cadilaclemon.com/" "Mozilla/5.0 (Windows NT 10.0; Win64; x64) AppleWebKit/537.36 (KHTML, like Gecko) Chrome/130.0.0.0 Safari/537.36" 5907 **5/5907326**
157.55.39.10 - - [12/Sep/2025:22:32:18 -0700] "GET /shopdetail/helm/10021235124 HTTP/2.0" 404 9284 "-" "Mozilla/5.0 AppleWebKit/537.36 (KHTML, like Gecko; compatible; bingbot/2.0; +http://www.bing.com/bingbot.htm) Chrome/116.0.1938.76 Safari/537.36" 511 **0/511416**
157.55.39.194 - - [12/Sep/2025:22:32:41 -0700] "GET /shopdetail/outlet/10021440832 HTTP/2.0" 404 9286 "-" "Mozilla/5.0 AppleWebKit/537.36 (KHTML, like Gecko; compatible; bingbot/2.0; +http://www.bing.com/bingbot.htm) Chrome/116.0.1938.76 Safari/537.36" 528 **0/528767**
157.55.39.10 - - [12/Sep/2025:22:32:47 -0700] "GET /shopdetail/piracy/100012776 HTTP/2.0" 404 9283 "-" "Mozilla/5.0 AppleWebKit/537.36 (KHTML, like Gecko; compatible; bingbot/2.0; +http://www.bing.com/bingbot.htm) Chrome/116.0.1938.76 Safari/537.36" 474 **0/474611**
84.54.44.204 - - [12/Sep/2025:22:33:26 -0700] "GET / HTTP/1.0" 200 84049 "https://cadilaclemon.com/" "Mozilla/5.0 (Windows NT 10.0; Win64; x64) AppleWebKit/537.36 (KHTML, like Gecko) Chrome/129.0.0.0 Safari/537.36" 520 **0/520351**
84.54.44.204 - - [12/Sep/2025:22:33:27 -0700] "POST / HTTP/1.0" 200 80015 "https://cadilaclemon.com/" "Mozilla/5.0 (Windows NT 10.0; Win64; x64) AppleWebKit/537.36 (KHTML, like Gecko) Chrome/129.0.0.0 Safari/537.36" 14233 **14/14233084**
52.167.144.219 - - [12/Sep/2025:22:34:14 -0700] "GET /shopdetail/duck/10042484503 HTTP/2.0" 404 9286 "-" "Mozilla/5.0 AppleWebKit/537.36 (KHTML, like Gecko; compatible; bingbot/2.0; +http://www.bing.com/bingbot.htm) Chrome/116.0.1938.76 Safari/537.36" 479 **0/479132**
52.167.144.219 - - [12/Sep/2025:22:34:35 -0700] "GET /shopdetail/sympathetic/10052694295 HTTP/2.0" 404 9291 "-" "Mozilla/5.0 AppleWebKit/537.36 (KHTML, like Gecko; compatible; bingbot/2.0; +http://www.bing.com/bingbot.htm) Chrome/116.0.1938.76 Safari/537.36" 527 **0/527782**
157.55.39.10 - - [12/Sep/2025:22:35:28 -0700] "GET /shopdetail/nobody/1000362077 HTTP/2.0" 404 9283 "-" "Mozilla/5.0 AppleWebKit/537.36 (KHTML, like Gecko; compatible; bingbot/2.0; +http://www.bing.com/bingbot.htm) Chrome/116.0.1938.76 Safari/537.36" 473 **0/473553**
52.167.144.219 - - [12/Sep/2025:22:36:25 -0700] "GET /shopdetail/informing/10052694375 HTTP/2.0" 404 9287 "-" "Mozilla/5.0 AppleWebKit/537.36 (KHTML, like Gecko; compatible; bingbot/2.0; +http://www.bing.com/bingbot.htm) Chrome/116.0.1938.76 Safari/537.36" 493 **0/493643**
52.167.144.219 - - [12/Sep/2025:22:36:44 -0700] "GET /shopdetail/paterson/10042057230 HTTP/2.0" 404 9286 "-" "Mozilla/5.0 AppleWebKit/537.36 (KHTML, like Gecko; compatible; bingbot/2.0; +http://www.bing.com/bingbot.htm) Chrome/116.0.1938.76 Safari/537.36" 498 **0/498948**
157.55.39.194 - - [12/Sep/2025:22:38:33 -0700] "GET /shopdetail/environ/1000389196 HTTP/2.0" 404 9283 "-" "Mozilla/5.0 AppleWebKit/537.36 (KHTML, like Gecko; compatible; bingbot/2.0; +http://www.bing.com/bingbot.htm) Chrome/116.0.1938.76 Safari/537.36" 639 **0/639181**
52.167.144.219 - - [12/Sep/2025:22:38:54 -0700] "GET /shopdetail/establishing/10042343247 HTTP/2.0" 404 9289 "-" "Mozilla/5.0 AppleWebKit/537.36 (KHTML, like Gecko; compatible; bingbot/2.0; +http://www.bing.com/bingbot.htm) Chrome/116.0.1938.76 Safari/537.36" 548 **0/548398**
52.167.144.219 - - [12/Sep/2025:22:39:26 -0700] "GET /shopdetail/sandbox/10052753884 HTTP/2.0" 404 9288 "-" "Mozilla/5.0 AppleWebKit/537.36 (KHTML, like Gecko; compatible; bingbot/2.0; +http://www.bing.com/bingbot.htm) Chrome/116.0.1938.76 Safari/537.36" 519 **0/519267**
157.55.39.201 - - [12/Sep/2025:22:39:53 -0700] "GET /shopdetail/businesses/1001859084 HTTP/2.0" 404 9286 "-" "Mozilla/5.0 AppleWebKit/537.36 (KHTML, like Gecko; compatible; bingbot/2.0; +http://www.bing.com/bingbot.htm) Chrome/116.0.1938.76 Safari/537.36" 504 **0/504068**
157.55.39.200 - - [12/Sep/2025:22:40:09 -0700] "GET /item/feature/10049398305660580.html HTTP/2.0" 404 9291 "-" "Mozilla/5.0 AppleWebKit/537.36 (KHTML, like Gecko; compatible; bingbot/2.0; +http://www.bing.com/bingbot.htm) Chrome/116.0.1938.76 Safari/537.36" 557 **0/557341**
157.55.39.200 - - [12/Sep/2025:22:40:18 -0700] "GET /shopdetail/tous/10021037193 HTTP/2.0" 404 9285 "-" "Mozilla/5.0 AppleWebKit/537.36 (KHTML, like Gecko; compatible; bingbot/2.0; +http://www.bing.com/bingbot.htm) Chrome/116.0.1938.76 Safari/537.36" 543 **0/543210**
66.249.73.202 - - [12/Sep/2025:22:40:24 -0700] "GET /items/116781720.shtm HTTP/1.1" 404 9242 "-" "Mozilla/5.0 (Linux; Android 6.0.1; Nexus 5X Build/MMB29P) AppleWebKit/537.36 (KHTML, like Gecko) Chrome/140.0.7339.127 Mobile Safari/537.36 (compatible; Googlebot/2.1; +http://www.google.com/bot.html)" 489 **0/489647**
157.55.39.200 - - [12/Sep/2025:22:42:01 -0700] "GET /shopdetail/will/10052597417 HTTP/2.0" 404 9282 "-" "Mozilla/5.0 AppleWebKit/537.36 (KHTML, like Gecko; compatible; bingbot/2.0; +http://www.bing.com/bingbot.htm) Chrome/116.0.1938.76 Safari/537.36" 608 **0/608647**
52.167.144.145 - - [12/Sep/2025:22:43:26 -0700] "GET /shopdetail/corvette/1000351409 HTTP/2.0" 404 9287 "-" "Mozilla/5.0 AppleWebKit/537.36 (KHTML, like Gecko; compatible; bingbot/2.0; +http://www.bing.com/bingbot.htm) Chrome/116.0.1938.76 Safari/537.36" 597 **0/597618**
52.167.144.145 - - [12/Sep/2025:22:43:27 -0700] "GET /shopdetail/cruel/10021208670 HTTP/2.0" 404 9286 "-" "Mozilla/5.0 AppleWebKit/537.36 (KHTML, like Gecko; compatible; bingbot/2.0; +http://www.bing.com/bingbot.htm) Chrome/116.0.1938.76 Safari/537.36" 519 **0/519188**
157.55.39.200 - - [12/Sep/2025:22:44:10 -0700] "GET /goods.html?id=10039251315034740 HTTP/2.0" 404 9289 "-" "Mozilla/5.0 AppleWebKit/537.36 (KHTML, like Gecko; compatible; bingbot/2.0; +http://www.bing.com/bingbot.htm) Chrome/116.0.1938.76 Safari/537.36" 493 **0/493261**
157.55.39.201 - - [12/Sep/2025:22:45:03 -0700] "GET /shopdetail/rap/100063242 HTTP/2.0" 404 9281 "-" "Mozilla/5.0 AppleWebKit/537.36 (KHTML, like Gecko; compatible; bingbot/2.0; +http://www.bing.com/bingbot.htm) Chrome/116.0.1938.76 Safari/537.36" 658 **0/658553**
157.55.39.201 - - [12/Sep/2025:22:46:12 -0700] "GET /shopdetail/cle/1001532415 HTTP/2.0" 404 9284 "-" "Mozilla/5.0 AppleWebKit/537.36 (KHTML, like Gecko; compatible; bingbot/2.0; +http://www.bing.com/bingbot.htm) Chrome/116.0.1938.76 Safari/537.36" 571 **0/571843**
52.167.144.145 - - [12/Sep/2025:22:47:35 -0700] "GET /search/config?go_url=product/10042108699980 HTTP/2.0" 200 9473 "-" "Mozilla/5.0 AppleWebKit/537.36 (KHTML, like Gecko; compatible; bingbot/2.0; +http://www.bing.com/bingbot.htm) Chrome/116.0.1938.76 Safari/537.36" 488 **0/488225**
157.55.39.7 - - [12/Sep/2025:22:47:59 -0700] "GET /shopdetail/printable/10042160619 HTTP/2.0" 404 9285 "-" "Mozilla/5.0 AppleWebKit/537.36 (KHTML, like Gecko; compatible; bingbot/2.0; +http://www.bing.com/bingbot.htm) Chrome/116.0.1938.76 Safari/537.36" 513 **0/513566**
157.55.39.7 - - [12/Sep/2025:22:48:18 -0700] "GET /jp/shop/10057048583546000.shtml HTTP/2.0" 404 9288 "-" "Mozilla/5.0 AppleWebKit/537.36 (KHTML, like Gecko; compatible; bingbot/2.0; +http://www.bing.com/bingbot.htm) Chrome/116.0.1938.76 Safari/537.36" 521 **0/521765**
157.55.39.201 - - [12/Sep/2025:22:48:33 -0700] "GET /shopdetail/master/10031938698 HTTP/2.0" 404 9283 "-" "Mozilla/5.0 AppleWebKit/537.36 (KHTML, like Gecko; compatible; bingbot/2.0; +http://www.bing.com/bingbot.htm) Chrome/116.0.1938.76 Safari/537.36" 521 **0/521371**
176.46.138.201 - - [12/Sep/2025:22:49:02 -0700] "GET / HTTP/2.0" 200 15215 "-" "Mozilla/5.0 (Linux; Android 12; Pixel 6) AppleWebKit/537.36 (KHTML, like Gecko) Chrome/99.0.4844.58 Mobile Safari/537.36" 614 **0/614666**
52.167.144.145 - - [12/Sep/2025:22:50:47 -0700] "GET /shopdetail/harp/10031912564 HTTP/2.0" 404 9285 "-" "Mozilla/5.0 AppleWebKit/537.36 (KHTML, like Gecko; compatible; bingbot/2.0; +http://www.bing.com/bingbot.htm) Chrome/116.0.1938.76 Safari/537.36" 556 **0/556254**
157.55.39.7 - - [12/Sep/2025:22:50:51 -0700] "GET /shopdetail/beech/1001713397 HTTP/2.0" 404 9285 "-" "Mozilla/5.0 AppleWebKit/537.36 (KHTML, like Gecko; compatible; bingbot/2.0; +http://www.bing.com/bingbot.htm) Chrome/116.0.1938.76 Safari/537.36" 532 **0/532356**
157.55.39.7 - - [12/Sep/2025:22:50:52 -0700] "GET /shopdetail/jill/10042385739 HTTP/2.0" 404 9286 "-" "Mozilla/5.0 AppleWebKit/537.36 (KHTML, like Gecko; compatible; bingbot/2.0; +http://www.bing.com/bingbot.htm) Chrome/116.0.1938.76 Safari/537.36" 468 **0/468402**
157.55.39.7 - - [12/Sep/2025:22:51:10 -0700] "GET /shopdetail/instinct/1001895178 HTTP/2.0" 404 9287 "-" "Mozilla/5.0 AppleWebKit/537.36 (KHTML, like Gecko; compatible; bingbot/2.0; +http://www.bing.com/bingbot.htm) Chrome/116.0.1938.76 Safari/537.36" 597 **0/597848**
157.55.39.7 - - [12/Sep/2025:22:52:39 -0700] "GET /shopdetail/lily/10031667491 HTTP/2.0" 404 9286 "-" "Mozilla/5.0 AppleWebKit/537.36 (KHTML, like Gecko; compatible; bingbot/2.0; +http://www.bing.com/bingbot.htm) Chrome/116.0.1938.76 Safari/537.36" 562 **0/562694**
157.55.39.197 - - [12/Sep/2025:22:52:44 -0700] "GET /item/feature/10011920027803000.html HTTP/2.0" 404 9288 "-" "Mozilla/5.0 AppleWebKit/537.36 (KHTML, like Gecko; compatible; bingbot/2.0; +http://www.bing.com/bingbot.htm) Chrome/116.0.1938.76 Safari/537.36" 465 **0/465923**
157.55.39.197 - - [12/Sep/2025:22:52:45 -0700] "GET /shopdetail/marx/1001911001 HTTP/2.0" 404 9282 "-" "Mozilla/5.0 AppleWebKit/537.36 (KHTML, like Gecko; compatible; bingbot/2.0; +http://www.bing.com/bingbot.htm) Chrome/116.0.1938.76 Safari/537.36" 491 **0/491334**
52.167.144.166 - - [12/Sep/2025:22:52:56 -0700] "GET /primewatch/10038543355242550.html?sc_i=shopping-pc-web-category-catrecom-bsd3-rankitem HTTP/2.0" 404 9326 "-" "Mozilla/5.0 AppleWebKit/537.36 (KHTML, like Gecko; compatible; bingbot/2.0; +http://www.bing.com/bingbot.htm) Chrome/116.0.1938.76 Safari/537.36" 500 **0/500133**
52.167.144.166 - - [12/Sep/2025:22:54:27 -0700] "GET /jp/shop/10052412886784220.shtml HTTP/2.0" 404 9288 "-" "Mozilla/5.0 AppleWebKit/537.36 (KHTML, like Gecko; compatible; bingbot/2.0; +http://www.bing.com/bingbot.htm) Chrome/116.0.1938.76 Safari/537.36" 470 **0/470595**
157.55.39.197 - - [12/Sep/2025:22:54:43 -0700] "GET /shopdetail/briefings/10042492929 HTTP/2.0" 404 9287 "-" "Mozilla/5.0 AppleWebKit/537.36 (KHTML, like Gecko; compatible; bingbot/2.0; +http://www.bing.com/bingbot.htm) Chrome/116.0.1938.76 Safari/537.36" 504 **0/504618**
157.55.39.7 - - [12/Sep/2025:22:55:31 -0700] "GET /shopdetail/appellant/10021167732 HTTP/2.0" 404 9287 "-" "Mozilla/5.0 AppleWebKit/537.36 (KHTML, like Gecko; compatible; bingbot/2.0; +http://www.bing.com/bingbot.htm) Chrome/116.0.1938.76 Safari/537.36" 593 **0/593220**
157.55.39.197 - - [12/Sep/2025:22:56:04 -0700] "GET /shopdetail/coaxial/10031536101 HTTP/2.0" 404 9285 "-" "Mozilla/5.0 AppleWebKit/537.36 (KHTML, like Gecko; compatible; bingbot/2.0; +http://www.bing.com/bingbot.htm) Chrome/116.0.1938.76 Safari/537.36" 502 **0/502455**
157.55.39.7 - - [12/Sep/2025:22:56:30 -0700] "GET /shopdetail/mating/1001847326 HTTP/2.0" 404 9286 "-" "Mozilla/5.0 AppleWebKit/537.36 (KHTML, like Gecko; compatible; bingbot/2.0; +http://www.bing.com/bingbot.htm) Chrome/116.0.1938.76 Safari/537.36" 611 **0/611294**
157.55.39.197 - - [12/Sep/2025:22:57:44 -0700] "GET /shopdetail/monterey/10042487505 HTTP/2.0" 404 9288 "-" "Mozilla/5.0 AppleWebKit/537.36 (KHTML, like Gecko; compatible; bingbot/2.0; +http://www.bing.com/bingbot.htm) Chrome/116.0.1938.76 Safari/537.36" 534 **0/534604**
157.55.39.63 - - [12/Sep/2025:23:01:12 -0700] "GET /shopdetail/exec/10052546125 HTTP/2.0" 404 9285 "-" "Mozilla/5.0 AppleWebKit/537.36 (KHTML, like Gecko; compatible; bingbot/2.0; +http://www.bing.com/bingbot.htm) Chrome/116.0.1938.76 Safari/537.36" 511 **0/511636**
157.55.39.52 - - [12/Sep/2025:23:01:54 -0700] "GET /shopdetail/turning/10052841753 HTTP/2.0" 404 9288 "-" "Mozilla/5.0 AppleWebKit/537.36 (KHTML, like Gecko; compatible; bingbot/2.0; +http://www.bing.com/bingbot.htm) Chrome/116.0.1938.76 Safari/537.36" 518 **0/518068**
157.55.39.52 - - [12/Sep/2025:23:02:35 -0700] "GET /shopdetail/magazines/10042279179 HTTP/2.0" 404 9286 "-" "Mozilla/5.0 AppleWebKit/537.36 (KHTML, like Gecko; compatible; bingbot/2.0; +http://www.bing.com/bingbot.htm) Chrome/116.0.1938.76 Safari/537.36" 690 **0/690728**
178.20.45.182 - - [12/Sep/2025:23:03:14 -0700] "GET / HTTP/1.0" 200 84049 "https://cadilaclemon.com/" "Mozilla/5.0 (Windows NT 10.0; Win64; x64) AppleWebKit/537.36 (KHTML, like Gecko) Chrome/130.0.0.0 Safari/537.36" 721 **0/721752**
178.20.45.182 - - [12/Sep/2025:23:03:16 -0700] "POST / HTTP/1.0" 200 80015 "https://cadilaclemon.com/" "Mozilla/5.0 (Windows NT 10.0; Win64; x64) AppleWebKit/537.36 (KHTML, like Gecko) Chrome/130.0.0.0 Safari/537.36" 12399 **12/12399787**
157.55.39.63 - - [12/Sep/2025:23:03:32 -0700] "GET /shopdetail/borough/1000145597 HTTP/2.0" 404 9284 "-" "Mozilla/5.0 AppleWebKit/537.36 (KHTML, like Gecko; compatible; bingbot/2.0; +http://www.bing.com/bingbot.htm) Chrome/116.0.1938.76 Safari/537.36" 521 **0/521208**
157.55.39.52 - - [12/Sep/2025:23:05:54 -0700] "GET /shopdetail/attempt/1000360442 HTTP/2.0" 404 9284 "-" "Mozilla/5.0 AppleWebKit/537.36 (KHTML, like Gecko; compatible; bingbot/2.0; +http://www.bing.com/bingbot.htm) Chrome/116.0.1938.76 Safari/537.36" 544 **0/544780**
157.55.39.52 - - [12/Sep/2025:23:06:34 -0700] "GET /shopdetail/screening/10021242123 HTTP/2.0" 404 9286 "-" "Mozilla/5.0 AppleWebKit/537.36 (KHTML, like Gecko; compatible; bingbot/2.0; +http://www.bing.com/bingbot.htm) Chrome/116.0.1938.76 Safari/537.36" 494 **0/494469**
178.20.45.182 - - [12/Sep/2025:23:07:21 -0700] "GET / HTTP/1.0" 200 84049 "https://cadilaclemon.com/" "Mozilla/5.0 (Windows NT 10.0; Win64; x64) AppleWebKit/537.36 (KHTML, like Gecko) Chrome/130.0.0.0 Safari/537.36" 582 **0/582609**
178.20.45.182 - - [12/Sep/2025:23:07:24 -0700] "POST / HTTP/1.0" 200 80015 "https://cadilaclemon.com/" "Mozilla/5.0 (Windows NT 10.0; Win64; x64) AppleWebKit/537.36 (KHTML, like Gecko) Chrome/130.0.0.0 Safari/537.36" 12627 **12/12627367**
157.55.39.63 - - [12/Sep/2025:23:07:55 -0700] "GET /shopdetail/concert/10031900690 HTTP/2.0" 404 9287 "-" "Mozilla/5.0 AppleWebKit/537.36 (KHTML, like Gecko; compatible; bingbot/2.0; +http://www.bing.com/bingbot.htm) Chrome/116.0.1938.76 Safari/537.36" 492 **0/492206**
178.20.45.182 - - [12/Sep/2025:23:08:25 -0700] "GET / HTTP/1.0" 200 84049 "https://cadilaclemon.com/" "Mozilla/5.0 (Windows NT 10.0; Win64; x64) AppleWebKit/537.36 (KHTML, like Gecko) Chrome/130.0.0.0 Safari/537.36 CCleaner/130.0.0.0" 577 **0/577010**
178.20.45.182 - - [12/Sep/2025:23:08:32 -0700] "POST / HTTP/1.0" 200 80015 "https://cadilaclemon.com/" "Mozilla/5.0 (Windows NT 10.0; Win64; x64) AppleWebKit/537.36 (KHTML, like Gecko) Chrome/130.0.0.0 Safari/537.36 CCleaner/130.0.0.0" 7513 **7/7513335**
157.55.39.63 - - [12/Sep/2025:23:08:42 -0700] "GET /shopdetail/orchestra/10052502855 HTTP/2.0" 404 9289 "-" "Mozilla/5.0 AppleWebKit/537.36 (KHTML, like Gecko; compatible; bingbot/2.0; +http://www.bing.com/bingbot.htm) Chrome/116.0.1938.76 Safari/537.36" 476 **0/476566**
157.55.39.63 - - [12/Sep/2025:23:08:43 -0700] "GET /shopdetail/subtotal/10031549097 HTTP/2.0" 404 9285 "-" "Mozilla/5.0 AppleWebKit/537.36 (KHTML, like Gecko; compatible; bingbot/2.0; +http://www.bing.com/bingbot.htm) Chrome/116.0.1938.76 Safari/537.36" 519 **0/519829**
40.77.167.15 - - [12/Sep/2025:23:08:58 -0700] "GET /shopdetail/lights/10021300434 HTTP/2.0" 404 9286 "-" "Mozilla/5.0 AppleWebKit/537.36 (KHTML, like Gecko; compatible; bingbot/2.0; +http://www.bing.com/bingbot.htm) Chrome/116.0.1938.76 Safari/537.36" 496 **0/496375**
157.55.39.63 - - [12/Sep/2025:23:09:23 -0700] "GET /shopdetail/charts/10021180418 HTTP/2.0" 404 9286 "-" "Mozilla/5.0 AppleWebKit/537.36 (KHTML, like Gecko; compatible; bingbot/2.0; +http://www.bing.com/bingbot.htm) Chrome/116.0.1938.76 Safari/537.36" 514 **0/514450**
157.55.39.7 - - [12/Sep/2025:23:09:25 -0700] "GET /shopdetail/reps/10021332331 HTTP/2.0" 404 9284 "-" "Mozilla/5.0 AppleWebKit/537.36 (KHTML, like Gecko; compatible; bingbot/2.0; +http://www.bing.com/bingbot.htm) Chrome/116.0.1938.76 Safari/537.36" 496 **0/496874**
40.77.167.15 - - [12/Sep/2025:23:09:32 -0700] "GET /shopdetail/ric/10021135736 HTTP/2.0" 404 9284 "-" "Mozilla/5.0 AppleWebKit/537.36 (KHTML, like Gecko; compatible; bingbot/2.0; +http://www.bing.com/bingbot.htm) Chrome/116.0.1938.76 Safari/537.36" 608 **0/608500**
157.55.39.52 - - [12/Sep/2025:23:09:39 -0700] "GET /shopdetail/sellers/10031698524 HTTP/2.0" 404 9283 "-" "Mozilla/5.0 AppleWebKit/537.36 (KHTML, like Gecko; compatible; bingbot/2.0; +http://www.bing.com/bingbot.htm) Chrome/116.0.1938.76 Safari/537.36" 656 **0/656823**
40.77.167.15 - - [12/Sep/2025:23:11:18 -0700] "GET /page?callback=product/review/10001020025873 HTTP/2.0" 404 9292 "-" "Mozilla/5.0 AppleWebKit/537.36 (KHTML, like Gecko; compatible; bingbot/2.0; +http://www.bing.com/bingbot.htm) Chrome/116.0.1938.76 Safari/537.36" 499 **0/499030**
66.249.73.202 - - [12/Sep/2025:23:11:25 -0700] "GET /items/1259666216.shtm HTTP/1.1" 404 9243 "-" "Mozilla/5.0 (Linux; Android 6.0.1; Nexus 5X Build/MMB29P) AppleWebKit/537.36 (KHTML, like Gecko) Chrome/140.0.7339.127 Mobile Safari/537.36 (compatible; Googlebot/2.1; +http://www.google.com/bot.html)" 490 **0/490251**
157.55.39.7 - - [12/Sep/2025:23:11:53 -0700] "GET /shopdetail/seeker/10021342556 HTTP/2.0" 404 9286 "-" "Mozilla/5.0 AppleWebKit/537.36 (KHTML, like Gecko; compatible; bingbot/2.0; +http://www.bing.com/bingbot.htm) Chrome/116.0.1938.76 Safari/537.36" 502 **0/502006**
157.55.39.7 - - [12/Sep/2025:23:12:25 -0700] "GET /shopdetail/diets/10021408631 HTTP/2.0" 404 9286 "-" "Mozilla/5.0 AppleWebKit/537.36 (KHTML, like Gecko; compatible; bingbot/2.0; +http://www.bing.com/bingbot.htm) Chrome/116.0.1938.76 Safari/537.36" 503 **0/503916**
40.77.167.15 - - [12/Sep/2025:23:12:38 -0700] "GET /shopdetail/campaign/10042499553 HTTP/2.0" 404 9283 "-" "Mozilla/5.0 AppleWebKit/537.36 (KHTML, like Gecko; compatible; bingbot/2.0; +http://www.bing.com/bingbot.htm) Chrome/116.0.1938.76 Safari/537.36" 498 **0/498869**
157.55.39.7 - - [12/Sep/2025:23:13:04 -0700] "GET /shopdetail/ecosystem/10042247978 HTTP/2.0" 404 9285 "-" "Mozilla/5.0 AppleWebKit/537.36 (KHTML, like Gecko; compatible; bingbot/2.0; +http://www.bing.com/bingbot.htm) Chrome/116.0.1938.76 Safari/537.36" 491 **0/491462**
40.77.167.15 - - [12/Sep/2025:23:13:29 -0700] "GET /?shopdetail/storage/10042378377 HTTP/2.0" 301 1 "-" "Mozilla/5.0 AppleWebKit/537.36 (KHTML, like Gecko; compatible; bingbot/2.0; +http://www.bing.com/bingbot.htm) Chrome/116.0.1938.76 Safari/537.36" 177 **0/177445**
157.55.39.7 - - [12/Sep/2025:23:14:13 -0700] "GET /shopdetail/instantly/1001723259 HTTP/2.0" 404 9289 "-" "Mozilla/5.0 AppleWebKit/537.36 (KHTML, like Gecko; compatible; bingbot/2.0; +http://www.bing.com/bingbot.htm) Chrome/116.0.1938.76 Safari/537.36" 500 **0/500587**
157.55.39.7 - - [12/Sep/2025:23:16:14 -0700] "GET /primewatch/10025559281333870.html?sc_i=shopping-pc-web-category-catrecom-bsd3-rankitem HTTP/2.0" 404 9326 "-" "Mozilla/5.0 AppleWebKit/537.36 (KHTML, like Gecko; compatible; bingbot/2.0; +http://www.bing.com/bingbot.htm) Chrome/116.0.1938.76 Safari/537.36" 579 **0/579188**
157.55.39.7 - - [12/Sep/2025:23:17:06 -0700] "GET /zozo/10026116202183910.html?sc_i=shopping-pc-web-category-catrecom-fshn_sle-item1 HTTP/2.0" 404 9324 "-" "Mozilla/5.0 AppleWebKit/537.36 (KHTML, like Gecko; compatible; bingbot/2.0; +http://www.bing.com/bingbot.htm) Chrome/116.0.1938.76 Safari/537.36" 495 **0/495690**
40.77.167.26 - - [12/Sep/2025:23:18:38 -0700] "GET /goods.html?id=10025695807681510 HTTP/2.0" 404 9291 "-" "Mozilla/5.0 AppleWebKit/537.36 (KHTML, like Gecko; compatible; bingbot/2.0; +http://www.bing.com/bingbot.htm) Chrome/116.0.1938.76 Safari/537.36" 530 **0/530989**
40.77.167.26 - - [12/Sep/2025:23:20:00 -0700] "GET /shopdetail/purpose/10021098643 HTTP/2.0" 404 9283 "-" "Mozilla/5.0 AppleWebKit/537.36 (KHTML, like Gecko; compatible; bingbot/2.0; +http://www.bing.com/bingbot.htm) Chrome/116.0.1938.76 Safari/537.36" 491 **0/491565**
157.55.39.7 - - [12/Sep/2025:23:20:04 -0700] "GET /shopdetail/estimating/1001850043 HTTP/2.0" 404 9285 "-" "Mozilla/5.0 AppleWebKit/537.36 (KHTML, like Gecko; compatible; bingbot/2.0; +http://www.bing.com/bingbot.htm) Chrome/116.0.1938.76 Safari/537.36" 520 **0/520159**
157.55.39.7 - - [12/Sep/2025:23:20:15 -0700] "GET /shopdetail/enabling/10021384020 HTTP/2.0" 404 9288 "-" "Mozilla/5.0 AppleWebKit/537.36 (KHTML, like Gecko; compatible; bingbot/2.0; +http://www.bing.com/bingbot.htm) Chrome/116.0.1938.76 Safari/537.36" 531 **0/531046**
157.55.39.7 - - [12/Sep/2025:23:20:17 -0700] "GET /product?call=/detail/10025446192110 HTTP/2.0" 404 9290 "-" "Mozilla/5.0 AppleWebKit/537.36 (KHTML, like Gecko; compatible; bingbot/2.0; +http://www.bing.com/bingbot.htm) Chrome/116.0.1938.76 Safari/537.36" 502 **0/502194**
40.77.167.26 - - [12/Sep/2025:23:21:00 -0700] "GET /shopdetail/faithful/10031587729 HTTP/2.0" 404 9288 "-" "Mozilla/5.0 AppleWebKit/537.36 (KHTML, like Gecko; compatible; bingbot/2.0; +http://www.bing.com/bingbot.htm) Chrome/116.0.1938.76 Safari/537.36" 600 **0/600472**
173.201.186.239 - - [12/Sep/2025:23:25:16 -0700] "POST /wp-cron.php?doing_wp_cron=1757744716.6282429695129394531250 HTTP/1.1" 200 - "https://cadilaclemon.com/wp-cron.php?doing_wp_cron=1757744716.6282429695129394531250" "WordPress/5.8.11; https://cadilaclemon.com" 101 **0/101207**
157.55.39.8 - - [12/Sep/2025:23:25:16 -0700] "GET /shopdetail/pint/1000495913 HTTP/2.0" 404 9283 "-" "Mozilla/5.0 AppleWebKit/537.36 (KHTML, like Gecko; compatible; bingbot/2.0; +http://www.bing.com/bingbot.htm) Chrome/116.0.1938.76 Safari/537.36" 641 **0/641131**
157.55.39.8 - - [12/Sep/2025:23:26:19 -0700] "GET /shopdetail/theatrical/10021109196 HTTP/2.0" 404 9285 "-" "Mozilla/5.0 AppleWebKit/537.36 (KHTML, like Gecko; compatible; bingbot/2.0; +http://www.bing.com/bingbot.htm) Chrome/116.0.1938.76 Safari/537.36" 480 **0/480996**
207.46.13.107 - - [12/Sep/2025:23:27:37 -0700] "GET /shopdetail/staffordshire/1001891259 HTTP/2.0" 404 9287 "-" "Mozilla/5.0 AppleWebKit/537.36 (KHTML, like Gecko; compatible; bingbot/2.0; +http://www.bing.com/bingbot.htm) Chrome/116.0.1938.76 Safari/537.36" 540 **0/540500**
