114.119.135.233 - - [12/Sep/2025:05:32:52 -0700] "GET /product/2761792147.htm HTTP/1.1" 404 55906 "https://lemonattorneynearme.com/sitemap.xml" "Mozilla/5.0 (Linux; Android 7.0;) AppleWebKit/537.36 (KHTML, like Gecko) Mobile Safari/537.36 (compatible; PetalBot;+https://webmaster.petalsearch.com/site/petalbot)" 146 **0/146029**
20.171.207.190 - - [12/Sep/2025:05:32:55 -0700] "GET /wp-content/plugins/gravityforms/includes/splash-page/images/splash-bottom-right-1.svg HTTP/2.0" 200 338 "-" "Mozilla/5.0 AppleWebKit/537.36 (KHTML, like Gecko; compatible; GPTBot/1.2; +https://openai.com/gptbot)" 9 **0/9218**
20.171.207.190 - - [12/Sep/2025:05:32:58 -0700] "GET /wp-content/plugins/gravityforms/includes/splash-page/images/splash-bottom-right-2.svg HTTP/2.0" 200 324 "-" "Mozilla/5.0 AppleWebKit/537.36 (KHTML, like Gecko; compatible; GPTBot/1.2; +https://openai.com/gptbot)" 6 **0/6979**
20.171.207.190 - - [12/Sep/2025:05:33:02 -0700] "GET /wp-content/plugins/gravityforms/fonts/gravityfont.eot HTTP/2.0" 200 5574 "-" "Mozilla/5.0 AppleWebKit/537.36 (KHTML, like Gecko; compatible; GPTBot/1.2; +https://openai.com/gptbot)" 14 **0/14293**
20.171.207.190 - - [12/Sep/2025:05:33:04 -0700] "GET /wp-content/plugins/gravityforms/images/arrow-right-icon-help-page.svg HTTP/2.0" 200 632 "-" "Mozilla/5.0 AppleWebKit/537.36 (KHTML, like Gecko; compatible; GPTBot/1.2; +https://openai.com/gptbot)" 7 **0/7182**
20.171.207.190 - - [12/Sep/2025:05:33:08 -0700] "GET /wp-content/plugins/wp-mail-smtp/assets/images/font-awesome/check-circle-solid-green.svg HTTP/2.0" 200 238 "-" "Mozilla/5.0 AppleWebKit/537.36 (KHTML, like Gecko; compatible; GPTBot/1.2; +https://openai.com/gptbot)" 6 **0/6946**
20.171.207.190 - - [12/Sep/2025:05:33:11 -0700] "GET /wp-content/plugins/gravityforms/images/exclamation.png HTTP/2.0" 200 219 "-" "Mozilla/5.0 AppleWebKit/537.36 (KHTML, like Gecko; compatible; GPTBot/1.2; +https://openai.com/gptbot)" 13 **0/13428**
20.171.207.190 - - [12/Sep/2025:05:33:14 -0700] "GET /wp-content/plugins/wp-mail-smtp/assets/images/icons/check-solid.svg HTTP/2.0" 200 176 "-" "Mozilla/5.0 AppleWebKit/537.36 (KHTML, like Gecko; compatible; GPTBot/1.2; +https://openai.com/gptbot)" 7 **0/7409**
20.171.207.190 - - [12/Sep/2025:05:33:17 -0700] "GET /wp-content/plugins/wp-mail-smtp/assets/images/icons/zoom.svg HTTP/2.0" 200 336 "-" "Mozilla/5.0 AppleWebKit/537.36 (KHTML, like Gecko; compatible; GPTBot/1.2; +https://openai.com/gptbot)" 7 **0/7050**
20.171.207.190 - - [12/Sep/2025:05:33:21 -0700] "GET /wp-content/plugins/wp-mail-smtp/assets/images/pro-badge-small.svg HTTP/2.0" 200 387 "-" "Mozilla/5.0 AppleWebKit/537.36 (KHTML, like Gecko; compatible; GPTBot/1.2; +https://openai.com/gptbot)" 7 **0/7787**
20.171.207.190 - - [12/Sep/2025:05:33:23 -0700] "GET /wp-content/plugins/wp-mail-smtp/assets/images/recommended.svg HTTP/2.0" 200 1063 "-" "Mozilla/5.0 AppleWebKit/537.36 (KHTML, like Gecko; compatible; GPTBot/1.2; +https://openai.com/gptbot)" 7 **0/7944**
20.171.207.190 - - [12/Sep/2025:05:33:27 -0700] "GET /wp-includes/blocks/paragraph/style.min.css?ver=6.8.2 HTTP/2.0" 200 285 "-" "Mozilla/5.0 AppleWebKit/537.36 (KHTML, like Gecko; compatible; GPTBot/1.2; +https://openai.com/gptbot)" 9 **0/9789**
20.171.207.190 - - [12/Sep/2025:05:33:30 -0700] "GET /wp-content/plugins/wp-mail-smtp/assets/css/dashboard-widget.min.css HTTP/2.0" 200 2236 "-" "Mozilla/5.0 AppleWebKit/537.36 (KHTML, like Gecko; compatible; GPTBot/1.2; +https://openai.com/gptbot)" 10 **0/10866**
20.171.207.190 - - [12/Sep/2025:05:33:33 -0700] "GET /wp-includes/blocks/list/style.min.css?ver=6.8.2 HTTP/2.0" 200 81 "-" "Mozilla/5.0 AppleWebKit/537.36 (KHTML, like Gecko; compatible; GPTBot/1.2; +https://openai.com/gptbot)" 9 **0/9949**
173.201.186.239 - - [12/Sep/2025:05:33:37 -0700] "POST /wp-cron.php?doing_wp_cron=1757680417.1078159809112548828125 HTTP/1.1" 200 - "-" "WordPress/6.8.2; https://lemonattorneynearme.com" 16 **0/16913**
20.171.207.190 - - [12/Sep/2025:05:33:37 -0700] "GET /wp-content/plugins/wp-video-lightbox/css/prettyPhoto.css HTTP/2.0" 404 12434 "-" "Mozilla/5.0 AppleWebKit/537.36 (KHTML, like Gecko; compatible; GPTBot/1.2; +https://openai.com/gptbot)" 168 **0/168343**
20.171.207.190 - - [12/Sep/2025:05:33:40 -0700] "GET /wp-includes/blocks/heading/style.min.css?ver=6.8.2 HTTP/2.0" 200 149 "-" "Mozilla/5.0 AppleWebKit/537.36 (KHTML, like Gecko; compatible; GPTBot/1.2; +https://openai.com/gptbot)" 8 **0/8188**
20.171.207.190 - - [12/Sep/2025:05:33:43 -0700] "GET /wp-content/plugins/wordpress-seo/css/dist/admin-global-1900.css HTTP/2.0" 404 12434 "-" "Mozilla/5.0 AppleWebKit/537.36 (KHTML, like Gecko; compatible; GPTBot/1.2; +https://openai.com/gptbot)" 145 **0/145688**
20.171.207.190 - - [12/Sep/2025:05:33:45 -0700] "GET /wp-content/plugins/wordpress-seo/css/dist/dashboard-1900.css HTTP/2.0" 404 12434 "-" "Mozilla/5.0 AppleWebKit/537.36 (KHTML, like Gecko; compatible; GPTBot/1.2; +https://openai.com/gptbot)" 104 **0/104159**
20.171.207.190 - - [12/Sep/2025:05:33:49 -0700] "GET /wp-includes/css/dashicons.min.css?ver=6.8.2 HTTP/2.0" 200 35109 "-" "Mozilla/5.0 AppleWebKit/537.36 (KHTML, like Gecko; compatible; GPTBot/1.2; +https://openai.com/gptbot)" 15 **0/15445**
66.249.74.13 - - [12/Sep/2025:05:33:51 -0700] "GET /product/3013879043.htm HTTP/1.1" 404 12434 "-" "Mozilla/5.0 (compatible; Googlebot/2.1; +http://www.google.com/bot.html)" 158 **0/158105**
20.171.207.190 - - [12/Sep/2025:05:33:52 -0700] "GET /wp-content/plugins/wordpress-seo/css/dist/dashboard-1910.css HTTP/2.0" 404 12434 "-" "Mozilla/5.0 AppleWebKit/537.36 (KHTML, like Gecko; compatible; GPTBot/1.2; +https://openai.com/gptbot)" 138 **0/138733**
20.171.207.190 - - [12/Sep/2025:05:33:55 -0700] "GET /wp-content/plugins/wp-mail-smtp/assets/images/dash-widget/yes-green.svg HTTP/2.0" 200 183 "-" "Mozilla/5.0 AppleWebKit/537.36 (KHTML, like Gecko; compatible; GPTBot/1.2; +https://openai.com/gptbot)" 14 **0/14343**
20.171.207.190 - - [12/Sep/2025:05:33:58 -0700] "GET /wp-content/plugins/wp-mail-smtp/assets/images/wp-spinner.gif HTTP/2.0" 200 3656 "-" "Mozilla/5.0 AppleWebKit/537.36 (KHTML, like Gecko; compatible; GPTBot/1.2; +https://openai.com/gptbot)" 7 **0/7454**
20.171.207.190 - - [12/Sep/2025:05:34:01 -0700] "GET /wp-includes/css/buttons.min.css?ver=6.8.2 HTTP/2.0" 200 1277 "-" "Mozilla/5.0 AppleWebKit/537.36 (KHTML, like Gecko; compatible; GPTBot/1.2; +https://openai.com/gptbot)" 21 **0/21210**
20.171.207.190 - - [12/Sep/2025:05:34:04 -0700] "GET /wp-admin/css/login.min.css?ver=6.8.2 HTTP/2.0" 200 1969 "-" "Mozilla/5.0 AppleWebKit/537.36 (KHTML, like Gecko; compatible; GPTBot/1.2; +https://openai.com/gptbot)" 7 **0/7971**
20.171.207.190 - - [12/Sep/2025:05:34:08 -0700] "GET /wp-admin/css/forms.min.css?ver=6.8.2 HTTP/2.0" 200 6397 "-" "Mozilla/5.0 AppleWebKit/537.36 (KHTML, like Gecko; compatible; GPTBot/1.2; +https://openai.com/gptbot)" 12 **0/12237**
20.171.207.190 - - [12/Sep/2025:05:34:15 -0700] "GET /wp-content/plugins/wordfence/modules/login-security/css/admin.1652811581.css HTTP/2.0" 404 12434 "-" "Mozilla/5.0 AppleWebKit/537.36 (KHTML, like Gecko; compatible; GPTBot/1.2; +https://openai.com/gptbot)" 139 **0/139650**
20.171.207.190 - - [12/Sep/2025:05:34:17 -0700] "GET /wp-admin/css/l10n.min.css?ver=6.8.2 HTTP/2.0" 200 677 "-" "Mozilla/5.0 AppleWebKit/537.36 (KHTML, like Gecko; compatible; GPTBot/1.2; +https://openai.com/gptbot)" 7 **0/7708**
20.171.207.190 - - [12/Sep/2025:05:34:19 -0700] "GET /wp-includes/fonts/dashicons.eot?99ac726223c749443b642ce33df8b800 HTTP/2.0" 200 31284 "-" "Mozilla/5.0 AppleWebKit/537.36 (KHTML, like Gecko; compatible; GPTBot/1.2; +https://openai.com/gptbot)" 19 **0/19639**
20.171.207.190 - - [12/Sep/2025:05:34:22 -0700] "GET /wp-includes/fonts/dashicons.ttf?99ac726223c749443b642ce33df8b800 HTTP/2.0" 200 31240 "-" "Mozilla/5.0 AppleWebKit/537.36 (KHTML, like Gecko; compatible; GPTBot/1.2; +https://openai.com/gptbot)" 11 **0/11294**
20.171.207.190 - - [12/Sep/2025:05:34:25 -0700] "GET /wp-content/plugins/wordfence/css/license/free-global.1652811581.css HTTP/2.0" 404 12434 "-" "Mozilla/5.0 AppleWebKit/537.36 (KHTML, like Gecko; compatible; GPTBot/1.2; +https://openai.com/gptbot)" 147 **0/147477**
20.171.207.190 - - [12/Sep/2025:05:34:29 -0700] "GET /wp-content/plugins/wordfence/css/license/free-global.1655226500.css HTTP/2.0" 404 12434 "-" "Mozilla/5.0 AppleWebKit/537.36 (KHTML, like Gecko; compatible; GPTBot/1.2; +https://openai.com/gptbot)" 202 **0/202738**
173.201.186.239 - - [12/Sep/2025:05:34:32 -0700] "POST /wp-cron.php?doing_wp_cron=1757680472.6369628906250000000000 HTTP/1.1" 200 - "-" "WordPress/6.8.2; https://lemonattorneynearme.com" 68 **0/68237**
20.171.207.190 - - [12/Sep/2025:05:34:32 -0700] "GET /wp-content/plugins/wordfence/css/wf-onboarding.1652811581.css HTTP/2.0" 404 12434 "-" "Mozilla/5.0 AppleWebKit/537.36 (KHTML, like Gecko; compatible; GPTBot/1.2; +https://openai.com/gptbot)" 392 **0/392065**
20.171.207.190 - - [12/Sep/2025:05:34:35 -0700] "GET /wp-content/plugins/wordfence/css/wf-ionicons.1652811581.css HTTP/2.0" 404 12434 "-" "Mozilla/5.0 AppleWebKit/537.36 (KHTML, like Gecko; compatible; GPTBot/1.2; +https://openai.com/gptbot)" 136 **0/136628**
20.171.207.190 - - [12/Sep/2025:05:34:39 -0700] "GET /wp-admin/images/loading.gif HTTP/2.0" 200 1368 "-" "Mozilla/5.0 AppleWebKit/537.36 (KHTML, like Gecko; compatible; GPTBot/1.2; +https://openai.com/gptbot)" 7 **0/7264**
20.171.207.190 - - [12/Sep/2025:05:34:42 -0700] "GET /wp-content/plugins/wordfence/css/wf-adminbar.1652811581.css HTTP/2.0" 404 12434 "-" "Mozilla/5.0 AppleWebKit/537.36 (KHTML, like Gecko; compatible; GPTBot/1.2; +https://openai.com/gptbot)" 146 **0/146365**
20.171.207.190 - - [12/Sep/2025:05:34:45 -0700] "GET /wp-content/plugins/wordfence/css/wf-adminbar.1655226500.css HTTP/2.0" 404 12434 "-" "Mozilla/5.0 AppleWebKit/537.36 (KHTML, like Gecko; compatible; GPTBot/1.2; +https://openai.com/gptbot)" 154 **0/154654**
20.171.207.190 - - [12/Sep/2025:05:34:48 -0700] "GET /wp-content/plugins/wordfence/css/wf-font-awesome.1652811581.css HTTP/2.0" 404 12434 "-" "Mozilla/5.0 AppleWebKit/537.36 (KHTML, like Gecko; compatible; GPTBot/1.2; +https://openai.com/gptbot)" 126 **0/126277**
20.171.207.190 - - [12/Sep/2025:05:34:51 -0700] "GET /wp-content/plugins/login-recaptcha/css/style.css?ver=1652457618 HTTP/2.0" 200 81 "-" "Mozilla/5.0 AppleWebKit/537.36 (KHTML, like Gecko; compatible; GPTBot/1.2; +https://openai.com/gptbot)" 6 **0/6520**
20.171.207.190 - - [12/Sep/2025:05:34:54 -0700] "GET /wp-content/plugins/limit-login-attempts-reloaded/assets/css/login-page-styles.css?ver=2.25.3 HTTP/2.0" 200 134 "-" "Mozilla/5.0 AppleWebKit/537.36 (KHTML, like Gecko; compatible; GPTBot/1.2; +https://openai.com/gptbot)" 15 **0/15109**
114.119.135.233 - - [12/Sep/2025:05:34:59 -0700] "GET /product/2761783723.htm HTTP/1.1" 404 55906 "https://lemonattorneynearme.com/sitemap.xml" "Mozilla/5.0 (Linux; Android 7.0;) AppleWebKit/537.36 (KHTML, like Gecko) Mobile Safari/537.36 (compatible; PetalBot;+https://webmaster.petalsearch.com/site/petalbot)" 103 **0/103344**
173.201.186.239 - - [12/Sep/2025:05:37:10 -0700] "POST /wp-cron.php?doing_wp_cron=1757680630.0587749481201171875000 HTTP/1.1" 200 - "-" "WordPress/6.8.2; https://lemonattorneynearme.com" 12 **0/12205**
66.249.74.13 - - [12/Sep/2025:05:37:09 -0700] "GET /product/1701909244.htm HTTP/1.1" 404 12434 "-" "Mozilla/5.0 (compatible; Googlebot/2.1; +http://www.google.com/bot.html)" 171 **0/171191**
114.119.144.42 - - [12/Sep/2025:05:37:14 -0700] "GET /product/2761751755.htm HTTP/1.1" 404 55906 "https://lemonattorneynearme.com/sitemap.xml" "Mozilla/5.0 (Linux; Android 7.0;) AppleWebKit/537.36 (KHTML, like Gecko) Mobile Safari/537.36 (compatible; PetalBot;+https://webmaster.petalsearch.com/site/petalbot)" 155 **0/155015**
173.201.186.239 - - [12/Sep/2025:05:39:30 -0700] "POST /wp-cron.php?doing_wp_cron=1757680770.4023280143737792968750 HTTP/1.1" 200 - "-" "WordPress/6.8.2; https://lemonattorneynearme.com" 12 **0/12915**
66.249.74.15 - - [12/Sep/2025:05:39:30 -0700] "GET /zhHant/product/surugaya/L70690727?campaign_uid=f64d716db5e979ed2f947dbaf4296895b951ae7f HTTP/1.1" 404 12434 "-" "Mozilla/5.0 (Linux; Android 6.0.1; Nexus 5X Build/MMB29P) AppleWebKit/537.36 (KHTML, like Gecko) Chrome/140.0.7339.127 Mobile Safari/537.36 (compatible; Googlebot/2.1; +http://www.google.com/bot.html)" 229 **0/229495**
114.119.156.232 - - [12/Sep/2025:05:39:37 -0700] "GET /product/2761682568.htm HTTP/1.1" 404 55906 "https://lemonattorneynearme.com/sitemap.xml" "Mozilla/5.0 (Linux; Android 7.0;) AppleWebKit/537.36 (KHTML, like Gecko) Mobile Safari/537.36 (compatible; PetalBot;+https://webmaster.petalsearch.com/site/petalbot)" 122 **0/122265**
57.141.6.50 - - [12/Sep/2025:05:40:11 -0700] "GET /sitemap.xml HTTP/2.0" 301 - "-" "meta-externalagent/1.1 (+https://developers.facebook.com/docs/sharing/webmasters/crawler)" 87 **0/87417**
173.201.186.239 - - [12/Sep/2025:05:41:07 -0700] "POST /wp-cron.php?doing_wp_cron=1757680867.0385630130767822265625 HTTP/1.1" 200 - "-" "WordPress/6.8.2; https://lemonattorneynearme.com" 14 **0/14447**
66.249.74.13 - - [12/Sep/2025:05:41:06 -0700] "GET /product/1992066048.htm HTTP/1.1" 404 12434 "-" "Mozilla/5.0 (Linux; Android 6.0.1; Nexus 5X Build/MMB29P) AppleWebKit/537.36 (KHTML, like Gecko) Chrome/140.0.7339.127 Mobile Safari/537.36 (compatible; Googlebot/2.1; +http://www.google.com/bot.html)" 153 **0/153287**
47.82.11.14 - - [12/Sep/2025:05:41:13 -0700] "GET /product/68677838.htm HTTP/1.1" 404 13026 "https://lemonattorneynearme.com/" "Mozilla/5.0 (Windows NT 10.0; Win64; x64) AppleWebKit/537.36 (KHTML, like Gecko) Chrome/135.0.0.0 Safari/537.36" 136 **0/136790**
173.201.186.239 - - [12/Sep/2025:05:41:51 -0700] "POST /wp-cron.php?doing_wp_cron=1757680911.3579099178314208984375 HTTP/1.1" 200 - "-" "WordPress/6.8.2; https://lemonattorneynearme.com" 12 **0/12947**
114.119.129.218 - - [12/Sep/2025:05:41:51 -0700] "GET /product/2761657038.htm HTTP/1.1" 404 55906 "https://lemonattorneynearme.com/sitemap.xml" "Mozilla/5.0 (Linux; Android 7.0;) AppleWebKit/537.36 (KHTML, like Gecko) Mobile Safari/537.36 (compatible; PetalBot;+https://webmaster.petalsearch.com/site/petalbot)" 167 **0/167432**
173.201.186.239 - - [12/Sep/2025:05:44:13 -0700] "POST /wp-cron.php?doing_wp_cron=1757681053.2029449939727783203125 HTTP/1.1" 200 - "-" "WordPress/6.8.2; https://lemonattorneynearme.com" 17 **0/17857**
114.119.135.233 - - [12/Sep/2025:05:44:13 -0700] "GET /product/2761610206.htm HTTP/1.1" 404 55906 "https://lemonattorneynearme.com/sitemap.xml" "Mozilla/5.0 (Linux; Android 7.0;) AppleWebKit/537.36 (KHTML, like Gecko) Mobile Safari/537.36 (compatible; PetalBot;+https://webmaster.petalsearch.com/site/petalbot)" 222 **0/222499**
173.201.186.239 - - [12/Sep/2025:05:44:41 -0700] "POST /wp-cron.php?doing_wp_cron=1757681081.9729990959167480468750 HTTP/1.1" 200 - "-" "WordPress/6.8.2; https://lemonattorneynearme.com" 14 **0/14534**
172.182.211.204 - - [12/Sep/2025:05:44:41 -0700] "GET /product/681471758.htm HTTP/2.0" 404 12434 "-" "Mozilla/5.0 (Macintosh; Intel Mac OS X 10_15_7) AppleWebKit/537.36 (KHTML, like Gecko) Chrome/131.0.0.0 Safari/537.36; compatible; OAI-SearchBot/1.0; +https://openai.com/searchbot" 200 **0/200069**
74.125.217.15 - - [12/Sep/2025:05:45:22 -0700] "GET /product/1800381105.htm HTTP/1.1" 404 13026 "-" "Mozilla/5.0 (X11; Linux x86_64) AppleWebKit/537.36 (KHTML, like Gecko) Chrome/139.0.7258.127 Safari/537.36" 164 **0/164666**
173.201.186.239 - - [12/Sep/2025:05:45:31 -0700] "POST /wp-cron.php?doing_wp_cron=1757681131.3203270435333251953125 HTTP/1.1" 200 - "-" "WordPress/6.8.2; https://lemonattorneynearme.com" 20 **0/20225**
66.249.74.14 - - [12/Sep/2025:05:45:31 -0700] "GET /product/618234664.htm HTTP/1.1" 404 12434 "-" "Mozilla/5.0 (Linux; Android 6.0.1; Nexus 5X Build/MMB29P) AppleWebKit/537.36 (KHTML, like Gecko) Chrome/140.0.7339.127 Mobile Safari/537.36 (compatible; Googlebot/2.1; +http://www.google.com/bot.html)" 192 **0/192367**
66.249.74.13 - - [12/Sep/2025:05:45:38 -0700] "GET /product/291479177.htm HTTP/1.1" 404 12434 "-" "Mozilla/5.0 (Linux; Android 6.0.1; Nexus 5X Build/MMB29P) AppleWebKit/537.36 (KHTML, like Gecko) Chrome/140.0.7339.127 Mobile Safari/537.36 (compatible; Googlebot/2.1; +http://www.google.com/bot.html)" 124 **0/124538**
66.249.74.13 - - [12/Sep/2025:05:45:50 -0700] "GET /product/1620520168.htm HTTP/1.1" 404 12434 "-" "Mozilla/5.0 (Linux; Android 6.0.1; Nexus 5X Build/MMB29P) AppleWebKit/537.36 (KHTML, like Gecko) Chrome/140.0.7339.127 Mobile Safari/537.36 (compatible; Googlebot/2.1; +http://www.google.com/bot.html)" 133 **0/133606**
114.119.156.232 - - [12/Sep/2025:05:46:22 -0700] "GET /product/2761600649.htm HTTP/1.1" 404 55906 "https://lemonattorneynearme.com/sitemap.xml" "Mozilla/5.0 (Linux; Android 7.0;) AppleWebKit/537.36 (KHTML, like Gecko) Mobile Safari/537.36 (compatible; PetalBot;+https://webmaster.petalsearch.com/site/petalbot)" 200 **0/200140**
173.201.186.239 - - [12/Sep/2025:05:46:47 -0700] "POST /wp-cron.php?doing_wp_cron=1757681207.8393399715423583984375 HTTP/1.1" 200 - "-" "WordPress/6.8.2; https://lemonattorneynearme.com" 10 **0/10413**
66.249.74.15 - - [12/Sep/2025:05:46:47 -0700] "GET /zhHant/product/surugaya/L3761683936?campaign_uid=f64d716db5e979ed2f947dbaf4296895b951ae7f HTTP/1.1" 404 12434 "-" "Mozilla/5.0 (Linux; Android 6.0.1; Nexus 5X Build/MMB29P) AppleWebKit/537.36 (KHTML, like Gecko) Chrome/140.0.7339.127 Mobile Safari/537.36 (compatible; Googlebot/2.1; +http://www.google.com/bot.html)" 142 **0/142596**
173.201.186.239 - - [12/Sep/2025:05:48:36 -0700] "POST /wp-cron.php?doing_wp_cron=1757681316.8663010597229003906250 HTTP/1.1" 200 - "-" "WordPress/6.8.2; https://lemonattorneynearme.com" 13 **0/13175**
114.119.129.218 - - [12/Sep/2025:05:48:36 -0700] "GET /product/2761582620.htm HTTP/1.1" 404 55906 "https://lemonattorneynearme.com/sitemap.xml" "Mozilla/5.0 (Linux; Android 7.0;) AppleWebKit/537.36 (KHTML, like Gecko) Mobile Safari/537.36 (compatible; PetalBot;+https://webmaster.petalsearch.com/site/petalbot)" 167 **0/167949**
66.249.74.15 - - [12/Sep/2025:05:49:17 -0700] "GET /product/774083795.htm HTTP/1.1" 404 12434 "-" "Mozilla/5.0 (compatible; Googlebot/2.1; +http://www.google.com/bot.html)" 153 **0/153213**
173.201.186.239 - - [12/Sep/2025:05:50:49 -0700] "POST /wp-cron.php?doing_wp_cron=1757681449.2152380943298339843750 HTTP/1.1" 200 - "-" "WordPress/6.8.2; https://lemonattorneynearme.com" 16 **0/16726**
66.249.74.13 - - [12/Sep/2025:05:50:49 -0700] "GET /product/59532692.htm HTTP/1.1" 404 12434 "-" "Mozilla/5.0 (compatible; Googlebot/2.1; +http://www.google.com/bot.html)" 184 **0/184830**
114.119.139.172 - - [12/Sep/2025:05:50:51 -0700] "GET /product/2761577233.htm HTTP/1.1" 404 55906 "https://lemonattorneynearme.com/sitemap.xml" "Mozilla/5.0 (Linux; Android 7.0;) AppleWebKit/537.36 (KHTML, like Gecko) Mobile Safari/537.36 (compatible; PetalBot;+https://webmaster.petalsearch.com/site/petalbot)" 118 **0/118954**
173.201.186.239 - - [12/Sep/2025:05:52:08 -0700] "POST /wp-cron.php?doing_wp_cron=1757681528.6115100383758544921875 HTTP/1.1" 200 - "-" "WordPress/6.8.2; https://lemonattorneynearme.com" 12 **0/12265**
66.249.74.14 - - [12/Sep/2025:05:52:08 -0700] "GET /product/2067212296.htm HTTP/1.1" 404 12434 "-" "Mozilla/5.0 (Linux; Android 6.0.1; Nexus 5X Build/MMB29P) AppleWebKit/537.36 (KHTML, like Gecko) Chrome/140.0.7339.127 Mobile Safari/537.36 (compatible; Googlebot/2.1; +http://www.google.com/bot.html)" 158 **0/158422**
173.201.186.239 - - [12/Sep/2025:05:53:04 -0700] "POST /wp-cron.php?doing_wp_cron=1757681584.6357119083404541015625 HTTP/1.1" 200 - "-" "WordPress/6.8.2; https://lemonattorneynearme.com" 13 **0/13373**
114.119.136.12 - - [12/Sep/2025:05:53:04 -0700] "GET /product/2761569814.htm HTTP/1.1" 404 55906 "https://lemonattorneynearme.com/sitemap.xml" "Mozilla/5.0 (Linux; Android 7.0;) AppleWebKit/537.36 (KHTML, like Gecko) Mobile Safari/537.36 (compatible; PetalBot;+https://webmaster.petalsearch.com/site/petalbot)" 158 **0/158485**
173.201.186.239 - - [12/Sep/2025:05:53:37 -0700] "POST /wp-cron.php?doing_wp_cron=1757681617.3576750755310058593750 HTTP/1.1" 200 - "-" "WordPress/6.8.2; https://lemonattorneynearme.com" 12 **0/12623**
66.249.74.14 - - [12/Sep/2025:05:53:37 -0700] "GET /product/1309778281.htm HTTP/1.1" 404 12434 "-" "Mozilla/5.0 (Linux; Android 6.0.1; Nexus 5X Build/MMB29P) AppleWebKit/537.36 (KHTML, like Gecko) Chrome/140.0.7339.127 Mobile Safari/537.36 (compatible; Googlebot/2.1; +http://www.google.com/bot.html)" 166 **0/166250**
66.249.74.13 - - [12/Sep/2025:05:53:44 -0700] "GET /product/299007245.htm HTTP/1.1" 404 12434 "-" "Mozilla/5.0 (compatible; Googlebot/2.1; +http://www.google.com/bot.html)" 184 **0/184531**
173.201.186.239 - - [12/Sep/2025:05:55:22 -0700] "POST /wp-cron.php?doing_wp_cron=1757681722.3962869644165039062500 HTTP/1.1" 200 - "-" "WordPress/6.8.2; https://lemonattorneynearme.com" 16 **0/16924**
114.119.139.172 - - [12/Sep/2025:05:55:22 -0700] "GET /product/444824034.htm HTTP/1.1" 404 55906 "-" "Mozilla/5.0 (Linux; Android 7.0;) AppleWebKit/537.36 (KHTML, like Gecko) Mobile Safari/537.36 (compatible; PetalBot;+https://webmaster.petalsearch.com/site/petalbot)" 185 **0/185126**
173.201.186.239 - - [12/Sep/2025:05:56:31 -0700] "POST /wp-cron.php?doing_wp_cron=1757681791.0133280754089355468750 HTTP/1.1" 200 - "-" "WordPress/6.8.2; https://lemonattorneynearme.com" 14 **0/14470**
66.249.74.14 - - [12/Sep/2025:05:56:30 -0700] "GET /zhHant/product/surugaya/L2267824336?campaign_uid=f64d716db5e979ed2f947dbaf4296895b951ae7f HTTP/1.1" 404 12434 "-" "Mozilla/5.0 (Linux; Android 6.0.1; Nexus 5X Build/MMB29P) AppleWebKit/537.36 (KHTML, like Gecko) Chrome/140.0.7339.127 Mobile Safari/537.36 (compatible; Googlebot/2.1; +http://www.google.com/bot.html)" 162 **0/162678**
173.201.186.239 - - [12/Sep/2025:05:57:41 -0700] "POST /wp-cron.php?doing_wp_cron=1757681861.5296740531921386718750 HTTP/1.1" 200 - "-" "WordPress/6.8.2; https://lemonattorneynearme.com" 13 **0/13519**
114.119.144.42 - - [12/Sep/2025:05:57:41 -0700] "GET /product/2762074060.htm HTTP/1.1" 404 55906 "https://lemonattorneynearme.com/sitemap.xml" "Mozilla/5.0 (Linux; Android 7.0;) AppleWebKit/537.36 (KHTML, like Gecko) Mobile Safari/537.36 (compatible; PetalBot;+https://webmaster.petalsearch.com/site/petalbot)" 173 **0/173555**
173.201.186.239 - - [12/Sep/2025:05:59:54 -0700] "POST /wp-cron.php?doing_wp_cron=1757681994.9593379497528076171875 HTTP/1.1" 200 - "-" "WordPress/6.8.2; https://lemonattorneynearme.com" 20 **0/20317**
114.119.147.166 - - [12/Sep/2025:05:59:54 -0700] "GET /product/2761734769.htm HTTP/1.1" 404 55906 "https://lemonattorneynearme.com/sitemap.xml" "Mozilla/5.0 (Linux; Android 7.0;) AppleWebKit/537.36 (KHTML, like Gecko) Mobile Safari/537.36 (compatible; PetalBot;+https://webmaster.petalsearch.com/site/petalbot)" 227 **0/227370**
173.201.186.239 - - [12/Sep/2025:06:02:08 -0700] "POST /wp-cron.php?doing_wp_cron=1757682128.2320420742034912109375 HTTP/1.1" 200 - "-" "WordPress/6.8.2; https://lemonattorneynearme.com" 24 **0/24696**
114.119.156.232 - - [12/Sep/2025:06:02:07 -0700] "GET /product/2761552828.htm HTTP/1.1" 404 55906 "https://lemonattorneynearme.com/sitemap.xml" "Mozilla/5.0 (Linux; Android 7.0;) AppleWebKit/537.36 (KHTML, like Gecko) Mobile Safari/537.36 (compatible; PetalBot;+https://webmaster.petalsearch.com/site/petalbot)" 1337 **1/1337805**
173.201.186.239 - - [12/Sep/2025:06:04:21 -0700] "POST /wp-cron.php?doing_wp_cron=1757682261.7934370040893554687500 HTTP/1.1" 200 - "-" "WordPress/6.8.2; https://lemonattorneynearme.com" 10 **0/10910**
114.119.135.233 - - [12/Sep/2025:06:04:21 -0700] "GET /product/2761549581.htm HTTP/1.1" 404 55906 "https://lemonattorneynearme.com/sitemap.xml" "Mozilla/5.0 (Linux; Android 7.0;) AppleWebKit/537.36 (KHTML, like Gecko) Mobile Safari/537.36 (compatible; PetalBot;+https://webmaster.petalsearch.com/site/petalbot)" 183 **0/183404**
173.201.186.239 - - [12/Sep/2025:06:05:39 -0700] "POST /wp-cron.php?doing_wp_cron=1757682339.7580349445343017578125 HTTP/1.1" 200 - "-" "WordPress/6.8.2; https://lemonattorneynearme.com" 12 **0/12764**
66.249.74.15 - - [12/Sep/2025:06:05:39 -0700] "GET /product/903394481.htm HTTP/1.1" 404 12434 "-" "Mozilla/5.0 (compatible; Googlebot/2.1; +http://www.google.com/bot.html)" 185 **0/185303**
114.119.129.218 - - [12/Sep/2025:06:06:26 -0700] "GET /product/2761547515.htm HTTP/1.1" 404 55906 "https://lemonattorneynearme.com/sitemap.xml" "Mozilla/5.0 (Linux; Android 7.0;) AppleWebKit/537.36 (KHTML, like Gecko) Mobile Safari/537.36 (compatible; PetalBot;+https://webmaster.petalsearch.com/site/petalbot)" 166 **0/166388**
173.201.186.239 - - [12/Sep/2025:06:08:38 -0700] "POST /wp-cron.php?doing_wp_cron=1757682518.8331439495086669921875 HTTP/1.1" 200 - "-" "WordPress/6.8.2; https://lemonattorneynearme.com" 40 **0/40313**
114.119.144.42 - - [12/Sep/2025:06:08:38 -0700] "GET /product/2761540088.htm HTTP/1.1" 404 55906 "https://lemonattorneynearme.com/sitemap.xml" "Mozilla/5.0 (Linux; Android 7.0;) AppleWebKit/537.36 (KHTML, like Gecko) Mobile Safari/537.36 (compatible; PetalBot;+https://webmaster.petalsearch.com/site/petalbot)" 211 **0/211338**
173.201.186.239 - - [12/Sep/2025:06:11:05 -0700] "POST /wp-cron.php?doing_wp_cron=1757682665.5481009483337402343750 HTTP/1.1" 200 - "-" "WordPress/6.8.2; https://lemonattorneynearme.com" 11 **0/11200**
114.119.147.166 - - [12/Sep/2025:06:11:05 -0700] "GET /product/2761528417.htm HTTP/1.1" 404 55906 "https://lemonattorneynearme.com/sitemap.xml" "Mozilla/5.0 (Linux; Android 7.0;) AppleWebKit/537.36 (KHTML, like Gecko) Mobile Safari/537.36 (compatible; PetalBot;+https://webmaster.petalsearch.com/site/petalbot)" 172 **0/172237**
173.201.186.239 - - [12/Sep/2025:06:12:41 -0700] "POST /wp-cron.php?doing_wp_cron=1757682761.5318160057067871093750 HTTP/1.1" 200 - "-" "WordPress/6.8.2; https://lemonattorneynearme.com" 12 **0/12996**
66.249.74.13 - - [12/Sep/2025:06:12:41 -0700] "GET /zhHant/product/surugaya/L1736045769?campaign_uid=f64d716db5e979ed2f947dbaf4296895b951ae7f HTTP/1.1" 404 12434 "-" "Mozilla/5.0 (compatible; Googlebot/2.1; +http://www.google.com/bot.html)" 154 **0/154761**
114.119.144.42 - - [12/Sep/2025:06:13:14 -0700] "GET /product/2761527300.htm HTTP/1.1" 404 55906 "https://lemonattorneynearme.com/sitemap.xml" "Mozilla/5.0 (Linux; Android 7.0;) AppleWebKit/537.36 (KHTML, like Gecko) Mobile Safari/537.36 (compatible; PetalBot;+https://webmaster.petalsearch.com/site/petalbot)" 141 **0/141223**
173.201.186.239 - - [12/Sep/2025:06:14:04 -0700] "POST /wp-cron.php?doing_wp_cron=1757682844.3595271110534667968750 HTTP/1.1" 200 - "-" "WordPress/6.8.2; https://lemonattorneynearme.com" 14 **0/14123**
45.227.253.15 - - [12/Sep/2025:06:14:04 -0700] "GET /index.php/jk HTTP/1.1" 301 - "-" "Mozilla/5.0 (Macintosh; Intel Mac OS X 10.15; rv:103.0) Gecko/20100101 Firefox/101.0" 132 **0/132179**
45.227.253.15 - - [12/Sep/2025:06:14:05 -0700] "GET /jk HTTP/1.1" 404 57790 "https://lemonattorneynearme.com/index.php/jk" "Mozilla/5.0 (Macintosh; Intel Mac OS X 10.15; rv:103.0) Gecko/20100101 Firefox/101.0" 155 **0/155222**
173.201.186.239 - - [12/Sep/2025:06:15:11 -0700] "POST /wp-cron.php?doing_wp_cron=1757682911.3864328861236572265625 HTTP/1.1" 200 - "-" "WordPress/6.8.2; https://lemonattorneynearme.com" 13 **0/13501**
66.249.74.13 - - [12/Sep/2025:06:15:11 -0700] "GET /product/796954050.htm HTTP/1.1" 404 12434 "-" "Mozilla/5.0 (compatible; Googlebot/2.1; +http://www.google.com/bot.html)" 200 **0/200446**
114.119.150.15 - - [12/Sep/2025:06:15:23 -0700] "GET /product/2761518730.htm HTTP/1.1" 404 55906 "https://lemonattorneynearme.com/sitemap.xml" "Mozilla/5.0 (Linux; Android 7.0;) AppleWebKit/537.36 (KHTML, like Gecko) Mobile Safari/537.36 (compatible; PetalBot;+https://webmaster.petalsearch.com/site/petalbot)" 166 **0/166266**
173.201.186.239 - - [12/Sep/2025:06:16:52 -0700] "POST /wp-cron.php?doing_wp_cron=1757683012.1658289432525634765625 HTTP/1.1" 200 - "-" "WordPress/6.8.2; https://lemonattorneynearme.com" 11 **0/11217**
57.141.6.21 - - [12/Sep/2025:06:16:52 -0700] "GET /product/2565087864.htm HTTP/2.0" 404 55906 "-" "meta-externalagent/1.1 (+https://developers.facebook.com/docs/sharing/webmasters/crawler)" 187 **0/187787**
173.201.186.239 - - [12/Sep/2025:06:17:44 -0700] "POST /wp-cron.php?doing_wp_cron=1757683064.7821819782257080078125 HTTP/1.1" 200 - "-" "WordPress/6.8.2; https://lemonattorneynearme.com" 13 **0/13705**
114.119.144.42 - - [12/Sep/2025:06:17:44 -0700] "GET /product/2761506006.htm HTTP/1.1" 404 55906 "https://lemonattorneynearme.com/sitemap.xml" "Mozilla/5.0 (Linux; Android 7.0;) AppleWebKit/537.36 (KHTML, like Gecko) Mobile Safari/537.36 (compatible; PetalBot;+https://webmaster.petalsearch.com/site/petalbot)" 156 **0/156307**
173.201.186.239 - - [12/Sep/2025:06:19:39 -0700] "POST /wp-cron.php?doing_wp_cron=1757683179.5430109500885009765625 HTTP/1.1" 200 - "-" "WordPress/6.8.2; https://lemonattorneynearme.com" 15 **0/15898**
66.249.74.13 - - [12/Sep/2025:06:19:39 -0700] "GET /product/219495930.htm HTTP/1.1" 404 12434 "-" "Mozilla/5.0 (Linux; Android 6.0.1; Nexus 5X Build/MMB29P) AppleWebKit/537.36 (KHTML, like Gecko) Chrome/140.0.7339.127 Mobile Safari/537.36 (compatible; Googlebot/2.1; +http://www.google.com/bot.html)" 199 **0/199677**
114.119.147.166 - - [12/Sep/2025:06:19:53 -0700] "GET /product/2761500701.htm HTTP/1.1" 404 55906 "https://lemonattorneynearme.com/sitemap.xml" "Mozilla/5.0 (Linux; Android 7.0;) AppleWebKit/537.36 (KHTML, like Gecko) Mobile Safari/537.36 (compatible; PetalBot;+https://webmaster.petalsearch.com/site/petalbot)" 139 **0/139546**
173.201.186.239 - - [12/Sep/2025:06:22:07 -0700] "POST /wp-cron.php?doing_wp_cron=1757683327.9244010448455810546875 HTTP/1.1" 200 - "-" "WordPress/6.8.2; https://lemonattorneynearme.com" 13 **0/13731**
114.119.139.172 - - [12/Sep/2025:06:22:07 -0700] "GET /product/2761495314.htm HTTP/1.1" 404 55906 "https://lemonattorneynearme.com/sitemap.xml" "Mozilla/5.0 (Linux; Android 7.0;) AppleWebKit/537.36 (KHTML, like Gecko) Mobile Safari/537.36 (compatible; PetalBot;+https://webmaster.petalsearch.com/site/petalbot)" 174 **0/174743**
173.201.186.239 - - [12/Sep/2025:06:24:08 -0700] "POST /wp-cron.php?doing_wp_cron=1757683448.2950870990753173828125 HTTP/1.1" 200 - "-" "WordPress/6.8.2; https://lemonattorneynearme.com" 12 **0/12170**
66.249.74.14 - - [12/Sep/2025:06:24:08 -0700] "GET /product/1701891143.htm HTTP/1.1" 404 12434 "-" "Mozilla/5.0 (compatible; Googlebot/2.1; +http://www.google.com/bot.html)" 152 **0/152652**
66.249.74.14 - - [12/Sep/2025:06:24:08 -0700] "GET /product/1701891143.htm HTTP/1.1" 404 12434 "-" "Mozilla/5.0 (Linux; Android 6.0.1; Nexus 5X Build/MMB29P) AppleWebKit/537.36 (KHTML, like Gecko) Chrome/140.0.7339.127 Mobile Safari/537.36 (compatible; Googlebot/2.1; +http://www.google.com/bot.html)" 122 **0/122516**
114.119.156.232 - - [12/Sep/2025:06:24:24 -0700] "GET /product/2761485773.htm HTTP/1.1" 404 55906 "https://lemonattorneynearme.com/sitemap.xml" "Mozilla/5.0 (Linux; Android 7.0;) AppleWebKit/537.36 (KHTML, like Gecko) Mobile Safari/537.36 (compatible; PetalBot;+https://webmaster.petalsearch.com/site/petalbot)" 122 **0/122295**
173.201.186.239 - - [12/Sep/2025:06:25:45 -0700] "POST /wp-cron.php?doing_wp_cron=1757683545.1290020942687988281250 HTTP/1.1" 200 - "-" "WordPress/6.8.2; https://lemonattorneynearme.com" 12 **0/12491**
66.249.74.14 - - [12/Sep/2025:06:25:45 -0700] "GET /zhHant/product/surugaya/L3209288228?campaign_uid=f64d716db5e979ed2f947dbaf4296895b951ae7f HTTP/1.1" 404 12434 "-" "Mozilla/5.0 (Linux; Android 6.0.1; Nexus 5X Build/MMB29P) AppleWebKit/537.36 (KHTML, like Gecko) Chrome/140.0.7339.127 Mobile Safari/537.36 (compatible; Googlebot/2.1; +http://www.google.com/bot.html)" 159 **0/159199**
173.201.186.239 - - [12/Sep/2025:06:26:40 -0700] "POST /wp-cron.php?doing_wp_cron=1757683599.9974288940429687500000 HTTP/1.1" 200 - "-" "WordPress/6.8.2; https://lemonattorneynearme.com" 14 **0/14187**
114.119.144.42 - - [12/Sep/2025:06:26:39 -0700] "GET /product/2761484768.htm HTTP/1.1" 404 55906 "https://lemonattorneynearme.com/sitemap.xml" "Mozilla/5.0 (Linux; Android 7.0;) AppleWebKit/537.36 (KHTML, like Gecko) Mobile Safari/537.36 (compatible; PetalBot;+https://webmaster.petalsearch.com/site/petalbot)" 154 **0/154311**
173.201.186.239 - - [12/Sep/2025:06:28:56 -0700] "POST /wp-cron.php?doing_wp_cron=1757683736.4133079051971435546875 HTTP/1.1" 200 - "-" "WordPress/6.8.2; https://lemonattorneynearme.com" 14 **0/14127**
114.119.139.172 - - [12/Sep/2025:06:28:56 -0700] "GET /product/2761480468.htm HTTP/1.1" 404 55906 "https://lemonattorneynearme.com/sitemap.xml" "Mozilla/5.0 (Linux; Android 7.0;) AppleWebKit/537.36 (KHTML, like Gecko) Mobile Safari/537.36 (compatible; PetalBot;+https://webmaster.petalsearch.com/site/petalbot)" 178 **0/178851**
66.249.74.13 - - [12/Sep/2025:06:29:22 -0700] "GET /product/2676775291.htm HTTP/1.1" 404 12434 "-" "Mozilla/5.0 (Linux; Android 6.0.1; Nexus 5X Build/MMB29P) AppleWebKit/537.36 (KHTML, like Gecko) Chrome/140.0.7339.127 Mobile Safari/537.36 (compatible; Googlebot/2.1; +http://www.google.com/bot.html)" 164 **0/164307**
173.201.186.239 - - [12/Sep/2025:06:31:06 -0700] "POST /wp-cron.php?doing_wp_cron=1757683866.1734549999237060546875 HTTP/1.1" 200 - "-" "WordPress/6.8.2; https://lemonattorneynearme.com" 11 **0/11887**
114.119.156.232 - - [12/Sep/2025:06:31:06 -0700] "GET /product/445158020.htm HTTP/1.1" 404 55906 "-" "Mozilla/5.0 (Linux; Android 7.0;) AppleWebKit/537.36 (KHTML, like Gecko) Mobile Safari/537.36 (compatible; PetalBot;+https://webmaster.petalsearch.com/site/petalbot)" 135 **0/135164**
173.201.186.239 - - [12/Sep/2025:06:33:25 -0700] "POST /wp-cron.php?doing_wp_cron=1757684005.5301570892333984375000 HTTP/1.1" 200 - "-" "WordPress/6.8.2; https://lemonattorneynearme.com" 14 **0/14059**
114.119.144.42 - - [12/Sep/2025:06:33:25 -0700] "GET /product/444985694.htm HTTP/1.1" 404 55906 "-" "Mozilla/5.0 (Linux; Android 7.0;) AppleWebKit/537.36 (KHTML, like Gecko) Mobile Safari/537.36 (compatible; PetalBot;+https://webmaster.petalsearch.com/site/petalbot)" 149 **0/149745**
173.201.186.239 - - [12/Sep/2025:06:34:37 -0700] "POST /wp-cron.php?doing_wp_cron=1757684077.3203120231628417968750 HTTP/1.1" 200 - "-" "WordPress/6.8.2; https://lemonattorneynearme.com" 11 **0/11275**
66.249.74.15 - - [12/Sep/2025:06:34:37 -0700] "GET /product/432473445.htm HTTP/1.1" 404 12434 "-" "Mozilla/5.0 (Linux; Android 6.0.1; Nexus 5X Build/MMB29P) AppleWebKit/537.36 (KHTML, like Gecko) Chrome/140.0.7339.127 Mobile Safari/537.36 (compatible; Googlebot/2.1; +http://www.google.com/bot.html)" 139 **0/139558**
66.249.74.14 - - [12/Sep/2025:06:34:44 -0700] "GET /product/826144938.htm HTTP/1.1" 404 12434 "-" "Mozilla/5.0 (Linux; Android 6.0.1; Nexus 5X Build/MMB29P) AppleWebKit/537.36 (KHTML, like Gecko) Chrome/140.0.7339.127 Mobile Safari/537.36 (compatible; Googlebot/2.1; +http://www.google.com/bot.html)" 131 **0/131030**
173.201.186.239 - - [12/Sep/2025:06:35:45 -0700] "POST /wp-cron.php?doing_wp_cron=1757684145.0311698913574218750000 HTTP/1.1" 200 - "-" "WordPress/6.8.2; https://lemonattorneynearme.com" 14 **0/14140**
114.119.147.166 - - [12/Sep/2025:06:35:44 -0700] "GET /product/444957037.htm HTTP/1.1" 404 55906 "-" "Mozilla/5.0 (Linux; Android 7.0;) AppleWebKit/537.36 (KHTML, like Gecko) Mobile Safari/537.36 (compatible; PetalBot;+https://webmaster.petalsearch.com/site/petalbot)" 136 **0/136430**
173.201.186.239 - - [12/Sep/2025:06:36:48 -0700] "POST /wp-cron.php?doing_wp_cron=1757684208.3225719928741455078125 HTTP/1.1" 200 - "-" "WordPress/6.8.2; https://lemonattorneynearme.com" 12 **0/12929**
66.249.74.13 - - [12/Sep/2025:06:36:48 -0700] "GET /product/45854341.htm HTTP/1.1" 404 12434 "-" "Mozilla/5.0 (Linux; Android 6.0.1; Nexus 5X Build/MMB29P) AppleWebKit/537.36 (KHTML, like Gecko) Chrome/140.0.7339.127 Mobile Safari/537.36 (compatible; Googlebot/2.1; +http://www.google.com/bot.html)" 181 **0/181816**
173.201.186.239 - - [12/Sep/2025:06:37:43 -0700] "POST /wp-cron.php?doing_wp_cron=1757684263.8061399459838867187500 HTTP/1.1" 200 - "-" "WordPress/6.8.2; https://lemonattorneynearme.com" 14 **0/14874**
114.119.135.233 - - [12/Sep/2025:06:37:43 -0700] "GET /product/2761876260.htm HTTP/1.1" 404 55906 "https://lemonattorneynearme.com/sitemap.xml" "Mozilla/5.0 (Linux; Android 7.0;) AppleWebKit/537.36 (KHTML, like Gecko) Mobile Safari/537.36 (compatible; PetalBot;+https://webmaster.petalsearch.com/site/petalbot)" 194 **0/194400**
173.201.186.239 - - [12/Sep/2025:06:39:21 -0700] "POST /wp-cron.php?doing_wp_cron=1757684361.6273300647735595703125 HTTP/1.1" 200 - "-" "WordPress/6.8.2; https://lemonattorneynearme.com" 19 **0/19372**
66.249.74.15 - - [12/Sep/2025:06:39:21 -0700] "GET /product/1965714793.htm HTTP/1.1" 404 12434 "-" "Mozilla/5.0 (Linux; Android 6.0.1; Nexus 5X Build/MMB29P) AppleWebKit/537.36 (KHTML, like Gecko) Chrome/140.0.7339.127 Mobile Safari/537.36 (compatible; Googlebot/2.1; +http://www.google.com/bot.html)" 240 **0/240659**
173.201.186.239 - - [12/Sep/2025:06:39:57 -0700] "POST /wp-cron.php?doing_wp_cron=1757684397.8550100326538085937500 HTTP/1.1" 200 - "-" "WordPress/6.8.2; https://lemonattorneynearme.com" 12 **0/12935**
114.119.129.218 - - [12/Sep/2025:06:39:57 -0700] "GET /product/2761653855.htm HTTP/1.1" 404 55906 "https://lemonattorneynearme.com/sitemap.xml" "Mozilla/5.0 (Linux; Android 7.0;) AppleWebKit/537.36 (KHTML, like Gecko) Mobile Safari/537.36 (compatible; PetalBot;+https://webmaster.petalsearch.com/site/petalbot)" 221 **0/221648**
173.201.186.239 - - [12/Sep/2025:06:40:55 -0700] "POST /wp-cron.php?doing_wp_cron=1757684455.4704260826110839843750 HTTP/1.1" 200 - "-" "WordPress/6.8.2; https://lemonattorneynearme.com" 30 **0/30899**
66.249.74.15 - - [12/Sep/2025:06:40:55 -0700] "GET /product/1704374307.htm HTTP/1.1" 404 12434 "-" "Mozilla/5.0 (Linux; Android 6.0.1; Nexus 5X Build/MMB29P) AppleWebKit/537.36 (KHTML, like Gecko) Chrome/140.0.7339.127 Mobile Safari/537.36 (compatible; Googlebot/2.1; +http://www.google.com/bot.html)" 266 **0/266333**
173.201.186.239 - - [12/Sep/2025:06:41:50 -0700] "POST /wp-cron.php?doing_wp_cron=1757684510.6682391166687011718750 HTTP/1.1" 200 - "-" "WordPress/6.8.2; https://lemonattorneynearme.com" 15 **0/15202**
66.249.74.14 - - [12/Sep/2025:06:41:50 -0700] "GET /product/1225457041.htm HTTP/1.1" 404 12434 "-" "Mozilla/5.0 (Linux; Android 6.0.1; Nexus 5X Build/MMB29P) AppleWebKit/537.36 (KHTML, like Gecko) Chrome/140.0.7339.127 Mobile Safari/537.36 (compatible; Googlebot/2.1; +http://www.google.com/bot.html)" 195 **0/195045**
66.249.74.15 - - [12/Sep/2025:06:42:01 -0700] "GET /product/303189422.htm HTTP/1.1" 404 12434 "-" "Mozilla/5.0 (compatible; Googlebot/2.1; +http://www.google.com/bot.html)" 224 **0/224186**
114.119.135.233 - - [12/Sep/2025:06:42:11 -0700] "GET /product/2761500619.htm HTTP/1.1" 404 55906 "https://lemonattorneynearme.com/sitemap.xml" "Mozilla/5.0 (Linux; Android 7.0;) AppleWebKit/537.36 (KHTML, like Gecko) Mobile Safari/537.36 (compatible; PetalBot;+https://webmaster.petalsearch.com/site/petalbot)" 153 **0/153433**
114.119.136.12 - - [12/Sep/2025:06:44:21 -0700] "GET /product/2761492195.htm HTTP/1.1" 404 55906 "https://lemonattorneynearme.com/sitemap.xml" "Mozilla/5.0 (Linux; Android 7.0;) AppleWebKit/537.36 (KHTML, like Gecko) Mobile Safari/537.36 (compatible; PetalBot;+https://webmaster.petalsearch.com/site/petalbot)" 134 **0/134482**
173.201.186.239 - - [12/Sep/2025:06:45:56 -0700] "POST /wp-cron.php?doing_wp_cron=1757684756.2416999340057373046875 HTTP/1.1" 200 - "-" "WordPress/6.8.2; https://lemonattorneynearme.com" 14 **0/14719**
66.249.74.13 - - [12/Sep/2025:06:45:56 -0700] "GET /product/231926332.htm HTTP/1.1" 404 12434 "-" "Mozilla/5.0 (Linux; Android 6.0.1; Nexus 5X Build/MMB29P) AppleWebKit/537.36 (KHTML, like Gecko) Chrome/140.0.7339.127 Mobile Safari/537.36 (compatible; Googlebot/2.1; +http://www.google.com/bot.html)" 199 **0/199421**
66.249.74.14 - - [12/Sep/2025:06:45:56 -0700] "GET /product/231926332.htm HTTP/1.1" 404 12434 "-" "Mozilla/5.0 (compatible; Googlebot/2.1; +http://www.google.com/bot.html)" 159 **0/159454**
173.201.186.239 - - [12/Sep/2025:06:48:19 -0700] "POST /wp-cron.php?doing_wp_cron=1757684899.4031651020050048828125 HTTP/1.1" 200 - "-" "WordPress/6.8.2; https://lemonattorneynearme.com" 11 **0/11856**
114.119.156.232 - - [12/Sep/2025:06:48:19 -0700] "GET /product/2761471898.htm HTTP/1.1" 404 55906 "https://lemonattorneynearme.com/sitemap.xml" "Mozilla/5.0 (Linux; Android 7.0;) AppleWebKit/537.36 (KHTML, like Gecko) Mobile Safari/537.36 (compatible; PetalBot;+https://webmaster.petalsearch.com/site/petalbot)" 161 **0/161496**
173.201.186.239 - - [12/Sep/2025:06:49:54 -0700] "POST /wp-cron.php?doing_wp_cron=1757684994.7742719650268554687500 HTTP/1.1" 200 - "-" "WordPress/6.8.2; https://lemonattorneynearme.com" 10 **0/10463**
114.119.139.172 - - [12/Sep/2025:06:49:54 -0700] "GET /product/2761467662.htm HTTP/1.1" 404 55906 "https://lemonattorneynearme.com/sitemap.xml" "Mozilla/5.0 (Linux; Android 7.0;) AppleWebKit/537.36 (KHTML, like Gecko) Mobile Safari/537.36 (compatible; PetalBot;+https://webmaster.petalsearch.com/site/petalbot)" 231 **0/231173**
173.201.186.239 - - [12/Sep/2025:06:50:44 -0700] "POST /wp-cron.php?doing_wp_cron=1757685044.5234200954437255859375 HTTP/1.1" 200 - "-" "WordPress/6.8.2; https://lemonattorneynearme.com" 16 **0/16010**
66.249.74.13 - - [12/Sep/2025:06:50:44 -0700] "GET /product/1781619476.htm HTTP/1.1" 404 12434 "-" "Mozilla/5.0 (Linux; Android 6.0.1; Nexus 5X Build/MMB29P) AppleWebKit/537.36 (KHTML, like Gecko) Chrome/140.0.7339.127 Mobile Safari/537.36 (compatible; Googlebot/2.1; +http://www.google.com/bot.html)" 322 **0/322659**
47.82.11.51 - - [12/Sep/2025:06:50:52 -0700] "GET /product/127095552.htm HTTP/1.1" 404 13026 "https://lemonattorneynearme.com/" "Mozilla/5.0 (Macintosh; Intel Mac OS X 10_15_7) AppleWebKit/605.1.15 (KHTML, like Gecko) Version/18.1.1 Safari/605.1.15" 264 **0/264422**
173.201.186.239 - - [12/Sep/2025:06:51:57 -0700] "POST /wp-cron.php?doing_wp_cron=1757685117.1637699604034423828125 HTTP/1.1" 200 - "-" "WordPress/6.8.2; https://lemonattorneynearme.com" 10 **0/10227**
66.249.74.15 - - [12/Sep/2025:06:51:57 -0700] "GET /product/679069508.htm HTTP/1.1" 404 12434 "-" "Mozilla/5.0 (compatible; Googlebot/2.1; +http://www.google.com/bot.html)" 140 **0/140971**
114.119.156.232 - - [12/Sep/2025:06:52:06 -0700] "GET /product/2761456055.htm HTTP/1.1" 404 55906 "https://lemonattorneynearme.com/sitemap.xml" "Mozilla/5.0 (Linux; Android 7.0;) AppleWebKit/537.36 (KHTML, like Gecko) Mobile Safari/537.36 (compatible; PetalBot;+https://webmaster.petalsearch.com/site/petalbot)" 125 **0/125825**
66.249.74.14 - - [12/Sep/2025:06:52:22 -0700] "GET /product/60933859.htm HTTP/1.1" 404 12434 "-" "Mozilla/5.0 (Linux; Android 6.0.1; Nexus 5X Build/MMB29P) AppleWebKit/537.36 (KHTML, like Gecko) Chrome/140.0.7339.127 Mobile Safari/537.36 (compatible; Googlebot/2.1; +http://www.google.com/bot.html)" 116 **0/116558**
173.201.186.239 - - [12/Sep/2025:06:52:39 -0700] "POST /wp-cron.php?doing_wp_cron=1757685159.7495989799499511718750 HTTP/1.1" 200 - "-" "WordPress/6.8.2; https://lemonattorneynearme.com" 10 **0/10379**
66.249.74.14 - - [12/Sep/2025:06:52:39 -0700] "GET /product/1522815352.htm HTTP/1.1" 404 12434 "-" "Mozilla/5.0 (Linux; Android 6.0.1; Nexus 5X Build/MMB29P) AppleWebKit/537.36 (KHTML, like Gecko) Chrome/140.0.7339.127 Mobile Safari/537.36 (compatible; Googlebot/2.1; +http://www.google.com/bot.html)" 159 **0/159406**
173.201.186.239 - - [12/Sep/2025:06:54:29 -0700] "POST /wp-cron.php?doing_wp_cron=1757685269.8086578845977783203125 HTTP/1.1" 200 - "-" "WordPress/6.8.2; https://lemonattorneynearme.com" 10 **0/10376**
114.119.147.166 - - [12/Sep/2025:06:54:29 -0700] "GET /product/2761446360.htm HTTP/1.1" 404 55906 "https://lemonattorneynearme.com/sitemap.xml" "Mozilla/5.0 (Linux; Android 7.0;) AppleWebKit/537.36 (KHTML, like Gecko) Mobile Safari/537.36 (compatible; PetalBot;+https://webmaster.petalsearch.com/site/petalbot)" 193 **0/193028**
173.201.186.239 - - [12/Sep/2025:06:56:34 -0700] "POST /wp-cron.php?doing_wp_cron=1757685394.6451129913330078125000 HTTP/1.1" 200 - "-" "WordPress/6.8.2; https://lemonattorneynearme.com" 12 **0/12850**
66.249.74.15 - - [12/Sep/2025:06:56:34 -0700] "GET /product/146923141.htm HTTP/1.1" 404 12434 "-" "Mozilla/5.0 (compatible; Googlebot/2.1; +http://www.google.com/bot.html)" 185 **0/185099**
114.119.136.12 - - [12/Sep/2025:06:56:42 -0700] "GET /product/2761444246.htm HTTP/1.1" 404 55906 "https://lemonattorneynearme.com/sitemap.xml" "Mozilla/5.0 (Linux; Android 7.0;) AppleWebKit/537.36 (KHTML, like Gecko) Mobile Safari/537.36 (compatible; PetalBot;+https://webmaster.petalsearch.com/site/petalbot)" 139 **0/139067**
173.201.186.239 - - [12/Sep/2025:06:57:53 -0700] "POST /wp-cron.php?doing_wp_cron=1757685473.4400169849395751953125 HTTP/1.1" 200 - "-" "WordPress/6.8.2; https://lemonattorneynearme.com" 14 **0/14352**
66.249.74.13 - - [12/Sep/2025:06:57:53 -0700] "GET /product/730658245.htm HTTP/1.1" 404 12434 "-" "Mozilla/5.0 (compatible; Googlebot/2.1; +http://www.google.com/bot.html)" 169 **0/169121**
173.201.186.239 - - [12/Sep/2025:06:58:51 -0700] "POST /wp-cron.php?doing_wp_cron=1757685531.5686950683593750000000 HTTP/1.1" 200 - "-" "WordPress/6.8.2; https://lemonattorneynearme.com" 12 **0/12355**
114.119.129.218 - - [12/Sep/2025:06:58:51 -0700] "GET /product/2761434689.htm HTTP/1.1" 404 55906 "https://lemonattorneynearme.com/sitemap.xml" "Mozilla/5.0 (Linux; Android 7.0;) AppleWebKit/537.36 (KHTML, like Gecko) Mobile Safari/537.36 (compatible; PetalBot;+https://webmaster.petalsearch.com/site/petalbot)" 174 **0/174464**
66.249.74.13 - - [12/Sep/2025:06:59:23 -0700] "GET /-20_ZA262 HTTP/1.1" 404 12434 "-" "Mozilla/5.0 (Linux; Android 6.0.1; Nexus 5X Build/MMB29P) AppleWebKit/537.36 (KHTML, like Gecko) Chrome/140.0.7339.127 Mobile Safari/537.36 (compatible; Googlebot/2.1; +http://www.google.com/bot.html)" 141 **0/141346**
182.42.105.144 - - [12/Sep/2025:07:00:50 -0700] "GET / HTTP/1.1" 200 18769 "http://lemonattorneynearme.com" "Mozilla/5.0 (iPhone; CPU iPhone OS 13_2_3 like Mac OS X) AppleWebKit/605.1.15 (KHTML, like Gecko) Version/13.0.3 Mobile/15E148 Safari/604.1" 253 **0/253341**
114.119.144.42 - - [12/Sep/2025:07:01:15 -0700] "GET /product/2761432639.htm HTTP/1.1" 404 55906 "https://lemonattorneynearme.com/sitemap.xml" "Mozilla/5.0 (Linux; Android 7.0;) AppleWebKit/537.36 (KHTML, like Gecko) Mobile Safari/537.36 (compatible; PetalBot;+https://webmaster.petalsearch.com/site/petalbot)" 122 **0/122132**
192.165.45.205 - - [12/Sep/2025:07:02:12 -0700] "GET / HTTP/1.1" 200 18769 "http://lemonattorneynearme.com/" "Mozilla/5.0 (iPhone; CPU iPhone OS 17_1_2 like Mac OS X) AppleWebKit/605.1.15 (KHTML, like Gecko) Version/17.1.2 Mobile/15E148 Safari/604" 130 **0/130140**
173.201.186.239 - - [12/Sep/2025:07:03:33 -0700] "POST /wp-cron.php?doing_wp_cron=1757685813.6691029071807861328125 HTTP/1.1" 200 - "-" "WordPress/6.8.2; https://lemonattorneynearme.com" 19 **0/19190**
57.141.6.32 - - [12/Sep/2025:07:03:33 -0700] "GET /product/3091944593.htm HTTP/2.0" 404 55906 "-" "meta-externalagent/1.1 (+https://developers.facebook.com/docs/sharing/webmasters/crawler)" 170 **0/170251**
114.119.150.15 - - [12/Sep/2025:07:03:50 -0700] "GET /product/2761424087.htm HTTP/1.1" 404 55906 "https://lemonattorneynearme.com/sitemap.xml" "Mozilla/5.0 (Linux; Android 7.0;) AppleWebKit/537.36 (KHTML, like Gecko) Mobile Safari/537.36 (compatible; PetalBot;+https://webmaster.petalsearch.com/site/petalbot)" 130 **0/130429**
173.201.186.239 - - [12/Sep/2025:07:06:04 -0700] "POST /wp-cron.php?doing_wp_cron=1757685963.9771480560302734375000 HTTP/1.1" 200 - "-" "WordPress/6.8.2; https://lemonattorneynearme.com" 11 **0/11711**
114.119.139.172 - - [12/Sep/2025:07:06:03 -0700] "GET /product/2761421965.htm HTTP/1.1" 404 55906 "https://lemonattorneynearme.com/sitemap.xml" "Mozilla/5.0 (Linux; Android 7.0;) AppleWebKit/537.36 (KHTML, like Gecko) Mobile Safari/537.36 (compatible; PetalBot;+https://webmaster.petalsearch.com/site/petalbot)" 242 **0/242974**
173.201.186.239 - - [12/Sep/2025:07:08:23 -0700] "POST /wp-cron.php?doing_wp_cron=1757686103.7628350257873535156250 HTTP/1.1" 200 - "-" "WordPress/6.8.2; https://lemonattorneynearme.com" 15 **0/15584**
114.119.139.172 - - [12/Sep/2025:07:08:23 -0700] "GET /product/445420819.htm HTTP/1.1" 404 55906 "-" "Mozilla/5.0 (Linux; Android 7.0;) AppleWebKit/537.36 (KHTML, like Gecko) Mobile Safari/537.36 (compatible; PetalBot;+https://webmaster.petalsearch.com/site/petalbot)" 168 **0/168086**
173.201.186.239 - - [12/Sep/2025:07:10:25 -0700] "POST /wp-cron.php?doing_wp_cron=1757686225.8281459808349609375000 HTTP/1.1" 200 - "-" "WordPress/6.8.2; https://lemonattorneynearme.com" 14 **0/14083**
114.119.135.233 - - [12/Sep/2025:07:10:25 -0700] "GET /product/444850569.htm HTTP/1.1" 404 55906 "-" "Mozilla/5.0 (Linux; Android 7.0;) AppleWebKit/537.36 (KHTML, like Gecko) Mobile Safari/537.36 (compatible; PetalBot;+https://webmaster.petalsearch.com/site/petalbot)" 149 **0/149216**
173.201.186.239 - - [12/Sep/2025:07:12:16 -0700] "POST /wp-cron.php?doing_wp_cron=1757686336.8229091167449951171875 HTTP/1.1" 200 - "-" "WordPress/6.8.2; https://lemonattorneynearme.com" 13 **0/13314**
66.249.74.14 - - [12/Sep/2025:07:12:16 -0700] "GET /product/291401574.htm HTTP/1.1" 404 12434 "-" "Mozilla/5.0 (Linux; Android 6.0.1; Nexus 5X Build/MMB29P) AppleWebKit/537.36 (KHTML, like Gecko) Chrome/140.0.7339.127 Mobile Safari/537.36 (compatible; Googlebot/2.1; +http://www.google.com/bot.html)" 165 **0/165790**
173.201.186.239 - - [12/Sep/2025:07:12:47 -0700] "POST /wp-cron.php?doing_wp_cron=1757686367.4711289405822753906250 HTTP/1.1" 200 - "-" "WordPress/6.8.2; https://lemonattorneynearme.com" 14 **0/14595**
