114.119.135.233 - - [12/Sep/2025:07:12:47 -0700] "GET /product/444801623.htm HTTP/1.1" 404 55906 "-" "Mozilla/5.0 (Linux; Android 7.0;) AppleWebKit/537.36 (KHTML, like Gecko) Mobile Safari/537.36 (compatible; PetalBot;+https://webmaster.petalsearch.com/site/petalbot)" 184 **0/184781**
173.201.186.239 - - [12/Sep/2025:07:14:01 -0700] "POST /wp-cron.php?doing_wp_cron=1757686441.1454379558563232421875 HTTP/1.1" 200 - "-" "WordPress/6.8.2; https://lemonattorneynearme.com" 12 **0/12177**
66.249.74.13 - - [12/Sep/2025:07:14:01 -0700] "GET /product/1165210436.htm HTTP/1.1" 404 12434 "-" "Mozilla/5.0 (Linux; Android 6.0.1; Nexus 5X Build/MMB29P) AppleWebKit/537.36 (KHTML, like Gecko) Chrome/140.0.7339.127 Mobile Safari/537.36 (compatible; Googlebot/2.1; +http://www.google.com/bot.html)" 178 **0/178612**
173.201.186.239 - - [12/Sep/2025:07:15:05 -0700] "POST /wp-cron.php?doing_wp_cron=1757686505.1452870368957519531250 HTTP/1.1" 200 - "-" "WordPress/6.8.2; https://lemonattorneynearme.com" 25 **0/25512**
114.119.136.12 - - [12/Sep/2025:07:15:05 -0700] "GET /product/2762112404.htm HTTP/1.1" 404 55906 "https://lemonattorneynearme.com/sitemap.xml" "Mozilla/5.0 (Linux; Android 7.0;) AppleWebKit/537.36 (KHTML, like Gecko) Mobile Safari/537.36 (compatible; PetalBot;+https://webmaster.petalsearch.com/site/petalbot)" 275 **0/275854**
173.201.186.239 - - [12/Sep/2025:07:17:07 -0700] "POST /wp-cron.php?doing_wp_cron=1757686627.4277720451354980468750 HTTP/1.1" 200 - "-" "WordPress/6.8.2; https://lemonattorneynearme.com" 17 **0/17494**
114.119.139.172 - - [12/Sep/2025:07:17:07 -0700] "GET /product/2762073063.htm HTTP/1.1" 404 55906 "https://lemonattorneynearme.com/sitemap.xml" "Mozilla/5.0 (Linux; Android 7.0;) AppleWebKit/537.36 (KHTML, like Gecko) Mobile Safari/537.36 (compatible; PetalBot;+https://webmaster.petalsearch.com/site/petalbot)" 306 **0/306377**
173.201.186.239 - - [12/Sep/2025:07:19:22 -0700] "POST /wp-cron.php?doing_wp_cron=1757686762.5832190513610839843750 HTTP/1.1" 200 - "-" "WordPress/6.8.2; https://lemonattorneynearme.com" 11 **0/11777**
114.119.135.233 - - [12/Sep/2025:07:19:22 -0700] "GET /product/2761964547.htm HTTP/1.1" 404 55906 "https://lemonattorneynearme.com/sitemap.xml" "Mozilla/5.0 (Linux; Android 7.0;) AppleWebKit/537.36 (KHTML, like Gecko) Mobile Safari/537.36 (compatible; PetalBot;+https://webmaster.petalsearch.com/site/petalbot)" 210 **0/210035**
173.201.186.239 - - [12/Sep/2025:07:21:36 -0700] "POST /wp-cron.php?doing_wp_cron=1757686896.3418929576873779296875 HTTP/1.1" 200 - "-" "WordPress/6.8.2; https://lemonattorneynearme.com" 19 **0/19849**
114.119.135.233 - - [12/Sep/2025:07:21:36 -0700] "GET /product/2761756071.htm HTTP/1.1" 404 55906 "https://lemonattorneynearme.com/sitemap.xml" "Mozilla/5.0 (Linux; Android 7.0;) AppleWebKit/537.36 (KHTML, like Gecko) Mobile Safari/537.36 (compatible; PetalBot;+https://webmaster.petalsearch.com/site/petalbot)" 191 **0/191018**
173.201.186.239 - - [12/Sep/2025:07:23:46 -0700] "POST /wp-cron.php?doing_wp_cron=1757687026.7743239402770996093750 HTTP/1.1" 200 - "-" "WordPress/6.8.2; https://lemonattorneynearme.com" 44 **0/44487**
114.119.135.233 - - [12/Sep/2025:07:23:46 -0700] "GET /product/2761716658.htm HTTP/1.1" 404 55906 "https://lemonattorneynearme.com/sitemap.xml" "Mozilla/5.0 (Linux; Android 7.0;) AppleWebKit/537.36 (KHTML, like Gecko) Mobile Safari/537.36 (compatible; PetalBot;+https://webmaster.petalsearch.com/site/petalbot)" 256 **0/256727**
23.180.120.243 - - [12/Sep/2025:07:24:47 -0700] "GET /wp-includes/js/wp-emoji-release.min.js?ver=6.8.2 HTTP/1.1" 200 4757 "-" "Mozilla/5.0 (Windows NT 10.0; Win64; x64) AppleWebKit/537.36 Chrome/121.0.0.0" 19 **0/19513**
173.201.186.239 - - [12/Sep/2025:07:25:02 -0700] "POST /wp-cron.php?doing_wp_cron=1757687102.4802489280700683593750 HTTP/1.1" 200 - "-" "WordPress/6.8.2; https://lemonattorneynearme.com" 23 **0/23870**
66.249.74.15 - - [12/Sep/2025:07:25:02 -0700] "GET /product/729321006.htm HTTP/1.1" 404 12434 "-" "Mozilla/5.0 (compatible; Googlebot/2.1; +http://www.google.com/bot.html)" 597 **0/597463**
173.201.186.239 - - [12/Sep/2025:07:25:53 -0700] "POST /wp-cron.php?doing_wp_cron=1757687153.4791910648345947265625 HTTP/1.1" 200 - "-" "WordPress/6.8.2; https://lemonattorneynearme.com" 13 **0/13764**
114.119.135.233 - - [12/Sep/2025:07:25:53 -0700] "GET /product/2761691194.htm HTTP/1.1" 404 55906 "https://lemonattorneynearme.com/sitemap.xml" "Mozilla/5.0 (Linux; Android 7.0;) AppleWebKit/537.36 (KHTML, like Gecko) Mobile Safari/537.36 (compatible; PetalBot;+https://webmaster.petalsearch.com/site/petalbot)" 148 **0/148946**
173.201.186.239 - - [12/Sep/2025:07:26:30 -0700] "POST /wp-cron.php?doing_wp_cron=1757687190.3010029792785644531250 HTTP/1.1" 200 - "-" "WordPress/6.8.2; https://lemonattorneynearme.com" 13 **0/13719**
66.249.74.13 - - [12/Sep/2025:07:26:30 -0700] "GET /product/1460759102.htm HTTP/1.1" 404 12434 "-" "Mozilla/5.0 (compatible; Googlebot/2.1; +http://www.google.com/bot.html)" 275 **0/275804**
66.249.74.14 - - [12/Sep/2025:07:26:30 -0700] "GET /product/1460759102.htm HTTP/1.1" 404 12434 "-" "Mozilla/5.0 (Linux; Android 6.0.1; Nexus 5X Build/MMB29P) AppleWebKit/537.36 (KHTML, like Gecko) Chrome/140.0.7339.127 Mobile Safari/537.36 (compatible; Googlebot/2.1; +http://www.google.com/bot.html)" 229 **0/229132**
173.201.186.239 - - [12/Sep/2025:07:28:16 -0700] "POST /wp-cron.php?doing_wp_cron=1757687296.4749410152435302734375 HTTP/1.1" 200 - "-" "WordPress/6.8.2; https://lemonattorneynearme.com" 15 **0/15130**
114.119.136.12 - - [12/Sep/2025:07:28:16 -0700] "GET /product/2761622015.htm HTTP/1.1" 404 55906 "https://lemonattorneynearme.com/sitemap.xml" "Mozilla/5.0 (Linux; Android 7.0;) AppleWebKit/537.36 (KHTML, like Gecko) Mobile Safari/537.36 (compatible; PetalBot;+https://webmaster.petalsearch.com/site/petalbot)" 244 **0/244106**
173.201.186.239 - - [12/Sep/2025:07:30:23 -0700] "POST /wp-cron.php?doing_wp_cron=1757687423.5590100288391113281250 HTTP/1.1" 200 - "-" "WordPress/6.8.2; https://lemonattorneynearme.com" 21 **0/21969**
114.119.129.218 - - [12/Sep/2025:07:30:23 -0700] "GET /product/2761617763.htm HTTP/1.1" 404 55906 "https://lemonattorneynearme.com/sitemap.xml" "Mozilla/5.0 (Linux; Android 7.0;) AppleWebKit/537.36 (KHTML, like Gecko) Mobile Safari/537.36 (compatible; PetalBot;+https://webmaster.petalsearch.com/site/petalbot)" 185 **0/185050**
173.201.186.239 - - [12/Sep/2025:07:30:43 -0700] "POST /wp-cron.php?doing_wp_cron=1757687443.6750760078430175781250 HTTP/1.1" 200 - "-" "WordPress/6.8.2; https://lemonattorneynearme.com" 17 **0/17650**
66.249.74.13 - - [12/Sep/2025:07:30:43 -0700] "GET /product/609761856.htm HTTP/1.1" 404 12434 "-" "Mozilla/5.0 (compatible; Googlebot/2.1; +http://www.google.com/bot.html)" 167 **0/167021**
66.249.74.15 - - [12/Sep/2025:07:31:16 -0700] "GET /product/227266490.htm HTTP/1.1" 404 12434 "-" "Mozilla/5.0 (compatible; Googlebot/2.1; +http://www.google.com/bot.html)" 197 **0/197817**
173.201.186.239 - - [12/Sep/2025:07:32:37 -0700] "POST /wp-cron.php?doing_wp_cron=1757687557.9666450023651123046875 HTTP/1.1" 200 - "-" "WordPress/6.8.2; https://lemonattorneynearme.com" 27 **0/27912**
114.119.150.15 - - [12/Sep/2025:07:32:37 -0700] "GET /product/2761610336.htm HTTP/1.1" 404 55906 "https://lemonattorneynearme.com/sitemap.xml" "Mozilla/5.0 (Linux; Android 7.0;) AppleWebKit/537.36 (KHTML, like Gecko) Mobile Safari/537.36 (compatible; PetalBot;+https://webmaster.petalsearch.com/site/petalbot)" 246 **0/246575**
173.201.186.239 - - [12/Sep/2025:07:34:50 -0700] "POST /wp-cron.php?doing_wp_cron=1757687690.4280259609222412109375 HTTP/1.1" 200 - "-" "WordPress/6.8.2; https://lemonattorneynearme.com" 12 **0/12509**
66.249.74.14 - - [12/Sep/2025:07:34:50 -0700] "GET /product/1841583041.htm HTTP/1.1" 404 12434 "-" "Mozilla/5.0 (Linux; Android 6.0.1; Nexus 5X Build/MMB29P) AppleWebKit/537.36 (KHTML, like Gecko) Chrome/140.0.7339.127 Mobile Safari/537.36 (compatible; Googlebot/2.1; +http://www.google.com/bot.html)" 165 **0/165572**
114.119.136.12 - - [12/Sep/2025:07:34:54 -0700] "GET /product/2761546398.htm HTTP/1.1" 404 55906 "https://lemonattorneynearme.com/sitemap.xml" "Mozilla/5.0 (Linux; Android 7.0;) AppleWebKit/537.36 (KHTML, like Gecko) Mobile Safari/537.36 (compatible; PetalBot;+https://webmaster.petalsearch.com/site/petalbot)" 141 **0/141438**
173.201.186.239 - - [12/Sep/2025:07:37:05 -0700] "POST /wp-cron.php?doing_wp_cron=1757687825.7146759033203125000000 HTTP/1.1" 200 - "-" "WordPress/6.8.2; https://lemonattorneynearme.com" 12 **0/12534**
114.119.139.172 - - [12/Sep/2025:07:37:05 -0700] "GET /product/2761417777.htm HTTP/1.1" 404 55906 "https://lemonattorneynearme.com/sitemap.xml" "Mozilla/5.0 (Linux; Android 7.0;) AppleWebKit/537.36 (KHTML, like Gecko) Mobile Safari/537.36 (compatible; PetalBot;+https://webmaster.petalsearch.com/site/petalbot)" 179 **0/179842**
173.201.186.239 - - [12/Sep/2025:07:38:18 -0700] "POST /wp-cron.php?doing_wp_cron=1757687898.5395250320434570312500 HTTP/1.1" 200 - "-" "WordPress/6.8.2; https://lemonattorneynearme.com" 15 **0/15348**
66.249.74.13 - - [12/Sep/2025:07:38:18 -0700] "GET /product/1067963172.htm HTTP/1.1" 404 12434 "-" "Mozilla/5.0 (Linux; Android 6.0.1; Nexus 5X Build/MMB29P) AppleWebKit/537.36 (KHTML, like Gecko) Chrome/140.0.7339.127 Mobile Safari/537.36 (compatible; Googlebot/2.1; +http://www.google.com/bot.html)" 204 **0/204883**
173.201.186.239 - - [12/Sep/2025:07:39:19 -0700] "POST /wp-cron.php?doing_wp_cron=1757687959.5027620792388916015625 HTTP/1.1" 200 - "-" "WordPress/6.8.2; https://lemonattorneynearme.com" 13 **0/13449**
114.119.135.233 - - [12/Sep/2025:07:39:19 -0700] "GET /product/2761409159.htm HTTP/1.1" 404 55906 "https://lemonattorneynearme.com/sitemap.xml" "Mozilla/5.0 (Linux; Android 7.0;) AppleWebKit/537.36 (KHTML, like Gecko) Mobile Safari/537.36 (compatible; PetalBot;+https://webmaster.petalsearch.com/site/petalbot)" 451 **0/451779**
173.201.186.239 - - [12/Sep/2025:07:41:33 -0700] "POST /wp-cron.php?doing_wp_cron=1757688093.0810959339141845703125 HTTP/1.1" 200 - "-" "WordPress/6.8.2; https://lemonattorneynearme.com" 20 **0/20949**
114.119.150.15 - - [12/Sep/2025:07:41:32 -0700] "GET /product/2761365576.htm HTTP/1.1" 404 55906 "https://lemonattorneynearme.com/sitemap.xml" "Mozilla/5.0 (Linux; Android 7.0;) AppleWebKit/537.36 (KHTML, like Gecko) Mobile Safari/537.36 (compatible; PetalBot;+https://webmaster.petalsearch.com/site/petalbot)" 256 **0/256312**
173.201.186.239 - - [12/Sep/2025:07:43:49 -0700] "POST /wp-cron.php?doing_wp_cron=1757688229.8140931129455566406250 HTTP/1.1" 200 - "-" "WordPress/6.8.2; https://lemonattorneynearme.com" 12 **0/12075**
114.119.136.12 - - [12/Sep/2025:07:43:49 -0700] "GET /product/445168760.htm HTTP/1.1" 404 55906 "-" "Mozilla/5.0 (Linux; Android 7.0;) AppleWebKit/537.36 (KHTML, like Gecko) Mobile Safari/537.36 (compatible; PetalBot;+https://webmaster.petalsearch.com/site/petalbot)" 137 **0/137006**
173.201.186.239 - - [12/Sep/2025:07:46:01 -0700] "POST /wp-cron.php?doing_wp_cron=1757688361.8333020210266113281250 HTTP/1.1" 200 - "-" "WordPress/6.8.2; https://lemonattorneynearme.com" 34 **0/34518**
114.119.135.233 - - [12/Sep/2025:07:46:01 -0700] "GET /product/445112305.htm HTTP/1.1" 404 55906 "-" "Mozilla/5.0 (Linux; Android 7.0;) AppleWebKit/537.36 (KHTML, like Gecko) Mobile Safari/537.36 (compatible; PetalBot;+https://webmaster.petalsearch.com/site/petalbot)" 274 **0/274775**
173.201.186.239 - - [12/Sep/2025:07:47:06 -0700] "POST /wp-cron.php?doing_wp_cron=1757688426.3525340557098388671875 HTTP/1.1" 200 - "-" "WordPress/6.8.2; https://lemonattorneynearme.com" 17 **0/17781**
66.249.74.14 - - [12/Sep/2025:07:47:06 -0700] "GET /product/2172532386.htm HTTP/1.1" 404 12434 "-" "Mozilla/5.0 (compatible; Googlebot/2.1; +http://www.google.com/bot.html)" 192 **0/192319**
173.201.186.239 - - [12/Sep/2025:07:48:18 -0700] "POST /wp-cron.php?doing_wp_cron=1757688498.4657669067382812500000 HTTP/1.1" 200 - "-" "WordPress/6.8.2; https://lemonattorneynearme.com" 20 **0/20104**
114.119.156.232 - - [12/Sep/2025:07:48:18 -0700] "GET /product/445107000.htm HTTP/1.1" 404 55906 "-" "Mozilla/5.0 (Linux; Android 7.0;) AppleWebKit/537.36 (KHTML, like Gecko) Mobile Safari/537.36 (compatible; PetalBot;+https://webmaster.petalsearch.com/site/petalbot)" 142 **0/142983**
66.249.74.13 - - [12/Sep/2025:07:48:28 -0700] "GET /product/1774740458.htm HTTP/1.1" 404 12434 "-" "Mozilla/5.0 (Linux; Android 6.0.1; Nexus 5X Build/MMB29P) AppleWebKit/537.36 (KHTML, like Gecko) Chrome/140.0.7339.127 Mobile Safari/537.36 (compatible; Googlebot/2.1; +http://www.google.com/bot.html)" 140 **0/140343**
173.201.186.239 - - [12/Sep/2025:07:50:23 -0700] "POST /wp-cron.php?doing_wp_cron=1757688623.5760540962219238281250 HTTP/1.1" 200 - "-" "WordPress/6.8.2; https://lemonattorneynearme.com" 11 **0/11036**
66.249.74.14 - - [12/Sep/2025:07:50:23 -0700] "GET /product/99383660.htm HTTP/1.1" 404 12434 "-" "Mozilla/5.0 (Linux; Android 6.0.1; Nexus 5X Build/MMB29P) AppleWebKit/537.36 (KHTML, like Gecko) Chrome/140.0.7339.127 Mobile Safari/537.36 (compatible; Googlebot/2.1; +http://www.google.com/bot.html)" 147 **0/147259**
66.249.74.13 - - [12/Sep/2025:07:50:23 -0700] "GET /zhHant/product/surugaya/L1776297249?campaign_uid=f64d716db5e979ed2f947dbaf4296895b951ae7f HTTP/1.1" 404 12434 "-" "Mozilla/5.0 (Linux; Android 6.0.1; Nexus 5X Build/MMB29P) AppleWebKit/537.36 (KHTML, like Gecko) Chrome/140.0.7339.127 Mobile Safari/537.36 (compatible; Googlebot/2.1; +http://www.google.com/bot.html)" 117 **0/117205**
173.201.186.239 - - [12/Sep/2025:07:50:39 -0700] "POST /wp-cron.php?doing_wp_cron=1757688639.4961490631103515625000 HTTP/1.1" 200 - "-" "WordPress/6.8.2; https://lemonattorneynearme.com" 12 **0/12825**
114.119.144.42 - - [12/Sep/2025:07:50:39 -0700] "GET /product/444882537.htm HTTP/1.1" 404 55906 "-" "Mozilla/5.0 (Linux; Android 7.0;) AppleWebKit/537.36 (KHTML, like Gecko) Mobile Safari/537.36 (compatible; PetalBot;+https://webmaster.petalsearch.com/site/petalbot)" 133 **0/133242**
173.201.186.239 - - [12/Sep/2025:07:52:43 -0700] "POST /wp-cron.php?doing_wp_cron=1757688763.1219279766082763671875 HTTP/1.1" 200 - "-" "WordPress/6.8.2; https://lemonattorneynearme.com" 13 **0/13008**
114.119.150.15 - - [12/Sep/2025:07:52:43 -0700] "GET /product/444828286.htm HTTP/1.1" 404 55906 "-" "Mozilla/5.0 (Linux; Android 7.0;) AppleWebKit/537.36 (KHTML, like Gecko) Mobile Safari/537.36 (compatible; PetalBot;+https://webmaster.petalsearch.com/site/petalbot)" 202 **0/202136**
173.201.186.239 - - [12/Sep/2025:07:54:51 -0700] "POST /wp-cron.php?doing_wp_cron=1757688891.1556050777435302734375 HTTP/1.1" 200 - "-" "WordPress/6.8.2; https://lemonattorneynearme.com" 44 **0/44795**
114.119.150.15 - - [12/Sep/2025:07:54:51 -0700] "GET /product/444812225.htm HTTP/1.1" 404 55906 "-" "Mozilla/5.0 (Linux; Android 7.0;) AppleWebKit/537.36 (KHTML, like Gecko) Mobile Safari/537.36 (compatible; PetalBot;+https://webmaster.petalsearch.com/site/petalbot)" 181 **0/181082**
66.249.74.14 - - [12/Sep/2025:07:55:26 -0700] "GET /product/454847878.htm HTTP/1.1" 404 12434 "-" "Mozilla/5.0 (compatible; Googlebot/2.1; +http://www.google.com/bot.html)" 143 **0/143130**
173.201.186.239 - - [12/Sep/2025:07:57:06 -0700] "POST /wp-cron.php?doing_wp_cron=1757689026.2177000045776367187500 HTTP/1.1" 200 - "-" "WordPress/6.8.2; https://lemonattorneynearme.com" 9 **0/9584**
114.119.139.172 - - [12/Sep/2025:07:57:06 -0700] "GET /product/444691047.htm HTTP/1.1" 404 55906 "-" "Mozilla/5.0 (Linux; Android 7.0;) AppleWebKit/537.36 (KHTML, like Gecko) Mobile Safari/537.36 (compatible; PetalBot;+https://webmaster.petalsearch.com/site/petalbot)" 143 **0/143653**
66.249.74.15 - - [12/Sep/2025:07:57:06 -0700] "GET /?zhHant/product/surugaya/L363114934?campaign_uid=f64d716db5e979ed2f947dbaf4296895b951ae7f HTTP/1.1" 301 1 "-" "Mozilla/5.0 (Linux; Android 6.0.1; Nexus 5X Build/MMB29P) AppleWebKit/537.36 (KHTML, like Gecko) Chrome/140.0.7339.127 Mobile Safari/537.36 (compatible; Googlebot/2.1; +http://www.google.com/bot.html)" 146 **0/146529**
66.249.74.15 - - [12/Sep/2025:07:57:06 -0700] "GET /?zhHant%2Fproduct%2Fsurugaya%2FL363114934%3Fcampaign_uid=f64d716db5e979ed2f947dbaf4296895b951ae7f HTTP/1.1" 200 16934 "-" "Mozilla/5.0 (Linux; Android 6.0.1; Nexus 5X Build/MMB29P) AppleWebKit/537.36 (KHTML, like Gecko) Chrome/140.0.7339.127 Mobile Safari/537.36 (compatible; Googlebot/2.1; +http://www.google.com/bot.html)" 180 **0/180187**
173.201.186.239 - - [12/Sep/2025:07:58:13 -0700] "POST /wp-cron.php?doing_wp_cron=1757689093.0262129306793212890625 HTTP/1.1" 200 - "-" "WordPress/6.8.2; https://lemonattorneynearme.com" 14 **0/14587**
66.249.74.14 - - [12/Sep/2025:07:58:12 -0700] "GET /product/2348537825.htm HTTP/1.1" 404 12434 "-" "Mozilla/5.0 (Linux; Android 6.0.1; Nexus 5X Build/MMB29P) AppleWebKit/537.36 (KHTML, like Gecko) Chrome/140.0.7339.127 Mobile Safari/537.36 (compatible; Googlebot/2.1; +http://www.google.com/bot.html)" 141 **0/141931**
173.201.186.239 - - [12/Sep/2025:07:59:18 -0700] "POST /wp-cron.php?doing_wp_cron=1757689158.3429489135742187500000 HTTP/1.1" 200 - "-" "WordPress/6.8.2; https://lemonattorneynearme.com" 12 **0/12630**
114.119.144.42 - - [12/Sep/2025:07:59:18 -0700] "GET /product/2762028355.htm HTTP/1.1" 404 55906 "https://lemonattorneynearme.com/sitemap.xml" "Mozilla/5.0 (Linux; Android 7.0;) AppleWebKit/537.36 (KHTML, like Gecko) Mobile Safari/537.36 (compatible; PetalBot;+https://webmaster.petalsearch.com/site/petalbot)" 155 **0/155102**
173.201.186.239 - - [12/Sep/2025:08:00:06 -0700] "POST /wp-cron.php?doing_wp_cron=1757689206.9260120391845703125000 HTTP/1.1" 200 - "-" "WordPress/6.8.2; https://lemonattorneynearme.com" 13 **0/13208**
57.141.0.13 - - [12/Sep/2025:08:00:06 -0700] "GET /product/2828126368.htm HTTP/2.0" 404 55906 "-" "meta-externalagent/1.1 (+https://developers.facebook.com/docs/sharing/webmasters/crawler)" 225 **0/225847**
173.201.186.239 - - [12/Sep/2025:08:01:30 -0700] "POST /wp-cron.php?doing_wp_cron=1757689290.7600491046905517578125 HTTP/1.1" 200 - "-" "WordPress/6.8.2; https://lemonattorneynearme.com" 22 **0/22364**
66.249.74.14 - - [12/Sep/2025:08:01:28 -0700] "GET /product/679380264.htm HTTP/1.1" 404 12434 "-" "Mozilla/5.0 (compatible; Googlebot/2.1; +http://www.google.com/bot.html)" 1939 **1/1939145**
114.119.139.172 - - [12/Sep/2025:08:01:31 -0700] "GET /product/2761969860.htm HTTP/1.1" 404 55906 "https://lemonattorneynearme.com/sitemap.xml" "Mozilla/5.0 (Linux; Android 7.0;) AppleWebKit/537.36 (KHTML, like Gecko) Mobile Safari/537.36 (compatible; PetalBot;+https://webmaster.petalsearch.com/site/petalbot)" 179 **0/179551**
66.249.74.14 - - [12/Sep/2025:08:01:54 -0700] "GET /product/edit/L946717300 HTTP/1.1" 404 12434 "-" "Mozilla/5.0 (Linux; Android 6.0.1; Nexus 5X Build/MMB29P) AppleWebKit/537.36 (KHTML, like Gecko) Chrome/140.0.7339.127 Mobile Safari/537.36 (compatible; Googlebot/2.1; +http://www.google.com/bot.html)" 131 **0/131715**
17.241.219.107 - - [12/Sep/2025:08:02:54 -0700] "GET /robots.txt HTTP/1.1" 200 100 "-" "Mozilla/5.0 (Macintosh; Intel Mac OS X 10_15_7) AppleWebKit/605.1.15 (KHTML, like Gecko) Version/17.4 Safari/605.1.15 (Applebot/0.1; +http://www.apple.com/go/applebot)" 5 **0/5762**
173.201.186.239 - - [12/Sep/2025:08:02:55 -0700] "POST /wp-cron.php?doing_wp_cron=1757689375.0991990566253662109375 HTTP/1.1" 200 - "-" "WordPress/6.8.2; https://lemonattorneynearme.com" 22 **0/22386**
17.241.219.107 - - [12/Sep/2025:08:02:54 -0700] "GET /privacy-policy/ HTTP/1.1" 200 21976 "-" "Mozilla/5.0 (Macintosh; Intel Mac OS X 10_15_7) AppleWebKit/605.1.15 (KHTML, like Gecko) Version/17.4 Safari/605.1.15 (Applebot/0.1; +http://www.apple.com/go/applebot)" 331 **0/331946**
173.201.186.239 - - [12/Sep/2025:08:03:54 -0700] "POST /wp-cron.php?doing_wp_cron=1757689434.7705209255218505859375 HTTP/1.1" 200 - "-" "WordPress/6.8.2; https://lemonattorneynearme.com" 12 **0/12859**
114.119.156.232 - - [12/Sep/2025:08:03:54 -0700] "GET /product/2761589042.htm HTTP/1.1" 404 55906 "https://lemonattorneynearme.com/sitemap.xml" "Mozilla/5.0 (Linux; Android 7.0;) AppleWebKit/537.36 (KHTML, like Gecko) Mobile Safari/537.36 (compatible; PetalBot;+https://webmaster.petalsearch.com/site/petalbot)" 152 **0/152661**
173.201.186.239 - - [12/Sep/2025:08:06:03 -0700] "POST /wp-cron.php?doing_wp_cron=1757689563.1674690246582031250000 HTTP/1.1" 200 - "-" "WordPress/6.8.2; https://lemonattorneynearme.com" 20 **0/20982**
114.119.135.233 - - [12/Sep/2025:08:06:03 -0700] "GET /product/2761533658.htm HTTP/1.1" 404 55906 "https://lemonattorneynearme.com/sitemap.xml" "Mozilla/5.0 (Linux; Android 7.0;) AppleWebKit/537.36 (KHTML, like Gecko) Mobile Safari/537.36 (compatible; PetalBot;+https://webmaster.petalsearch.com/site/petalbot)" 197 **0/197657**
66.249.74.15 - - [12/Sep/2025:08:06:25 -0700] "GET /product/1539100127.htm HTTP/1.1" 404 12434 "-" "Mozilla/5.0 (compatible; Googlebot/2.1; +http://www.google.com/bot.html)" 202 **0/202978**
17.246.19.139 - - [12/Sep/2025:08:07:14 -0700] "GET /wp-content/plugins/google-analytics-for-wordpress/assets/js/frontend-gtag.min.js?ver=8.7.0 HTTP/1.1" 200 3246 "https://lemonattorneynearme.com/privacy-policy/" "Mozilla/5.0 (Macintosh; Intel Mac OS X 10_15_7) AppleWebKit/605.1.15 (KHTML, like Gecko) Version/17.4 Safari/605.1.15 (Applebot/0.1; +http://www.apple.com/go/applebot)" 7 **0/7828**
17.246.15.165 - - [12/Sep/2025:08:07:14 -0700] "GET /wp-content/themes/twentytwentytwo/style.css?ver=1.2 HTTP/1.1" 200 2001 "https://lemonattorneynearme.com/privacy-policy/" "Mozilla/5.0 (Macintosh; Intel Mac OS X 10_15_7) AppleWebKit/605.1.15 (KHTML, like Gecko) Version/17.4 Safari/605.1.15 (Applebot/0.1; +http://www.apple.com/go/applebot)" 6 **0/6466**
17.246.19.139 - - [12/Sep/2025:08:07:14 -0700] "GET /wp-includes/js/wp-emoji-release.min.js?ver=6.8.2 HTTP/1.1" 200 5163 "https://lemonattorneynearme.com/privacy-policy/" "Mozilla/5.0 (Macintosh; Intel Mac OS X 10_15_7) AppleWebKit/605.1.15 (KHTML, like Gecko) Version/17.4 Safari/605.1.15 (Applebot/0.1; +http://www.apple.com/go/applebot)" 7 **0/7450**
173.201.186.239 - - [12/Sep/2025:08:08:18 -0700] "POST /wp-cron.php?doing_wp_cron=1757689698.8175029754638671875000 HTTP/1.1" 200 - "-" "WordPress/6.8.2; https://lemonattorneynearme.com" 14 **0/14586**
114.119.147.166 - - [12/Sep/2025:08:08:18 -0700] "GET /product/2761390125.htm HTTP/1.1" 404 55906 "https://lemonattorneynearme.com/sitemap.xml" "Mozilla/5.0 (Linux; Android 7.0;) AppleWebKit/537.36 (KHTML, like Gecko) Mobile Safari/537.36 (compatible; PetalBot;+https://webmaster.petalsearch.com/site/petalbot)" 151 **0/151712**
173.201.186.239 - - [12/Sep/2025:08:08:42 -0700] "POST /wp-cron.php?doing_wp_cron=1757689722.7810149192810058593750 HTTP/1.1" 200 - "-" "WordPress/6.8.2; https://lemonattorneynearme.com" 13 **0/13685**
66.249.74.13 - - [12/Sep/2025:08:08:42 -0700] "GET /product/1339852047.htm HTTP/1.1" 404 12434 "-" "Mozilla/5.0 (Linux; Android 6.0.1; Nexus 5X Build/MMB29P) AppleWebKit/537.36 (KHTML, like Gecko) Chrome/140.0.7339.127 Mobile Safari/537.36 (compatible; Googlebot/2.1; +http://www.google.com/bot.html)" 157 **0/157076**
173.201.186.239 - - [12/Sep/2025:08:10:59 -0700] "POST /wp-cron.php?doing_wp_cron=1757689859.5074090957641601562500 HTTP/1.1" 200 - "-" "WordPress/6.8.2; https://lemonattorneynearme.com" 15 **0/15177**
114.119.144.42 - - [12/Sep/2025:08:10:59 -0700] "GET /product/2761354900.htm HTTP/1.1" 404 55906 "https://lemonattorneynearme.com/sitemap.xml" "Mozilla/5.0 (Linux; Android 7.0;) AppleWebKit/537.36 (KHTML, like Gecko) Mobile Safari/537.36 (compatible; PetalBot;+https://webmaster.petalsearch.com/site/petalbot)" 160 **0/160957**
173.201.186.239 - - [12/Sep/2025:08:13:04 -0700] "POST /wp-cron.php?doing_wp_cron=1757689984.0209040641784667968750 HTTP/1.1" 200 - "-" "WordPress/6.8.2; https://lemonattorneynearme.com" 19 **0/19724**
114.119.150.15 - - [12/Sep/2025:08:13:03 -0700] "GET /product/2761348598.htm HTTP/1.1" 404 55906 "https://lemonattorneynearme.com/sitemap.xml" "Mozilla/5.0 (Linux; Android 7.0;) AppleWebKit/537.36 (KHTML, like Gecko) Mobile Safari/537.36 (compatible; PetalBot;+https://webmaster.petalsearch.com/site/petalbot)" 241 **0/241726**
173.201.186.239 - - [12/Sep/2025:08:13:42 -0700] "POST /wp-cron.php?doing_wp_cron=1757690022.6896140575408935546875 HTTP/1.1" 200 - "-" "WordPress/6.8.2; https://lemonattorneynearme.com" 11 **0/11232**
66.249.74.15 - - [12/Sep/2025:08:13:42 -0700] "GET /product/204712240.htm HTTP/1.1" 404 12434 "-" "Mozilla/5.0 (Linux; Android 6.0.1; Nexus 5X Build/MMB29P) AppleWebKit/537.36 (KHTML, like Gecko) Chrome/140.0.7339.127 Mobile Safari/537.36 (compatible; Googlebot/2.1; +http://www.google.com/bot.html)" 185 **0/185037**
173.201.186.239 - - [12/Sep/2025:08:15:14 -0700] "POST /wp-cron.php?doing_wp_cron=1757690114.1828820705413818359375 HTTP/1.1" 200 - "-" "WordPress/6.8.2; https://lemonattorneynearme.com" 19 **0/19053**
57.141.0.33 - - [12/Sep/2025:08:15:14 -0700] "GET /product/2564475108.htm HTTP/2.0" 404 55906 "-" "meta-externalagent/1.1 (+https://developers.facebook.com/docs/sharing/webmasters/crawler)" 195 **0/195038**
114.119.147.166 - - [12/Sep/2025:08:15:17 -0700] "GET /product/2761345351.htm HTTP/1.1" 404 55906 "https://lemonattorneynearme.com/sitemap.xml" "Mozilla/5.0 (Linux; Android 7.0;) AppleWebKit/537.36 (KHTML, like Gecko) Mobile Safari/537.36 (compatible; PetalBot;+https://webmaster.petalsearch.com/site/petalbot)" 220 **0/220236**
173.201.186.239 - - [12/Sep/2025:08:17:45 -0700] "POST /wp-cron.php?doing_wp_cron=1757690265.5500791072845458984375 HTTP/1.1" 200 - "-" "WordPress/6.8.2; https://lemonattorneynearme.com" 11 **0/11844**
114.119.156.232 - - [12/Sep/2025:08:17:45 -0700] "GET /product/2761344282.htm HTTP/1.1" 404 55906 "https://lemonattorneynearme.com/sitemap.xml" "Mozilla/5.0 (Linux; Android 7.0;) AppleWebKit/537.36 (KHTML, like Gecko) Mobile Safari/537.36 (compatible; PetalBot;+https://webmaster.petalsearch.com/site/petalbot)" 160 **0/160203**
173.201.186.239 - - [12/Sep/2025:08:18:52 -0700] "POST /wp-cron.php?doing_wp_cron=1757690332.3463509082794189453125 HTTP/1.1" 200 - "-" "WordPress/6.8.2; https://lemonattorneynearme.com" 13 **0/13405**
66.249.74.15 - - [12/Sep/2025:08:18:52 -0700] "GET /product/edit/L4116074755 HTTP/1.1" 404 12434 "-" "Mozilla/5.0 (Linux; Android 6.0.1; Nexus 5X Build/MMB29P) AppleWebKit/537.36 (KHTML, like Gecko) Chrome/140.0.7339.127 Mobile Safari/537.36 (compatible; Googlebot/2.1; +http://www.google.com/bot.html)" 185 **0/185914**
173.201.186.239 - - [12/Sep/2025:08:19:52 -0700] "POST /wp-cron.php?doing_wp_cron=1757690391.9967629909515380859375 HTTP/1.1" 200 - "-" "WordPress/6.8.2; https://lemonattorneynearme.com" 13 **0/13398**
114.119.136.12 - - [12/Sep/2025:08:19:51 -0700] "GET /product/445003805.htm HTTP/1.1" 404 55906 "-" "Mozilla/5.0 (Linux; Android 7.0;) AppleWebKit/537.36 (KHTML, like Gecko) Mobile Safari/537.36 (compatible; PetalBot;+https://webmaster.petalsearch.com/site/petalbot)" 217 **0/217548**
173.201.186.239 - - [12/Sep/2025:08:20:44 -0700] "POST /wp-cron.php?doing_wp_cron=1757690444.5522189140319824218750 HTTP/1.1" 200 - "-" "WordPress/6.8.2; https://lemonattorneynearme.com" 16 **0/16018**
66.249.74.15 - - [12/Sep/2025:08:20:44 -0700] "GET /product/118610148.htm HTTP/1.1" 404 12434 "-" "Mozilla/5.0 (Linux; Android 6.0.1; Nexus 5X Build/MMB29P) AppleWebKit/537.36 (KHTML, like Gecko) Chrome/140.0.7339.127 Mobile Safari/537.36 (compatible; Googlebot/2.1; +http://www.google.com/bot.html)" 185 **0/185718**
66.249.74.13 - - [12/Sep/2025:08:20:58 -0700] "GET /product/444987872.htm HTTP/1.1" 404 12434 "-" "Mozilla/5.0 (compatible; Googlebot/2.1; +http://www.google.com/bot.html)" 147 **0/147570**
173.201.186.239 - - [12/Sep/2025:08:22:07 -0700] "POST /wp-cron.php?doing_wp_cron=1757690527.5907580852508544921875 HTTP/1.1" 200 - "-" "WordPress/6.8.2; https://lemonattorneynearme.com" 13 **0/13807**
114.119.150.15 - - [12/Sep/2025:08:22:07 -0700] "GET /product/444839967.htm HTTP/1.1" 404 55906 "-" "Mozilla/5.0 (Linux; Android 7.0;) AppleWebKit/537.36 (KHTML, like Gecko) Mobile Safari/537.36 (compatible; PetalBot;+https://webmaster.petalsearch.com/site/petalbot)" 232 **0/232557**
173.201.186.239 - - [12/Sep/2025:08:22:32 -0700] "POST /wp-cron.php?doing_wp_cron=1757690552.2015728950500488281250 HTTP/1.1" 200 - "-" "WordPress/6.8.2; https://lemonattorneynearme.com" 13 **0/13809**
66.249.74.14 - - [12/Sep/2025:08:22:32 -0700] "GET /product/3128380363.htm HTTP/1.1" 404 12434 "-" "Mozilla/5.0 (compatible; Googlebot/2.1; +http://www.google.com/bot.html)" 162 **0/162633**
45.227.253.15 - - [12/Sep/2025:08:22:38 -0700] "GET /index.php/jk HTTP/1.1" 301 - "-" "Mozilla/5.0 (iPhone; CPU iPhone OS 14_1 like Mac OS X) AppleWebKit/605.1.15 (KHTML, like Gecko) Version/14.0 Mobile/15E148 Safari/604.1" 119 **0/119167**
45.227.253.15 - - [12/Sep/2025:08:22:38 -0700] "GET /jk HTTP/1.1" 404 57790 "https://lemonattorneynearme.com/index.php/jk" "Mozilla/5.0 (iPhone; CPU iPhone OS 14_1 like Mac OS X) AppleWebKit/605.1.15 (KHTML, like Gecko) Version/14.0 Mobile/15E148 Safari/604.1" 146 **0/146184**
173.201.186.239 - - [12/Sep/2025:08:23:50 -0700] "POST /wp-cron.php?doing_wp_cron=1757690630.1501190662384033203125 HTTP/1.1" 200 - "-" "WordPress/6.8.2; https://lemonattorneynearme.com" 12 **0/12614**
66.249.74.13 - - [12/Sep/2025:08:23:50 -0700] "GET /800 HTTP/1.1" 404 12434 "-" "Mozilla/5.0 (Linux; Android 6.0.1; Nexus 5X Build/MMB29P) AppleWebKit/537.36 (KHTML, like Gecko) Chrome/140.0.7339.127 Mobile Safari/537.36 (compatible; Googlebot/2.1; +http://www.google.com/bot.html)" 190 **0/190531**
114.119.147.166 - - [12/Sep/2025:08:24:20 -0700] "GET /product/444747428.htm HTTP/1.1" 404 55906 "-" "Mozilla/5.0 (Linux; Android 7.0;) AppleWebKit/537.36 (KHTML, like Gecko) Mobile Safari/537.36 (compatible; PetalBot;+https://webmaster.petalsearch.com/site/petalbot)" 137 **0/137739**
173.201.186.239 - - [12/Sep/2025:08:26:19 -0700] "POST /wp-cron.php?doing_wp_cron=1757690779.4931659698486328125000 HTTP/1.1" 200 - "-" "WordPress/6.8.2; https://lemonattorneynearme.com" 12 **0/12825**
66.249.74.13 - - [12/Sep/2025:08:26:19 -0700] "GET /product/444283574.htm HTTP/1.1" 404 12434 "-" "Mozilla/5.0 (Linux; Android 6.0.1; Nexus 5X Build/MMB29P) AppleWebKit/537.36 (KHTML, like Gecko) Chrome/140.0.7339.127 Mobile Safari/537.36 (compatible; Googlebot/2.1; +http://www.google.com/bot.html)" 134 **0/134178**
173.201.186.239 - - [12/Sep/2025:08:26:33 -0700] "POST /wp-cron.php?doing_wp_cron=1757690793.0922620296478271484375 HTTP/1.1" 200 - "-" "WordPress/6.8.2; https://lemonattorneynearme.com" 10 **0/10959**
114.119.129.218 - - [12/Sep/2025:08:26:33 -0700] "GET /product/2762017679.htm HTTP/1.1" 404 55906 "https://lemonattorneynearme.com/sitemap.xml" "Mozilla/5.0 (Linux; Android 7.0;) AppleWebKit/537.36 (KHTML, like Gecko) Mobile Safari/537.36 (compatible; PetalBot;+https://webmaster.petalsearch.com/site/petalbot)" 152 **0/152514**
173.201.186.239 - - [12/Sep/2025:08:28:39 -0700] "POST /wp-cron.php?doing_wp_cron=1757690919.3779690265655517578125 HTTP/1.1" 200 - "-" "WordPress/6.8.2; https://lemonattorneynearme.com" 11 **0/11780**
114.119.147.166 - - [12/Sep/2025:08:28:39 -0700] "GET /product/2761964537.htm HTTP/1.1" 404 55906 "https://lemonattorneynearme.com/sitemap.xml" "Mozilla/5.0 (Linux; Android 7.0;) AppleWebKit/537.36 (KHTML, like Gecko) Mobile Safari/537.36 (compatible; PetalBot;+https://webmaster.petalsearch.com/site/petalbot)" 151 **0/151494**
173.201.186.239 - - [12/Sep/2025:08:30:59 -0700] "POST /wp-cron.php?doing_wp_cron=1757691059.3843688964843750000000 HTTP/1.1" 200 - "-" "WordPress/6.8.2; https://lemonattorneynearme.com" 12 **0/12131**
114.119.156.232 - - [12/Sep/2025:08:30:59 -0700] "GET /product/2761382552.htm HTTP/1.1" 404 55906 "https://lemonattorneynearme.com/sitemap.xml" "Mozilla/5.0 (Linux; Android 7.0;) AppleWebKit/537.36 (KHTML, like Gecko) Mobile Safari/537.36 (compatible; PetalBot;+https://webmaster.petalsearch.com/site/petalbot)" 154 **0/154044**
173.201.186.239 - - [12/Sep/2025:08:31:30 -0700] "POST /wp-cron.php?doing_wp_cron=1757691090.4662849903106689453125 HTTP/1.1" 200 - "-" "WordPress/6.8.2; https://lemonattorneynearme.com" 14 **0/14486**
66.249.74.15 - - [12/Sep/2025:08:31:30 -0700] "GET /product/2091690152.htm HTTP/1.1" 404 12434 "-" "Mozilla/5.0 (Linux; Android 6.0.1; Nexus 5X Build/MMB29P) AppleWebKit/537.36 (KHTML, like Gecko) Chrome/140.0.7339.127 Mobile Safari/537.36 (compatible; Googlebot/2.1; +http://www.google.com/bot.html)" 163 **0/163242**
66.249.74.15 - - [12/Sep/2025:08:32:28 -0700] "GET /product/g_north_west HTTP/1.1" 404 12434 "-" "Mozilla/5.0 (Linux; Android 6.0.1; Nexus 5X Build/MMB29P) AppleWebKit/537.36 (KHTML, like Gecko) Chrome/140.0.7339.127 Mobile Safari/537.36 (compatible; Googlebot/2.1; +http://www.google.com/bot.html)" 231 **0/231863**
173.201.186.239 - - [12/Sep/2025:08:33:05 -0700] "POST /wp-cron.php?doing_wp_cron=1757691185.5274600982666015625000 HTTP/1.1" 200 - "-" "WordPress/6.8.2; https://lemonattorneynearme.com" 14 **0/14248**
114.119.147.166 - - [12/Sep/2025:08:33:05 -0700] "GET /product/2761334659.htm HTTP/1.1" 404 55906 "https://lemonattorneynearme.com/sitemap.xml" "Mozilla/5.0 (Linux; Android 7.0;) AppleWebKit/537.36 (KHTML, like Gecko) Mobile Safari/537.36 (compatible; PetalBot;+https://webmaster.petalsearch.com/site/petalbot)" 283 **0/283077**
66.249.74.15 - - [12/Sep/2025:08:33:17 -0700] "GET /product/1309740942.htm HTTP/1.1" 404 12434 "-" "Mozilla/5.0 (Linux; Android 6.0.1; Nexus 5X Build/MMB29P) AppleWebKit/537.36 (KHTML, like Gecko) Chrome/140.0.7339.127 Mobile Safari/537.36 (compatible; Googlebot/2.1; +http://www.google.com/bot.html)" 178 **0/178385**
173.201.186.239 - - [12/Sep/2025:08:35:17 -0700] "POST /wp-cron.php?doing_wp_cron=1757691317.1102190017700195312500 HTTP/1.1" 200 - "-" "WordPress/6.8.2; https://lemonattorneynearme.com" 12 **0/12887**
114.119.156.232 - - [12/Sep/2025:08:35:16 -0700] "GET /product/2761328365.htm HTTP/1.1" 404 55906 "https://lemonattorneynearme.com/sitemap.xml" "Mozilla/5.0 (Linux; Android 7.0;) AppleWebKit/537.36 (KHTML, like Gecko) Mobile Safari/537.36 (compatible; PetalBot;+https://webmaster.petalsearch.com/site/petalbot)" 341 **0/341893**
173.201.186.239 - - [12/Sep/2025:08:37:34 -0700] "POST /wp-cron.php?doing_wp_cron=1757691454.5103440284729003906250 HTTP/1.1" 200 - "-" "WordPress/6.8.2; https://lemonattorneynearme.com" 17 **0/17268**
114.119.144.42 - - [12/Sep/2025:08:37:34 -0700] "GET /product/2761315625.htm HTTP/1.1" 404 55906 "https://lemonattorneynearme.com/sitemap.xml" "Mozilla/5.0 (Linux; Android 7.0;) AppleWebKit/537.36 (KHTML, like Gecko) Mobile Safari/537.36 (compatible; PetalBot;+https://webmaster.petalsearch.com/site/petalbot)" 203 **0/203166**
173.201.186.239 - - [12/Sep/2025:08:39:45 -0700] "POST /wp-cron.php?doing_wp_cron=1757691585.2263529300689697265625 HTTP/1.1" 200 - "-" "WordPress/6.8.2; https://lemonattorneynearme.com" 15 **0/15311**
114.119.136.12 - - [12/Sep/2025:08:39:45 -0700] "GET /product/2761297514.htm HTTP/1.1" 404 55906 "https://lemonattorneynearme.com/sitemap.xml" "Mozilla/5.0 (Linux; Android 7.0;) AppleWebKit/537.36 (KHTML, like Gecko) Mobile Safari/537.36 (compatible; PetalBot;+https://webmaster.petalsearch.com/site/petalbot)" 194 **0/194156**
173.201.186.239 - - [12/Sep/2025:08:41:40 -0700] "POST /wp-cron.php?doing_wp_cron=1757691700.7709860801696777343750 HTTP/1.1" 200 - "-" "WordPress/6.8.2; https://lemonattorneynearme.com" 12 **0/12184**
66.249.74.13 - - [12/Sep/2025:08:41:40 -0700] "GET /product/221552329.htm HTTP/1.1" 404 12434 "-" "Mozilla/5.0 (Linux; Android 6.0.1; Nexus 5X Build/MMB29P) AppleWebKit/537.36 (KHTML, like Gecko) Chrome/140.0.7339.127 Mobile Safari/537.36 (compatible; Googlebot/2.1; +http://www.google.com/bot.html)" 200 **0/200197**
66.249.74.14 - - [12/Sep/2025:08:41:40 -0700] "GET /product/221552329.htm HTTP/1.1" 404 12434 "-" "Mozilla/5.0 (compatible; Googlebot/2.1; +http://www.google.com/bot.html)" 138 **0/138212**
114.119.144.42 - - [12/Sep/2025:08:41:56 -0700] "GET /product/2761284790.htm HTTP/1.1" 404 55906 "https://lemonattorneynearme.com/sitemap.xml" "Mozilla/5.0 (Linux; Android 7.0;) AppleWebKit/537.36 (KHTML, like Gecko) Mobile Safari/537.36 (compatible; PetalBot;+https://webmaster.petalsearch.com/site/petalbot)" 121 **0/121219**
173.201.186.239 - - [12/Sep/2025:08:43:23 -0700] "POST /wp-cron.php?doing_wp_cron=1757691803.5161108970642089843750 HTTP/1.1" 200 - "-" "WordPress/6.8.2; https://lemonattorneynearme.com" 67 **0/67498**
47.82.11.6 - - [12/Sep/2025:08:43:23 -0700] "GET /product/282464904.htm HTTP/1.1" 404 13026 "https://lemonattorneynearme.com/" "Mozilla/5.0 (Windows NT 10.0; Win64; x64) AppleWebKit/537.36 (KHTML, like Gecko) Chrome/126.0.0.0 Safari/537.36 Edg/126.0.0.0" 232 **0/232168**
173.201.186.239 - - [12/Sep/2025:08:44:09 -0700] "POST /wp-cron.php?doing_wp_cron=1757691849.7549200057983398437500 HTTP/1.1" 200 - "-" "WordPress/6.8.2; https://lemonattorneynearme.com" 9 **0/9619**
114.119.144.42 - - [12/Sep/2025:08:44:09 -0700] "GET /product/2761281533.htm HTTP/1.1" 404 55906 "https://lemonattorneynearme.com/sitemap.xml" "Mozilla/5.0 (Linux; Android 7.0;) AppleWebKit/537.36 (KHTML, like Gecko) Mobile Safari/537.36 (compatible; PetalBot;+https://webmaster.petalsearch.com/site/petalbot)" 137 **0/137729**
173.201.186.239 - - [12/Sep/2025:08:46:20 -0700] "POST /wp-cron.php?doing_wp_cron=1757691980.1564509868621826171875 HTTP/1.1" 200 - "-" "WordPress/6.8.2; https://lemonattorneynearme.com" 11 **0/11212**
66.249.74.13 - - [12/Sep/2025:08:46:20 -0700] "GET /product/900187903.htm HTTP/1.1" 404 12434 "-" "Mozilla/5.0 (Linux; Android 6.0.1; Nexus 5X Build/MMB29P) AppleWebKit/537.36 (KHTML, like Gecko) Chrome/140.0.7339.127 Mobile Safari/537.36 (compatible; Googlebot/2.1; +http://www.google.com/bot.html)" 191 **0/191491**
66.249.74.14 - - [12/Sep/2025:08:46:20 -0700] "GET /product/900187903.htm HTTP/1.1" 404 12434 "-" "Mozilla/5.0 (compatible; Googlebot/2.1; +http://www.google.com/bot.html)" 147 **0/147031**
114.119.135.233 - - [12/Sep/2025:08:46:28 -0700] "GET /product/2761276164.htm HTTP/1.1" 404 55906 "-" "Mozilla/5.0 (Linux; Android 7.0;) AppleWebKit/537.36 (KHTML, like Gecko) Mobile Safari/537.36 (compatible; PetalBot;+https://webmaster.petalsearch.com/site/petalbot)" 128 **0/128492**
173.201.186.239 - - [12/Sep/2025:08:48:37 -0700] "POST /wp-cron.php?doing_wp_cron=1757692117.1328659057617187500000 HTTP/1.1" 200 - "-" "WordPress/6.8.2; https://lemonattorneynearme.com" 16 **0/16691**
114.119.147.166 - - [12/Sep/2025:08:48:37 -0700] "GET /product/2761265546.htm HTTP/1.1" 404 55906 "https://lemonattorneynearme.com/sitemap.xml" "Mozilla/5.0 (Linux; Android 7.0;) AppleWebKit/537.36 (KHTML, like Gecko) Mobile Safari/537.36 (compatible; PetalBot;+https://webmaster.petalsearch.com/site/petalbot)" 243 **0/243466**
173.201.186.239 - - [12/Sep/2025:08:50:51 -0700] "POST /wp-cron.php?doing_wp_cron=1757692251.8045630455017089843750 HTTP/1.1" 200 - "-" "WordPress/6.8.2; https://lemonattorneynearme.com" 10 **0/10974**
114.119.136.12 - - [12/Sep/2025:08:50:51 -0700] "GET /product/2761262363.htm HTTP/1.1" 404 55906 "https://lemonattorneynearme.com/sitemap.xml" "Mozilla/5.0 (Linux; Android 7.0;) AppleWebKit/537.36 (KHTML, like Gecko) Mobile Safari/537.36 (compatible; PetalBot;+https://webmaster.petalsearch.com/site/petalbot)" 131 **0/131625**
66.249.74.13 - - [12/Sep/2025:08:51:29 -0700] "GET /product/dpr_1.0 HTTP/1.1" 404 12434 "-" "Mozilla/5.0 (Linux; Android 6.0.1; Nexus 5X Build/MMB29P) AppleWebKit/537.36 (KHTML, like Gecko) Chrome/140.0.7339.127 Mobile Safari/537.36 (compatible; Googlebot/2.1; +http://www.google.com/bot.html)" 155 **0/155496**
173.201.186.239 - - [12/Sep/2025:08:52:03 -0700] "POST /wp-cron.php?doing_wp_cron=1757692323.1282370090484619140625 HTTP/1.1" 200 - "-" "WordPress/6.8.2; https://lemonattorneynearme.com" 15 **0/15546**
66.249.74.13 - - [12/Sep/2025:08:52:03 -0700] "GET /entry/ HTTP/1.1" 404 12434 "-" "Mozilla/5.0 (Linux; Android 6.0.1; Nexus 5X Build/MMB29P) AppleWebKit/537.36 (KHTML, like Gecko) Chrome/140.0.7339.127 Mobile Safari/537.36 (compatible; Googlebot/2.1; +http://www.google.com/bot.html)" 172 **0/172130**
173.201.186.239 - - [12/Sep/2025:08:53:16 -0700] "POST /wp-cron.php?doing_wp_cron=1757692396.0777459144592285156250 HTTP/1.1" 200 - "-" "WordPress/6.8.2; https://lemonattorneynearme.com" 12 **0/12448**
114.119.147.166 - - [12/Sep/2025:08:53:16 -0700] "GET /product/2761253865.htm HTTP/1.1" 404 55906 "https://lemonattorneynearme.com/sitemap.xml" "Mozilla/5.0 (Linux; Android 7.0;) AppleWebKit/537.36 (KHTML, like Gecko) Mobile Safari/537.36 (compatible; PetalBot;+https://webmaster.petalsearch.com/site/petalbot)" 150 **0/150165**
173.201.186.239 - - [12/Sep/2025:08:55:27 -0700] "POST /wp-cron.php?doing_wp_cron=1757692527.4767439365386962890625 HTTP/1.1" 200 - "-" "WordPress/6.8.2; https://lemonattorneynearme.com" 12 **0/12846**
114.119.156.232 - - [12/Sep/2025:08:55:27 -0700] "GET /product/445280405.htm HTTP/1.1" 404 55906 "-" "Mozilla/5.0 (Linux; Android 7.0;) AppleWebKit/537.36 (KHTML, like Gecko) Mobile Safari/537.36 (compatible; PetalBot;+https://webmaster.petalsearch.com/site/petalbot)" 161 **0/161273**
173.201.186.239 - - [12/Sep/2025:08:57:38 -0700] "POST /wp-cron.php?doing_wp_cron=1757692658.4108450412750244140625 HTTP/1.1" 200 - "-" "WordPress/6.8.2; https://lemonattorneynearme.com" 13 **0/13393**
114.119.136.12 - - [12/Sep/2025:08:57:38 -0700] "GET /product/445180375.htm HTTP/1.1" 404 55906 "-" "Mozilla/5.0 (Linux; Android 7.0;) AppleWebKit/537.36 (KHTML, like Gecko) Mobile Safari/537.36 (compatible; PetalBot;+https://webmaster.petalsearch.com/site/petalbot)" 190 **0/190261**
66.249.74.13 - - [12/Sep/2025:08:57:43 -0700] "GET /product/1152369442.htm HTTP/1.1" 404 12434 "-" "Mozilla/5.0 (Linux; Android 6.0.1; Nexus 5X Build/MMB29P) AppleWebKit/537.36 (KHTML, like Gecko) Chrome/140.0.7339.127 Mobile Safari/537.36 (compatible; Googlebot/2.1; +http://www.google.com/bot.html)" 138 **0/138850**
66.249.74.13 - - [12/Sep/2025:08:58:08 -0700] "GET /product/215989338.htm HTTP/1.1" 404 12434 "-" "Mozilla/5.0 (Linux; Android 6.0.1; Nexus 5X Build/MMB29P) AppleWebKit/537.36 (KHTML, like Gecko) Chrome/140.0.7339.127 Mobile Safari/537.36 (compatible; Googlebot/2.1; +http://www.google.com/bot.html)" 109 **0/109224**
173.201.186.239 - - [12/Sep/2025:08:59:32 -0700] "POST /wp-cron.php?doing_wp_cron=1757692772.4801909923553466796875 HTTP/1.1" 200 - "-" "WordPress/6.8.2; https://lemonattorneynearme.com" 13 **0/13116**
66.249.74.15 - - [12/Sep/2025:08:59:32 -0700] "GET /u/u003d0 HTTP/1.1" 404 12434 "-" "Mozilla/5.0 (Linux; Android 6.0.1; Nexus 5X Build/MMB29P) AppleWebKit/537.36 (KHTML, like Gecko) Chrome/140.0.7339.127 Mobile Safari/537.36 (compatible; Googlebot/2.1; +http://www.google.com/bot.html)" 164 **0/164652**
114.119.156.232 - - [12/Sep/2025:08:59:58 -0700] "GET /product/444909072.htm HTTP/1.1" 404 55906 "-" "Mozilla/5.0 (Linux; Android 7.0;) AppleWebKit/537.36 (KHTML, like Gecko) Mobile Safari/537.36 (compatible; PetalBot;+https://webmaster.petalsearch.com/site/petalbot)" 132 **0/132988**
173.201.186.239 - - [12/Sep/2025:09:02:08 -0700] "POST /wp-cron.php?doing_wp_cron=1757692928.5423591136932373046875 HTTP/1.1" 200 - "-" "WordPress/6.8.2; https://lemonattorneynearme.com" 15 **0/15823**
114.119.139.172 - - [12/Sep/2025:09:02:07 -0700] "GET /product/444861243.htm HTTP/1.1" 404 55906 "-" "Mozilla/5.0 (Linux; Android 7.0;) AppleWebKit/537.36 (KHTML, like Gecko) Mobile Safari/537.36 (compatible; PetalBot;+https://webmaster.petalsearch.com/site/petalbot)" 898 **0/898814**
173.201.186.239 - - [12/Sep/2025:09:02:46 -0700] "POST /wp-cron.php?doing_wp_cron=1757692966.9708089828491210937500 HTTP/1.1" 200 - "-" "WordPress/6.8.2; https://lemonattorneynearme.com" 12 **0/12950**
66.249.74.14 - - [12/Sep/2025:09:02:46 -0700] "GET /?zhHant/product/surugaya/L659562056?campaign_uid=f64d716db5e979ed2f947dbaf4296895b951ae7f HTTP/1.1" 301 1 "-" "Mozilla/5.0 (Linux; Android 6.0.1; Nexus 5X Build/MMB29P) AppleWebKit/537.36 (KHTML, like Gecko) Chrome/140.0.7339.127 Mobile Safari/537.36 (compatible; Googlebot/2.1; +http://www.google.com/bot.html)" 185 **0/185633**
66.249.74.13 - - [12/Sep/2025:09:02:47 -0700] "GET /?zhHant%2Fproduct%2Fsurugaya%2FL659562056%3Fcampaign_uid=f64d716db5e979ed2f947dbaf4296895b951ae7f HTTP/1.1" 200 16934 "-" "Mozilla/5.0 (Linux; Android 6.0.1; Nexus 5X Build/MMB29P) AppleWebKit/537.36 (KHTML, like Gecko) Chrome/140.0.7339.127 Mobile Safari/537.36 (compatible; Googlebot/2.1; +http://www.google.com/bot.html)" 241 **0/241661**
66.249.74.13 - - [12/Sep/2025:09:03:04 -0700] "GET /zhHant/product/surugaya/L511544050?campaign_uid=f64d716db5e979ed2f947dbaf4296895b951ae7f HTTP/1.1" 404 12434 "-" "Mozilla/5.0 (Linux; Android 6.0.1; Nexus 5X Build/MMB29P) AppleWebKit/537.36 (KHTML, like Gecko) Chrome/140.0.7339.127 Mobile Safari/537.36 (compatible; Googlebot/2.1; +http://www.google.com/bot.html)" 148 **0/148940**
138.197.153.90 - - [12/Sep/2025:09:03:47 -0700] "GET / HTTP/1.1" 301 - "-" "Mozilla/5.0 (X11; Linux x86_64) AppleWebKit/537.36 (KHTML, like Gecko) Chrome/139.0.0.0 Safari/537.36" 70 **0/70521**
138.197.153.90 - - [12/Sep/2025:09:03:48 -0700] "GET /favicon.ico HTTP/1.1" 302 - "https://mail.lemonattorneynearme.com/" "Mozilla/5.0 (X11; Linux x86_64) AppleWebKit/537.36 (KHTML, like Gecko) Chrome/139.0.0.0 Safari/537.36" 141 **0/141861**
114.119.135.233 - - [12/Sep/2025:09:04:18 -0700] "GET /product/444812299.htm HTTP/1.1" 404 55906 "-" "Mozilla/5.0 (Linux; Android 7.0;) AppleWebKit/537.36 (KHTML, like Gecko) Mobile Safari/537.36 (compatible; PetalBot;+https://webmaster.petalsearch.com/site/petalbot)" 143 **0/143707**
173.201.186.239 - - [12/Sep/2025:09:04:31 -0700] "POST /wp-cron.php?doing_wp_cron=1757693071.5185260772705078125000 HTTP/1.1" 200 - "-" "WordPress/6.8.2; https://lemonattorneynearme.com" 22 **0/22153**
66.249.74.14 - - [12/Sep/2025:09:04:31 -0700] "GET /zhHant/product/surugaya/L4118751001?campaign_uid=f64d716db5e979ed2f947dbaf4296895b951ae7f HTTP/1.1" 404 12434 "-" "Mozilla/5.0 (Linux; Android 6.0.1; Nexus 5X Build/MMB29P) AppleWebKit/537.36 (KHTML, like Gecko) Chrome/140.0.7339.127 Mobile Safari/537.36 (compatible; Googlebot/2.1; +http://www.google.com/bot.html)" 410 **0/410105**
173.201.186.239 - - [12/Sep/2025:09:05:58 -0700] "POST /wp-cron.php?doing_wp_cron=1757693158.6946229934692382812500 HTTP/1.1" 200 - "-" "WordPress/6.8.2; https://lemonattorneynearme.com" 12 **0/12483**
66.249.74.15 - - [12/Sep/2025:09:05:58 -0700] "GET /product/1701821956.htm HTTP/1.1" 404 12434 "-" "Mozilla/5.0 (compatible; Googlebot/2.1; +http://www.google.com/bot.html)" 167 **0/167735**
66.249.74.15 - - [12/Sep/2025:09:06:11 -0700] "GET /zhHant/product/surugaya/L3400084263?campaign_uid=f64d716db5e979ed2f947dbaf4296895b951ae7f HTTP/1.1" 404 12434 "-" "Mozilla/5.0 (Linux; Android 6.0.1; Nexus 5X Build/MMB29P) AppleWebKit/537.36 (KHTML, like Gecko) Chrome/140.0.7339.127 Mobile Safari/537.36 (compatible; Googlebot/2.1; +http://www.google.com/bot.html)" 208 **0/208445**
173.201.186.239 - - [12/Sep/2025:09:06:42 -0700] "POST /wp-cron.php?doing_wp_cron=1757693202.7594280242919921875000 HTTP/1.1" 200 - "-" "WordPress/6.8.2; https://lemonattorneynearme.com" 18 **0/18467**
114.119.144.42 - - [12/Sep/2025:09:06:42 -0700] "GET /product/2762097476.htm HTTP/1.1" 404 55906 "https://lemonattorneynearme.com/sitemap.xml" "Mozilla/5.0 (Linux; Android 7.0;) AppleWebKit/537.36 (KHTML, like Gecko) Mobile Safari/537.36 (compatible; PetalBot;+https://webmaster.petalsearch.com/site/petalbot)" 146 **0/146935**
66.249.74.14 - - [12/Sep/2025:09:06:49 -0700] "GET /zhHant/product/surugaya/L829835232?campaign_uid=f64d716db5e979ed2f947dbaf4296895b951ae7f HTTP/1.1" 404 12434 "-" "Mozilla/5.0 (Linux; Android 6.0.1; Nexus 5X Build/MMB29P) AppleWebKit/537.36 (KHTML, like Gecko) Chrome/140.0.7339.127 Mobile Safari/537.36 (compatible; Googlebot/2.1; +http://www.google.com/bot.html)" 205 **0/205696**
66.249.74.15 - - [12/Sep/2025:09:07:23 -0700] "GET /product/3143466265.htm HTTP/1.1" 404 12434 "-" "Mozilla/5.0 (Linux; Android 6.0.1; Nexus 5X Build/MMB29P) AppleWebKit/537.36 (KHTML, like Gecko) Chrome/140.0.7339.127 Mobile Safari/537.36 (compatible; Googlebot/2.1; +http://www.google.com/bot.html)" 167 **0/167054**
66.249.74.13 - - [12/Sep/2025:09:07:23 -0700] "GET /product/57193253.htm HTTP/1.1" 404 12434 "-" "Mozilla/5.0 (Linux; Android 6.0.1; Nexus 5X Build/MMB29P) AppleWebKit/537.36 (KHTML, like Gecko) Chrome/140.0.7339.127 Mobile Safari/537.36 (compatible; Googlebot/2.1; +http://www.google.com/bot.html)" 239 **0/239922**
173.201.186.239 - - [12/Sep/2025:09:07:39 -0700] "POST /wp-cron.php?doing_wp_cron=1757693259.8847360610961914062500 HTTP/1.1" 200 - "-" "WordPress/6.8.2; https://lemonattorneynearme.com" 16 **0/16635**
66.249.74.14 - - [12/Sep/2025:09:07:39 -0700] "GET /product/57194242.htm HTTP/1.1" 404 12434 "-" "Mozilla/5.0 (Linux; Android 6.0.1; Nexus 5X Build/MMB29P) AppleWebKit/537.36 (KHTML, like Gecko) Chrome/140.0.7339.127 Mobile Safari/537.36 (compatible; Googlebot/2.1; +http://www.google.com/bot.html)" 228 **0/228235**
66.249.74.13 - - [12/Sep/2025:09:07:49 -0700] "GET /product/158208791.htm HTTP/1.1" 404 12434 "-" "Mozilla/5.0 (Linux; Android 6.0.1; Nexus 5X Build/MMB29P) AppleWebKit/537.36 (KHTML, like Gecko) Chrome/140.0.7339.127 Mobile Safari/537.36 (compatible; Googlebot/2.1; +http://www.google.com/bot.html)" 183 **0/183501**
173.201.186.239 - - [12/Sep/2025:09:08:45 -0700] "POST /wp-cron.php?doing_wp_cron=1757693325.5596909523010253906250 HTTP/1.1" 200 - "-" "WordPress/6.8.2; https://lemonattorneynearme.com" 12 **0/12449**
114.119.147.166 - - [12/Sep/2025:09:08:45 -0700] "GET /product/2761948566.htm HTTP/1.1" 404 55906 "https://lemonattorneynearme.com/sitemap.xml" "Mozilla/5.0 (Linux; Android 7.0;) AppleWebKit/537.36 (KHTML, like Gecko) Mobile Safari/537.36 (compatible; PetalBot;+https://webmaster.petalsearch.com/site/petalbot)" 171 **0/171664**
