142.44.220.212 - - [12/Sep/2025:09:08:59 -0700] "GET /robots.txt HTTP/2.0" 200 80 "-" "Mozilla/5.0 (compatible; AhrefsBot/7.0; +http://ahrefs.com/robot/)" 4 **0/4853**
15.235.96.63 - - [12/Sep/2025:09:09:03 -0700] "GET /sitemap.xml HTTP/2.0" 301 1 "-" "Mozilla/5.0 (compatible; AhrefsBot/7.0; +http://ahrefs.com/robot/)" 184 **0/184297**
66.249.74.14 - - [12/Sep/2025:09:09:03 -0700] "GET /product/edit/L3321610396 HTTP/1.1" 404 12434 "-" "Mozilla/5.0 (Linux; Android 6.0.1; Nexus 5X Build/MMB29P) AppleWebKit/537.36 (KHTML, like Gecko) Chrome/140.0.7339.127 Mobile Safari/537.36 (compatible; Googlebot/2.1; +http://www.google.com/bot.html)" 133 **0/133684**
15.235.96.63 - - [12/Sep/2025:09:09:03 -0700] "GET /wp-sitemap.xml HTTP/2.0" 200 155 "-" "Mozilla/5.0 (compatible; AhrefsBot/7.0; +http://ahrefs.com/robot/)" 180 **0/180578**
142.44.225.1 - - [12/Sep/2025:09:09:07 -0700] "GET /wp-sitemap-posts-page-1.xml HTTP/2.0" 200 205 "-" "Mozilla/5.0 (compatible; AhrefsBot/7.0; +http://ahrefs.com/robot/)" 256 **0/256874**
173.201.186.239 - - [12/Sep/2025:09:09:34 -0700] "POST /wp-cron.php?doing_wp_cron=1757693374.8893220424652099609375 HTTP/1.1" 200 - "-" "WordPress/6.8.2; https://lemonattorneynearme.com" 14 **0/14416**
66.249.74.13 - - [12/Sep/2025:09:09:34 -0700] "GET /product/edit/L2492019061 HTTP/1.1" 404 12434 "-" "Mozilla/5.0 (Linux; Android 6.0.1; Nexus 5X Build/MMB29P) AppleWebKit/537.36 (KHTML, like Gecko) Chrome/140.0.7339.127 Mobile Safari/537.36 (compatible; Googlebot/2.1; +http://www.google.com/bot.html)" 223 **0/223860**
66.249.74.13 - - [12/Sep/2025:09:09:51 -0700] "GET /zhHant/product/surugaya/L3183489258?campaign_uid=f64d716db5e979ed2f947dbaf4296895b951ae7f HTTP/1.1" 404 12434 "-" "Mozilla/5.0 (Linux; Android 6.0.1; Nexus 5X Build/MMB29P) AppleWebKit/537.36 (KHTML, like Gecko) Chrome/140.0.7339.127 Mobile Safari/537.36 (compatible; Googlebot/2.1; +http://www.google.com/bot.html)" 187 **0/187783**
66.249.74.13 - - [12/Sep/2025:09:09:51 -0700] "GET /product/2575405422.htm HTTP/1.1" 404 12434 "-" "Mozilla/5.0 (Linux; Android 6.0.1; Nexus 5X Build/MMB29P) AppleWebKit/537.36 (KHTML, like Gecko) Chrome/140.0.7339.127 Mobile Safari/537.36 (compatible; Googlebot/2.1; +http://www.google.com/bot.html)" 295 **0/295333**
66.249.74.13 - - [12/Sep/2025:09:10:11 -0700] "GET /product/edit/L1845331461 HTTP/1.1" 404 12434 "-" "Mozilla/5.0 (Linux; Android 6.0.1; Nexus 5X Build/MMB29P) AppleWebKit/537.36 (KHTML, like Gecko) Chrome/140.0.7339.127 Mobile Safari/537.36 (compatible; Googlebot/2.1; +http://www.google.com/bot.html)" 328 **0/328971**
66.249.74.15 - - [12/Sep/2025:09:10:11 -0700] "GET /product/313427175.htm HTTP/1.1" 404 12434 "-" "Mozilla/5.0 (Linux; Android 6.0.1; Nexus 5X Build/MMB29P) AppleWebKit/537.36 (KHTML, like Gecko) Chrome/140.0.7339.127 Mobile Safari/537.36 (compatible; Googlebot/2.1; +http://www.google.com/bot.html)" 260 **0/260269**
66.249.74.14 - - [12/Sep/2025:09:10:28 -0700] "GET /product/45865081.htm HTTP/1.1" 404 12434 "-" "Mozilla/5.0 (Linux; Android 6.0.1; Nexus 5X Build/MMB29P) AppleWebKit/537.36 (KHTML, like Gecko) Chrome/140.0.7339.127 Mobile Safari/537.36 (compatible; Googlebot/2.1; +http://www.google.com/bot.html)" 186 **0/186671**
173.201.186.239 - - [12/Sep/2025:09:10:59 -0700] "POST /wp-cron.php?doing_wp_cron=1757693459.1206629276275634765625 HTTP/1.1" 200 - "-" "WordPress/6.8.2; https://lemonattorneynearme.com" 13 **0/13380**
114.119.147.166 - - [12/Sep/2025:09:10:59 -0700] "GET /product/2761705984.htm HTTP/1.1" 404 55906 "https://lemonattorneynearme.com/sitemap.xml" "Mozilla/5.0 (Linux; Android 7.0;) AppleWebKit/537.36 (KHTML, like Gecko) Mobile Safari/537.36 (compatible; PetalBot;+https://webmaster.petalsearch.com/site/petalbot)" 197 **0/197566**
66.249.74.13 - - [12/Sep/2025:09:11:19 -0700] "GET /product/114985415.htm HTTP/1.1" 404 12434 "-" "Mozilla/5.0 (Linux; Android 6.0.1; Nexus 5X Build/MMB29P) AppleWebKit/537.36 (KHTML, like Gecko) Chrome/140.0.7339.127 Mobile Safari/537.36 (compatible; Googlebot/2.1; +http://www.google.com/bot.html)" 198 **0/198988**
173.201.186.239 - - [12/Sep/2025:09:11:36 -0700] "POST /wp-cron.php?doing_wp_cron=1757693496.1214530467987060546875 HTTP/1.1" 200 - "-" "WordPress/6.8.2; https://lemonattorneynearme.com" 16 **0/16310**
66.249.74.13 - - [12/Sep/2025:09:11:36 -0700] "GET /product/316198482.htm HTTP/1.1" 404 12434 "-" "Mozilla/5.0 (Linux; Android 6.0.1; Nexus 5X Build/MMB29P) AppleWebKit/537.36 (KHTML, like Gecko) Chrome/140.0.7339.127 Mobile Safari/537.36 (compatible; Googlebot/2.1; +http://www.google.com/bot.html)" 247 **0/247917**
173.201.186.239 - - [12/Sep/2025:09:13:16 -0700] "POST /wp-cron.php?doing_wp_cron=1757693596.0487160682678222656250 HTTP/1.1" 200 - "-" "WordPress/6.8.2; https://lemonattorneynearme.com" 30 **0/30428**
114.119.139.172 - - [12/Sep/2025:09:13:15 -0700] "GET /product/2761599660.htm HTTP/1.1" 404 55906 "https://lemonattorneynearme.com/sitemap.xml" "Mozilla/5.0 (Linux; Android 7.0;) AppleWebKit/537.36 (KHTML, like Gecko) Mobile Safari/537.36 (compatible; PetalBot;+https://webmaster.petalsearch.com/site/petalbot)" 351 **0/351631**
173.201.186.239 - - [12/Sep/2025:09:14:09 -0700] "POST /wp-cron.php?doing_wp_cron=1757693649.9798200130462646484375 HTTP/1.1" 200 - "-" "WordPress/6.8.2; https://lemonattorneynearme.com" 21 **0/21331**
66.249.74.13 - - [12/Sep/2025:09:14:09 -0700] "GET /product/1731028695.htm HTTP/1.1" 404 12434 "-" "Mozilla/5.0 (Linux; Android 6.0.1; Nexus 5X Build/MMB29P) AppleWebKit/537.36 (KHTML, like Gecko) Chrome/140.0.7339.127 Mobile Safari/537.36 (compatible; Googlebot/2.1; +http://www.google.com/bot.html)" 278 **0/278488**
66.249.74.13 - - [12/Sep/2025:09:14:26 -0700] "GET /product/693304298.htm HTTP/1.1" 404 12434 "-" "Mozilla/5.0 (Linux; Android 6.0.1; Nexus 5X Build/MMB29P) AppleWebKit/537.36 (KHTML, like Gecko) Chrome/140.0.7339.127 Mobile Safari/537.36 (compatible; Googlebot/2.1; +http://www.google.com/bot.html)" 169 **0/169953**
173.201.186.239 - - [12/Sep/2025:09:14:58 -0700] "POST /wp-cron.php?doing_wp_cron=1757693698.5750989913940429687500 HTTP/1.1" 200 - "-" "WordPress/6.8.2; https://lemonattorneynearme.com" 79 **0/79769**
66.249.74.13 - - [12/Sep/2025:09:14:58 -0700] "GET /product/836891189.htm HTTP/1.1" 404 12434 "-" "Mozilla/5.0 (compatible; Googlebot/2.1; +http://www.google.com/bot.html)" 336 **0/336964**
66.249.74.13 - - [12/Sep/2025:09:15:18 -0700] "GET /product/563427744.htm HTTP/1.1" 404 12434 "-" "Mozilla/5.0 (Linux; Android 6.0.1; Nexus 5X Build/MMB29P) AppleWebKit/537.36 (KHTML, like Gecko) Chrome/140.0.7339.127 Mobile Safari/537.36 (compatible; Googlebot/2.1; +http://www.google.com/bot.html)" 560 **0/560266**
114.119.129.218 - - [12/Sep/2025:09:15:21 -0700] "GET /product/2761584806.htm HTTP/1.1" 404 55906 "https://lemonattorneynearme.com/sitemap.xml" "Mozilla/5.0 (Linux; Android 7.0;) AppleWebKit/537.36 (KHTML, like Gecko) Mobile Safari/537.36 (compatible; PetalBot;+https://webmaster.petalsearch.com/site/petalbot)" 269 **0/269772**
173.201.186.239 - - [12/Sep/2025:09:16:40 -0700] "POST /wp-cron.php?doing_wp_cron=1757693800.2192819118499755859375 HTTP/1.1" 200 - "-" "WordPress/6.8.2; https://lemonattorneynearme.com" 15 **0/15136**
66.249.74.15 - - [12/Sep/2025:09:16:40 -0700] "GET /product/986386778.htm HTTP/1.1" 404 12434 "-" "Mozilla/5.0 (compatible; Googlebot/2.1; +http://www.google.com/bot.html)" 262 **0/262366**
66.249.74.14 - - [12/Sep/2025:09:17:15 -0700] "GET /product/2820856805.htm HTTP/1.1" 404 12434 "-" "Mozilla/5.0 (Linux; Android 6.0.1; Nexus 5X Build/MMB29P) AppleWebKit/537.36 (KHTML, like Gecko) Chrome/140.0.7339.127 Mobile Safari/537.36 (compatible; Googlebot/2.1; +http://www.google.com/bot.html)" 352 **0/352302**
66.249.74.14 - - [12/Sep/2025:09:17:15 -0700] "GET /product/90611953.htm HTTP/1.1" 404 12434 "-" "Mozilla/5.0 (Linux; Android 6.0.1; Nexus 5X Build/MMB29P) AppleWebKit/537.36 (KHTML, like Gecko) Chrome/140.0.7339.127 Mobile Safari/537.36 (compatible; Googlebot/2.1; +http://www.google.com/bot.html)" 182 **0/182091**
173.201.186.239 - - [12/Sep/2025:09:17:36 -0700] "POST /wp-cron.php?doing_wp_cron=1757693856.7774240970611572265625 HTTP/1.1" 200 - "-" "WordPress/6.8.2; https://lemonattorneynearme.com" 15 **0/15762**
114.119.144.42 - - [12/Sep/2025:09:17:36 -0700] "GET /product/2761554886.htm HTTP/1.1" 404 55906 "https://lemonattorneynearme.com/sitemap.xml" "Mozilla/5.0 (Linux; Android 7.0;) AppleWebKit/537.36 (KHTML, like Gecko) Mobile Safari/537.36 (compatible; PetalBot;+https://webmaster.petalsearch.com/site/petalbot)" 214 **0/214312**
173.201.186.239 - - [12/Sep/2025:09:18:56 -0700] "POST /wp-cron.php?doing_wp_cron=1757693936.2229089736938476562500 HTTP/1.1" 200 - "-" "WordPress/6.8.2; https://lemonattorneynearme.com" 13 **0/13983**
66.249.74.15 - - [12/Sep/2025:09:18:56 -0700] "GET /product/57204934.htm HTTP/1.1" 404 12434 "-" "Mozilla/5.0 (Linux; Android 6.0.1; Nexus 5X Build/MMB29P) AppleWebKit/537.36 (KHTML, like Gecko) Chrome/140.0.7339.127 Mobile Safari/537.36 (compatible; Googlebot/2.1; +http://www.google.com/bot.html)" 172 **0/172721**
173.201.186.239 - - [12/Sep/2025:09:19:35 -0700] "POST /wp-cron.php?doing_wp_cron=1757693975.2784130573272705078125 HTTP/1.1" 200 - "-" "WordPress/6.8.2; https://lemonattorneynearme.com" 17 **0/17962**
66.249.74.15 - - [12/Sep/2025:09:19:35 -0700] "GET /product/2066572923.htm HTTP/1.1" 404 12434 "-" "Mozilla/5.0 (compatible; Googlebot/2.1; +http://www.google.com/bot.html)" 250 **0/250196**
66.249.74.13 - - [12/Sep/2025:09:19:47 -0700] "GET /zhHant/product/surugaya/L534072165?campaign_uid=f64d716db5e979ed2f947dbaf4296895b951ae7f HTTP/1.1" 404 12434 "-" "Mozilla/5.0 (Linux; Android 6.0.1; Nexus 5X Build/MMB29P) AppleWebKit/537.36 (KHTML, like Gecko) Chrome/140.0.7339.127 Mobile Safari/537.36 (compatible; Googlebot/2.1; +http://www.google.com/bot.html)" 188 **0/188975**
114.119.139.172 - - [12/Sep/2025:09:19:54 -0700] "GET /product/2761450750.htm HTTP/1.1" 404 55906 "https://lemonattorneynearme.com/sitemap.xml" "Mozilla/5.0 (Linux; Android 7.0;) AppleWebKit/537.36 (KHTML, like Gecko) Mobile Safari/537.36 (compatible; PetalBot;+https://webmaster.petalsearch.com/site/petalbot)" 158 **0/158919**
66.249.74.14 - - [12/Sep/2025:09:20:21 -0700] "GET /zhHant/product/surugaya/L81521818?campaign_uid=f64d716db5e979ed2f947dbaf4296895b951ae7f HTTP/1.1" 404 12434 "-" "Mozilla/5.0 (Linux; Android 6.0.1; Nexus 5X Build/MMB29P) AppleWebKit/537.36 (KHTML, like Gecko) Chrome/140.0.7339.127 Mobile Safari/537.36 (compatible; Googlebot/2.1; +http://www.google.com/bot.html)" 130 **0/130116**
173.201.186.239 - - [12/Sep/2025:09:22:04 -0700] "POST /wp-cron.php?doing_wp_cron=1757694124.9908540248870849609375 HTTP/1.1" 200 - "-" "WordPress/6.8.2; https://lemonattorneynearme.com" 21 **0/21826**
114.119.144.42 - - [12/Sep/2025:09:22:04 -0700] "GET /product/2761347465.htm HTTP/1.1" 404 55906 "https://lemonattorneynearme.com/sitemap.xml" "Mozilla/5.0 (Linux; Android 7.0;) AppleWebKit/537.36 (KHTML, like Gecko) Mobile Safari/537.36 (compatible; PetalBot;+https://webmaster.petalsearch.com/site/petalbot)" 144 **0/144426**
173.201.186.239 - - [12/Sep/2025:09:23:22 -0700] "POST /wp-cron.php?doing_wp_cron=1757694202.2802429199218750000000 HTTP/1.1" 200 - "-" "WordPress/6.8.2; https://lemonattorneynearme.com" 12 **0/12147**
66.249.74.15 - - [12/Sep/2025:09:23:22 -0700] "GET /product/1620365887.htm HTTP/1.1" 404 12434 "-" "Mozilla/5.0 (Linux; Android 6.0.1; Nexus 5X Build/MMB29P) AppleWebKit/537.36 (KHTML, like Gecko) Chrome/140.0.7339.127 Mobile Safari/537.36 (compatible; Googlebot/2.1; +http://www.google.com/bot.html)" 155 **0/155179**
173.201.186.239 - - [12/Sep/2025:09:23:48 -0700] "POST /wp-cron.php?doing_wp_cron=1757694228.6117789745330810546875 HTTP/1.1" 200 - "-" "WordPress/6.8.2; https://lemonattorneynearme.com" 17 **0/17997**
66.249.74.14 - - [12/Sep/2025:09:23:48 -0700] "GET /product/910541529.htm HTTP/1.1" 404 12434 "-" "Mozilla/5.0 (Linux; Android 6.0.1; Nexus 5X Build/MMB29P) AppleWebKit/537.36 (KHTML, like Gecko) Chrome/140.0.7339.127 Mobile Safari/537.36 (compatible; Googlebot/2.1; +http://www.google.com/bot.html)" 249 **0/249477**
114.119.156.232 - - [12/Sep/2025:09:24:18 -0700] "GET /product/2761285779.htm HTTP/1.1" 404 55906 "https://lemonattorneynearme.com/sitemap.xml" "Mozilla/5.0 (Linux; Android 7.0;) AppleWebKit/537.36 (KHTML, like Gecko) Mobile Safari/537.36 (compatible; PetalBot;+https://webmaster.petalsearch.com/site/petalbot)" 170 **0/170237**
173.201.186.239 - - [12/Sep/2025:09:26:22 -0700] "POST /wp-cron.php?doing_wp_cron=1757694382.0889959335327148437500 HTTP/1.1" 200 - "-" "WordPress/6.8.2; https://lemonattorneynearme.com" 11 **0/11742**
66.249.74.15 - - [12/Sep/2025:09:26:21 -0700] "GET /product/138710021.htm HTTP/1.1" 404 12434 "-" "Mozilla/5.0 (Linux; Android 6.0.1; Nexus 5X Build/MMB29P) AppleWebKit/537.36 (KHTML, like Gecko) Chrome/140.0.7339.127 Mobile Safari/537.36 (compatible; Googlebot/2.1; +http://www.google.com/bot.html)" 218 **0/218610**
173.201.186.239 - - [12/Sep/2025:09:26:32 -0700] "POST /wp-cron.php?doing_wp_cron=1757694392.5762999057769775390625 HTTP/1.1" 200 - "-" "WordPress/6.8.2; https://lemonattorneynearme.com" 13 **0/13253**
114.119.144.42 - - [12/Sep/2025:09:26:32 -0700] "GET /product/1502823877.htm HTTP/1.1" 404 55906 "-" "Mozilla/5.0 (Linux; Android 7.0;) AppleWebKit/537.36 (KHTML, like Gecko) Mobile Safari/537.36 (compatible; PetalBot;+https://webmaster.petalsearch.com/site/petalbot)" 224 **0/224529**
173.201.186.239 - - [12/Sep/2025:09:28:44 -0700] "POST /wp-cron.php?doing_wp_cron=1757694524.2988119125366210937500 HTTP/1.1" 200 - "-" "WordPress/6.8.2; https://lemonattorneynearme.com" 10 **0/10124**
114.119.136.12 - - [12/Sep/2025:09:28:44 -0700] "GET /product/1502802583.htm HTTP/1.1" 404 55906 "-" "Mozilla/5.0 (Linux; Android 7.0;) AppleWebKit/537.36 (KHTML, like Gecko) Mobile Safari/537.36 (compatible; PetalBot;+https://webmaster.petalsearch.com/site/petalbot)" 201 **0/201547**
173.201.186.239 - - [12/Sep/2025:09:30:02 -0700] "POST /wp-cron.php?doing_wp_cron=1757694602.6159000396728515625000 HTTP/1.1" 200 - "-" "WordPress/6.8.2; https://lemonattorneynearme.com" 37 **0/37468**
57.141.0.28 - - [12/Sep/2025:09:30:02 -0700] "GET /product/3091431849.htm HTTP/2.0" 404 55906 "-" "meta-externalagent/1.1 (+https://developers.facebook.com/docs/sharing/webmasters/crawler)" 791 **0/791160**
173.201.186.239 - - [12/Sep/2025:09:30:53 -0700] "POST /wp-cron.php?doing_wp_cron=1757694653.2968339920043945312500 HTTP/1.1" 200 - "-" "WordPress/6.8.2; https://lemonattorneynearme.com" 14 **0/14383**
114.119.156.232 - - [12/Sep/2025:09:30:53 -0700] "GET /product/445218645.htm HTTP/1.1" 404 55906 "-" "Mozilla/5.0 (Linux; Android 7.0;) AppleWebKit/537.36 (KHTML, like Gecko) Mobile Safari/537.36 (compatible; PetalBot;+https://webmaster.petalsearch.com/site/petalbot)" 194 **0/194741**
66.249.74.14 - - [12/Sep/2025:09:31:06 -0700] "GET /product/57200746.htm HTTP/1.1" 404 12434 "-" "Mozilla/5.0 (Linux; Android 6.0.1; Nexus 5X Build/MMB29P) AppleWebKit/537.36 (KHTML, like Gecko) Chrome/140.0.7339.127 Mobile Safari/537.36 (compatible; Googlebot/2.1; +http://www.google.com/bot.html)" 155 **0/155616**
173.201.186.239 - - [12/Sep/2025:09:34:24 -0700] "POST /wp-cron.php?doing_wp_cron=1757694864.8936979770660400390625 HTTP/1.1" 200 - "-" "WordPress/6.8.2; https://lemonattorneynearme.com" 12 **0/12819**
66.249.74.14 - - [12/Sep/2025:09:34:24 -0700] "GET /product/356990959.htm HTTP/1.1" 404 12434 "-" "Mozilla/5.0 (Linux; Android 6.0.1; Nexus 5X Build/MMB29P) AppleWebKit/537.36 (KHTML, like Gecko) Chrome/140.0.7339.127 Mobile Safari/537.36 (compatible; Googlebot/2.1; +http://www.google.com/bot.html)" 192 **0/192007**
173.201.186.239 - - [12/Sep/2025:09:34:34 -0700] "POST /wp-cron.php?doing_wp_cron=1757694874.0975990295410156250000 HTTP/1.1" 200 - "-" "WordPress/6.8.2; https://lemonattorneynearme.com" 13 **0/13879**
114.119.147.166 - - [12/Sep/2025:09:34:34 -0700] "GET /product/445167561.htm HTTP/1.1" 404 55906 "-" "Mozilla/5.0 (Linux; Android 7.0;) AppleWebKit/537.36 (KHTML, like Gecko) Mobile Safari/537.36 (compatible; PetalBot;+https://webmaster.petalsearch.com/site/petalbot)" 148 **0/148386**
173.201.186.239 - - [12/Sep/2025:09:35:57 -0700] "POST /wp-cron.php?doing_wp_cron=1757694957.9682350158691406250000 HTTP/1.1" 200 - "-" "WordPress/6.8.2; https://lemonattorneynearme.com" 12 **0/12975**
66.249.74.15 - - [12/Sep/2025:09:35:57 -0700] "GET /product/919344145.htm HTTP/1.1" 404 12434 "-" "Mozilla/5.0 (compatible; Googlebot/2.1; +http://www.google.com/bot.html)" 133 **0/133634**
114.119.150.15 - - [12/Sep/2025:09:36:01 -0700] "GET /product/445149532.htm HTTP/1.1" 404 55906 "-" "Mozilla/5.0 (Linux; Android 7.0;) AppleWebKit/537.36 (KHTML, like Gecko) Mobile Safari/537.36 (compatible; PetalBot;+https://webmaster.petalsearch.com/site/petalbot)" 381 **0/381999**
66.249.74.15 - - [12/Sep/2025:09:36:06 -0700] "GET /product/edit/L1309493465 HTTP/1.1" 404 12434 "-" "Mozilla/5.0 (Linux; Android 6.0.1; Nexus 5X Build/MMB29P) AppleWebKit/537.36 (KHTML, like Gecko) Chrome/140.0.7339.127 Mobile Safari/537.36 (compatible; Googlebot/2.1; +http://www.google.com/bot.html)" 139 **0/139858**
173.201.186.239 - - [12/Sep/2025:09:36:44 -0700] "POST /wp-cron.php?doing_wp_cron=1757695004.0993549823760986328125 HTTP/1.1" 200 - "-" "WordPress/6.8.2; https://lemonattorneynearme.com" 15 **0/15018**
66.249.74.14 - - [12/Sep/2025:09:36:44 -0700] "GET /product/88443651.htm HTTP/1.1" 404 12434 "-" "Mozilla/5.0 (Linux; Android 6.0.1; Nexus 5X Build/MMB29P) AppleWebKit/537.36 (KHTML, like Gecko) Chrome/140.0.7339.127 Mobile Safari/537.36 (compatible; Googlebot/2.1; +http://www.google.com/bot.html)" 194 **0/194231**
66.249.74.13 - - [12/Sep/2025:09:37:29 -0700] "GET /product/1060802121.htm HTTP/1.1" 404 12434 "-" "Mozilla/5.0 (Linux; Android 6.0.1; Nexus 5X Build/MMB29P) AppleWebKit/537.36 (KHTML, like Gecko) Chrome/140.0.7339.127 Mobile Safari/537.36 (compatible; Googlebot/2.1; +http://www.google.com/bot.html)" 154 **0/154304**
173.201.186.239 - - [12/Sep/2025:09:38:03 -0700] "POST /wp-cron.php?doing_wp_cron=1757695083.7651469707489013671875 HTTP/1.1" 200 - "-" "WordPress/6.8.2; https://lemonattorneynearme.com" 11 **0/11093**
114.119.139.172 - - [12/Sep/2025:09:38:03 -0700] "GET /product/445046383.htm HTTP/1.1" 404 55906 "-" "Mozilla/5.0 (Linux; Android 7.0;) AppleWebKit/537.36 (KHTML, like Gecko) Mobile Safari/537.36 (compatible; PetalBot;+https://webmaster.petalsearch.com/site/petalbot)" 136 **0/136122**
173.201.186.239 - - [12/Sep/2025:09:38:50 -0700] "POST /wp-cron.php?doing_wp_cron=1757695130.9494490623474121093750 HTTP/1.1" 200 - "-" "WordPress/6.8.2; https://lemonattorneynearme.com" 13 **0/13182**
66.249.74.15 - - [12/Sep/2025:09:38:50 -0700] "GET /product/1620654160.htm HTTP/1.1" 404 12434 "-" "Mozilla/5.0 (compatible; Googlebot/2.1; +http://www.google.com/bot.html)" 165 **0/165800**
66.249.74.14 - - [12/Sep/2025:09:39:01 -0700] "GET /product/1620599973.htm HTTP/1.1" 404 12434 "-" "Mozilla/5.0 (compatible; Googlebot/2.1; +http://www.google.com/bot.html)" 160 **0/160214**
173.201.186.239 - - [12/Sep/2025:09:40:17 -0700] "POST /wp-cron.php?doing_wp_cron=1757695217.8313169479370117187500 HTTP/1.1" 200 - "-" "WordPress/6.8.2; https://lemonattorneynearme.com" 14 **0/14762**
114.119.150.15 - - [12/Sep/2025:09:40:17 -0700] "GET /product/445021834.htm HTTP/1.1" 404 55906 "-" "Mozilla/5.0 (Linux; Android 7.0;) AppleWebKit/537.36 (KHTML, like Gecko) Mobile Safari/537.36 (compatible; PetalBot;+https://webmaster.petalsearch.com/site/petalbot)" 161 **0/161765**
66.249.74.15 - - [12/Sep/2025:09:40:24 -0700] "GET /product/308307659.htm HTTP/1.1" 404 12434 "-" "Mozilla/5.0 (compatible; Googlebot/2.1; +http://www.google.com/bot.html)" 179 **0/179986**
173.201.186.239 - - [12/Sep/2025:09:40:58 -0700] "POST /wp-cron.php?doing_wp_cron=1757695258.7564549446105957031250 HTTP/1.1" 200 - "-" "WordPress/6.8.2; https://lemonattorneynearme.com" 15 **0/15372**
66.249.74.13 - - [12/Sep/2025:09:40:58 -0700] "GET /product/w_1024 HTTP/1.1" 404 12434 "-" "Mozilla/5.0 (Linux; Android 6.0.1; Nexus 5X Build/MMB29P) AppleWebKit/537.36 (KHTML, like Gecko) Chrome/140.0.7339.127 Mobile Safari/537.36 (compatible; Googlebot/2.1; +http://www.google.com/bot.html)" 191 **0/191549**
173.201.186.239 - - [12/Sep/2025:09:42:08 -0700] "POST /wp-cron.php?doing_wp_cron=1757695328.5016000270843505859375 HTTP/1.1" 200 - "-" "WordPress/6.8.2; https://lemonattorneynearme.com" 15 **0/15107**
66.249.74.14 - - [12/Sep/2025:09:42:08 -0700] "GET /product/509520806.htm HTTP/1.1" 404 12434 "-" "Mozilla/5.0 (Linux; Android 6.0.1; Nexus 5X Build/MMB29P) AppleWebKit/537.36 (KHTML, like Gecko) Chrome/140.0.7339.127 Mobile Safari/537.36 (compatible; Googlebot/2.1; +http://www.google.com/bot.html)" 198 **0/198492**
173.201.186.239 - - [12/Sep/2025:09:42:33 -0700] "POST /wp-cron.php?doing_wp_cron=1757695353.2565310001373291015625 HTTP/1.1" 200 - "-" "WordPress/6.8.2; https://lemonattorneynearme.com" 10 **0/10134**
114.119.139.172 - - [12/Sep/2025:09:42:33 -0700] "GET /product/445018651.htm HTTP/1.1" 404 55906 "-" "Mozilla/5.0 (Linux; Android 7.0;) AppleWebKit/537.36 (KHTML, like Gecko) Mobile Safari/537.36 (compatible; PetalBot;+https://webmaster.petalsearch.com/site/petalbot)" 146 **0/146548**
66.249.74.13 - - [12/Sep/2025:09:42:34 -0700] "GET /product/2456803826.htm HTTP/1.1" 404 12434 "-" "Mozilla/5.0 (Linux; Android 6.0.1; Nexus 5X Build/MMB29P) AppleWebKit/537.36 (KHTML, like Gecko) Chrome/140.0.7339.127 Mobile Safari/537.36 (compatible; Googlebot/2.1; +http://www.google.com/bot.html)" 114 **0/114767**
74.125.217.13 - - [12/Sep/2025:09:42:53 -0700] "GET /product/332248304.htm HTTP/1.1" 404 13026 "-" "Mozilla/5.0 (X11; Linux x86_64) AppleWebKit/537.36 (KHTML, like Gecko) Chrome/139.0.7258.127 Safari/537.36" 137 **0/137921**
74.125.217.13 - - [12/Sep/2025:09:42:53 -0700] "GET /wp-content/uploads/2022/05/alphalaw-logo-300x118.jpg HTTP/1.1" 200 8907 "https://lemonattorneynearme.com/product/332248304.htm" "Mozilla/5.0 (X11; Linux x86_64) AppleWebKit/537.36 (KHTML, like Gecko) Chrome/139.0.7258.127 Safari/537.36" 9 **0/9046**
74.125.217.13 - - [12/Sep/2025:09:42:54 -0700] "GET /wp-content/plugins/cookie-notice/css/front.min.css?ver=6.8.2 HTTP/1.1" 200 967 "https://lemonattorneynearme.com/product/332248304.htm" "Mozilla/5.0 (X11; Linux x86_64) AppleWebKit/537.36 (KHTML, like Gecko) Chrome/139.0.7258.127 Safari/537.36" 10 **0/10464**
74.125.217.13 - - [12/Sep/2025:09:42:54 -0700] "GET /wp-content/plugins/google-analytics-for-wordpress/assets/js/frontend-gtag.min.js?ver=8.7.0 HTTP/1.1" 200 3018 "https://lemonattorneynearme.com/product/332248304.htm" "Mozilla/5.0 (X11; Linux x86_64) AppleWebKit/537.36 (KHTML, like Gecko) Chrome/139.0.7258.127 Safari/537.36" 17 **0/17112**
74.125.217.13 - - [12/Sep/2025:09:42:54 -0700] "GET /wp-content/themes/twentytwentytwo/style.css?ver=1.2 HTTP/1.1" 200 1781 "https://lemonattorneynearme.com/product/332248304.htm" "Mozilla/5.0 (X11; Linux x86_64) AppleWebKit/537.36 (KHTML, like Gecko) Chrome/139.0.7258.127 Safari/537.36" 6 **0/6653**
74.125.217.13 - - [12/Sep/2025:09:42:54 -0700] "GET /wp-content/plugins/cookie-notice/js/front.min.js?ver=2.3.1 HTTP/1.1" 200 1786 "https://lemonattorneynearme.com/product/332248304.htm" "Mozilla/5.0 (X11; Linux x86_64) AppleWebKit/537.36 (KHTML, like Gecko) Chrome/139.0.7258.127 Safari/537.36" 11 **0/11771**
74.125.217.13 - - [12/Sep/2025:09:42:54 -0700] "GET /wp-content/themes/twentytwentytwo/assets/fonts/source-serif-pro/SourceSerif4Variable-Roman.ttf.woff2 HTTP/1.1" 200 428456 "https://lemonattorneynearme.com/product/332248304.htm" "Mozilla/5.0 (X11; Linux x86_64) AppleWebKit/537.36 (KHTML, like Gecko) Chrome/139.0.7258.127 Safari/537.36" 48 **0/48169**
74.125.217.13 - - [12/Sep/2025:09:42:54 -0700] "GET /wp-includes/js/wp-emoji-release.min.js?ver=6.8.2 HTTP/1.1" 200 4757 "https://lemonattorneynearme.com/product/332248304.htm" "Mozilla/5.0 (X11; Linux x86_64) AppleWebKit/537.36 (KHTML, like Gecko) Chrome/139.0.7258.127 Safari/537.36" 8 **0/8334**
173.201.186.239 - - [12/Sep/2025:09:43:30 -0700] "POST /wp-cron.php?doing_wp_cron=1757695410.5005810260772705078125 HTTP/1.1" 200 - "-" "WordPress/6.8.2; https://lemonattorneynearme.com" 14 **0/14149**
57.141.0.53 - - [12/Sep/2025:09:43:30 -0700] "GET /product/2827412513.htm HTTP/2.0" 404 55906 "-" "meta-externalagent/1.1 (+https://developers.facebook.com/docs/sharing/webmasters/crawler)" 237 **0/237371**
173.201.186.239 - - [12/Sep/2025:09:44:54 -0700] "POST /wp-cron.php?doing_wp_cron=1757695494.1151440143585205078125 HTTP/1.1" 200 - "-" "WordPress/6.8.2; https://lemonattorneynearme.com" 11 **0/11490**
114.119.150.15 - - [12/Sep/2025:09:44:54 -0700] "GET /product/445009110.htm HTTP/1.1" 404 55906 "-" "Mozilla/5.0 (Linux; Android 7.0;) AppleWebKit/537.36 (KHTML, like Gecko) Mobile Safari/537.36 (compatible; PetalBot;+https://webmaster.petalsearch.com/site/petalbot)" 147 **0/147996**
173.201.186.239 - - [12/Sep/2025:09:46:43 -0700] "POST /wp-cron.php?doing_wp_cron=1757695603.3180530071258544921875 HTTP/1.1" 200 - "-" "WordPress/6.8.2; https://lemonattorneynearme.com" 14 **0/14188**
66.249.74.15 - - [12/Sep/2025:09:46:43 -0700] "GET /product/1270335919.htm HTTP/1.1" 404 12434 "-" "Mozilla/5.0 (Linux; Android 6.0.1; Nexus 5X Build/MMB29P) AppleWebKit/537.36 (KHTML, like Gecko) Chrome/140.0.7339.127 Mobile Safari/537.36 (compatible; Googlebot/2.1; +http://www.google.com/bot.html)" 164 **0/164973**
114.119.135.233 - - [12/Sep/2025:09:47:10 -0700] "GET /product/444626170.htm HTTP/1.1" 404 55906 "-" "Mozilla/5.0 (Linux; Android 7.0;) AppleWebKit/537.36 (KHTML, like Gecko) Mobile Safari/537.36 (compatible; PetalBot;+https://webmaster.petalsearch.com/site/petalbot)" 110 **0/110605**
173.201.186.239 - - [12/Sep/2025:09:49:21 -0700] "POST /wp-cron.php?doing_wp_cron=1757695761.4362521171569824218750 HTTP/1.1" 200 - "-" "WordPress/6.8.2; https://lemonattorneynearme.com" 13 **0/13731**
114.119.147.166 - - [12/Sep/2025:09:49:21 -0700] "GET /product/2761981523.htm HTTP/1.1" 404 55906 "https://lemonattorneynearme.com/sitemap.xml" "Mozilla/5.0 (Linux; Android 7.0;) AppleWebKit/537.36 (KHTML, like Gecko) Mobile Safari/537.36 (compatible; PetalBot;+https://webmaster.petalsearch.com/site/petalbot)" 154 **0/154893**
173.201.186.239 - - [12/Sep/2025:09:49:37 -0700] "POST /wp-cron.php?doing_wp_cron=1757695777.0576300621032714843750 HTTP/1.1" 200 - "-" "WordPress/6.8.2; https://lemonattorneynearme.com" 11 **0/11219**
66.249.74.13 - - [12/Sep/2025:09:49:36 -0700] "GET /product/1019281005.htm HTTP/1.1" 404 12434 "-" "Mozilla/5.0 (Linux; Android 6.0.1; Nexus 5X Build/MMB29P) AppleWebKit/537.36 (KHTML, like Gecko) Chrome/140.0.7339.127 Mobile Safari/537.36 (compatible; Googlebot/2.1; +http://www.google.com/bot.html)" 175 **0/175013**
173.201.186.239 - - [12/Sep/2025:09:51:26 -0700] "POST /wp-cron.php?doing_wp_cron=1757695886.8683760166168212890625 HTTP/1.1" 200 - "-" "WordPress/6.8.2; https://lemonattorneynearme.com" 10 **0/10493**
114.119.156.232 - - [12/Sep/2025:09:51:26 -0700] "GET /product/2761844292.htm HTTP/1.1" 404 55906 "https://lemonattorneynearme.com/sitemap.xml" "Mozilla/5.0 (Linux; Android 7.0;) AppleWebKit/537.36 (KHTML, like Gecko) Mobile Safari/537.36 (compatible; PetalBot;+https://webmaster.petalsearch.com/site/petalbot)" 212 **0/212047**
173.201.186.239 - - [12/Sep/2025:09:51:30 -0700] "POST /wp-cron.php?doing_wp_cron=1757695890.1401801109313964843750 HTTP/1.1" 200 - "-" "WordPress/6.8.2; https://lemonattorneynearme.com" 13 **0/13581**
66.249.74.15 - - [12/Sep/2025:09:51:30 -0700] "GET /product/edit/L4095574782 HTTP/1.1" 404 12434 "-" "Mozilla/5.0 (Linux; Android 6.0.1; Nexus 5X Build/MMB29P) AppleWebKit/537.36 (KHTML, like Gecko) Chrome/140.0.7339.127 Mobile Safari/537.36 (compatible; Googlebot/2.1; +http://www.google.com/bot.html)" 237 **0/237785**
47.82.11.33 - - [12/Sep/2025:09:52:20 -0700] "GET /product/64716000.htm HTTP/1.1" 404 13026 "https://lemonattorneynearme.com/" "Mozilla/5.0 (Windows NT 10.0; Win64; x64; rv:137.0) Gecko/20100101 Firefox/137.0" 152 **0/152409**
173.201.186.239 - - [12/Sep/2025:09:53:35 -0700] "POST /wp-cron.php?doing_wp_cron=1757696015.6189720630645751953125 HTTP/1.1" 200 - "-" "WordPress/6.8.2; https://lemonattorneynearme.com" 12 **0/12656**
114.119.139.172 - - [12/Sep/2025:09:53:35 -0700] "GET /product/2761728339.htm HTTP/1.1" 404 55906 "https://lemonattorneynearme.com/sitemap.xml" "Mozilla/5.0 (Linux; Android 7.0;) AppleWebKit/537.36 (KHTML, like Gecko) Mobile Safari/537.36 (compatible; PetalBot;+https://webmaster.petalsearch.com/site/petalbot)" 151 **0/151379**
173.201.186.239 - - [12/Sep/2025:09:55:55 -0700] "POST /wp-cron.php?doing_wp_cron=1757696155.7242810726165771484375 HTTP/1.1" 200 - "-" "WordPress/6.8.2; https://lemonattorneynearme.com" 12 **0/12842**
66.249.74.14 - - [12/Sep/2025:09:55:55 -0700] "GET /product/62810505.htm HTTP/1.1" 404 12434 "-" "Mozilla/5.0 (Linux; Android 6.0.1; Nexus 5X Build/MMB29P) AppleWebKit/537.36 (KHTML, like Gecko) Chrome/140.0.7339.127 Mobile Safari/537.36 (compatible; Googlebot/2.1; +http://www.google.com/bot.html)" 172 **0/172166**
114.119.150.15 - - [12/Sep/2025:09:55:56 -0700] "GET /product/2761650728.htm HTTP/1.1" 404 55906 "https://lemonattorneynearme.com/sitemap.xml" "Mozilla/5.0 (Linux; Android 7.0;) AppleWebKit/537.36 (KHTML, like Gecko) Mobile Safari/537.36 (compatible; PetalBot;+https://webmaster.petalsearch.com/site/petalbot)" 128 **0/128250**
173.201.186.239 - - [12/Sep/2025:09:58:14 -0700] "POST /wp-cron.php?doing_wp_cron=1757696294.8327429294586181640625 HTTP/1.1" 200 - "-" "WordPress/6.8.2; https://lemonattorneynearme.com" 13 **0/13206**
66.249.74.15 - - [12/Sep/2025:09:58:14 -0700] "GET /product/2997042007.htm HTTP/1.1" 404 12434 "-" "Mozilla/5.0 (Linux; Android 6.0.1; Nexus 5X Build/MMB29P) AppleWebKit/537.36 (KHTML, like Gecko) Chrome/140.0.7339.127 Mobile Safari/537.36 (compatible; Googlebot/2.1; +http://www.google.com/bot.html)" 179 **0/179365**
114.119.150.15 - - [12/Sep/2025:09:58:15 -0700] "GET /product/2761442124.htm HTTP/1.1" 404 55906 "https://lemonattorneynearme.com/sitemap.xml" "Mozilla/5.0 (Linux; Android 7.0;) AppleWebKit/537.36 (KHTML, like Gecko) Mobile Safari/537.36 (compatible; PetalBot;+https://webmaster.petalsearch.com/site/petalbot)" 136 **0/136188**
173.201.186.239 - - [12/Sep/2025:09:58:59 -0700] "POST /wp-cron.php?doing_wp_cron=1757696339.6882979869842529296875 HTTP/1.1" 200 - "-" "WordPress/6.8.2; https://lemonattorneynearme.com" 13 **0/13485**
57.141.0.72 - - [12/Sep/2025:09:58:59 -0700] "GET /product/3091207322.htm HTTP/2.0" 404 55906 "-" "meta-externalagent/1.1 (+https://developers.facebook.com/docs/sharing/webmasters/crawler)" 179 **0/179152**
173.201.186.239 - - [12/Sep/2025:09:59:49 -0700] "POST /wp-cron.php?doing_wp_cron=1757696389.6104590892791748046875 HTTP/1.1" 200 - "-" "WordPress/6.8.2; https://lemonattorneynearme.com" 18 **0/18662**
66.249.74.13 - - [12/Sep/2025:09:59:49 -0700] "GET /product/276995575.htm HTTP/1.1" 404 12434 "-" "Mozilla/5.0 (compatible; Googlebot/2.1; +http://www.google.com/bot.html)" 188 **0/188886**
66.249.74.15 - - [12/Sep/2025:10:00:16 -0700] "GET /product/411382989.htm HTTP/1.1" 404 12434 "-" "Mozilla/5.0 (Linux; Android 6.0.1; Nexus 5X Build/MMB29P) AppleWebKit/537.36 (KHTML, like Gecko) Chrome/140.0.7339.127 Mobile Safari/537.36 (compatible; Googlebot/2.1; +http://www.google.com/bot.html)" 183 **0/183446**
114.119.156.232 - - [12/Sep/2025:10:00:28 -0700] "GET /product/2761438941.htm HTTP/1.1" 404 55906 "https://lemonattorneynearme.com/sitemap.xml" "Mozilla/5.0 (Linux; Android 7.0;) AppleWebKit/537.36 (KHTML, like Gecko) Mobile Safari/537.36 (compatible; PetalBot;+https://webmaster.petalsearch.com/site/petalbot)" 168 **0/168171**
173.201.186.239 - - [12/Sep/2025:10:01:44 -0700] "POST /wp-cron.php?doing_wp_cron=1757696504.4704639911651611328125 HTTP/1.1" 200 - "-" "WordPress/6.8.2; https://lemonattorneynearme.com" 14 **0/14217**
57.141.0.56 - - [12/Sep/2025:10:01:43 -0700] "GET /product/579963645.htm HTTP/2.0" 404 55906 "-" "meta-externalagent/1.1 (+https://developers.facebook.com/docs/sharing/webmasters/crawler)" 1162 **1/1162984**
173.201.186.239 - - [12/Sep/2025:10:02:41 -0700] "POST /wp-cron.php?doing_wp_cron=1757696561.2794399261474609375000 HTTP/1.1" 200 - "-" "WordPress/6.8.2; https://lemonattorneynearme.com" 13 **0/13394**
114.119.156.232 - - [12/Sep/2025:10:02:41 -0700] "GET /product/1502800461.htm HTTP/1.1" 404 55906 "-" "Mozilla/5.0 (Linux; Android 7.0;) AppleWebKit/537.36 (KHTML, like Gecko) Mobile Safari/537.36 (compatible; PetalBot;+https://webmaster.petalsearch.com/site/petalbot)" 189 **0/189734**
173.201.186.239 - - [12/Sep/2025:10:04:40 -0700] "POST /wp-cron.php?doing_wp_cron=1757696680.0481410026550292968750 HTTP/1.1" 200 - "-" "WordPress/6.8.2; https://lemonattorneynearme.com" 16 **0/16202**
66.249.74.14 - - [12/Sep/2025:10:04:39 -0700] "GET /product/160369584.htm HTTP/1.1" 404 12434 "-" "Mozilla/5.0 (compatible; Googlebot/2.1; +http://www.google.com/bot.html)" 200 **0/200850**
114.119.156.232 - - [12/Sep/2025:10:04:49 -0700] "GET /product/1502781345.htm HTTP/1.1" 404 55906 "-" "Mozilla/5.0 (Linux; Android 7.0;) AppleWebKit/537.36 (KHTML, like Gecko) Mobile Safari/537.36 (compatible; PetalBot;+https://webmaster.petalsearch.com/site/petalbot)" 123 **0/123879**
57.141.0.66 - - [12/Sep/2025:10:04:51 -0700] "GET /product/579887031.htm HTTP/2.0" 404 55906 "-" "meta-externalagent/1.1 (+https://developers.facebook.com/docs/sharing/webmasters/crawler)" 103 **0/103935**
173.201.186.239 - - [12/Sep/2025:10:05:37 -0700] "POST /wp-cron.php?doing_wp_cron=1757696737.7853529453277587890625 HTTP/1.1" 200 - "-" "WordPress/6.8.2; https://lemonattorneynearme.com" 11 **0/11059**
147.185.132.144 - - [12/Sep/2025:10:05:37 -0700] "GET / HTTP/1.1" 301 - "-" "Hello from Palo Alto Networks, find out more about our scans in https://docs-cortex.paloaltonetworks.com/r/1/Cortex-Xpanse/Scanning-activity" 99 **0/99315**
173.201.186.239 - - [12/Sep/2025:10:06:56 -0700] "POST /wp-cron.php?doing_wp_cron=1757696816.1641480922698974609375 HTTP/1.1" 200 - "-" "WordPress/6.8.2; https://lemonattorneynearme.com" 11 **0/11265**
114.119.135.233 - - [12/Sep/2025:10:06:56 -0700] "GET / HTTP/1.1" 200 18138 "-" "Mozilla/5.0 (Linux; Android 7.0;) AppleWebKit/537.36 (KHTML, like Gecko) Mobile Safari/537.36 (compatible; PetalBot;+https://webmaster.petalsearch.com/site/petalbot)" 181 **0/181619**
173.201.186.239 - - [12/Sep/2025:10:08:35 -0700] "POST /wp-cron.php?doing_wp_cron=1757696915.6711759567260742187500 HTTP/1.1" 200 - "-" "WordPress/6.8.2; https://lemonattorneynearme.com" 25 **0/25337**
66.249.74.15 - - [12/Sep/2025:10:08:35 -0700] "GET /product/325359617.htm HTTP/1.1" 404 12434 "-" "Mozilla/5.0 (Linux; Android 6.0.1; Nexus 5X Build/MMB29P) AppleWebKit/537.36 (KHTML, like Gecko) Chrome/140.0.7339.127 Mobile Safari/537.36 (compatible; Googlebot/2.1; +http://www.google.com/bot.html)" 211 **0/211144**
114.119.139.172 - - [12/Sep/2025:10:09:16 -0700] "GET /product/445119750.htm HTTP/1.1" 404 55906 "-" "Mozilla/5.0 (Linux; Android 7.0;) AppleWebKit/537.36 (KHTML, like Gecko) Mobile Safari/537.36 (compatible; PetalBot;+https://webmaster.petalsearch.com/site/petalbot)" 140 **0/140038**
173.201.186.239 - - [12/Sep/2025:10:11:07 -0700] "POST /wp-cron.php?doing_wp_cron=1757697067.8618168830871582031250 HTTP/1.1" 200 - "-" "WordPress/6.8.2; https://lemonattorneynearme.com" 16 **0/16255**
66.249.74.14 - - [12/Sep/2025:10:11:07 -0700] "GET /product/2079067133.htm HTTP/1.1" 404 12434 "-" "Mozilla/5.0 (Linux; Android 6.0.1; Nexus 5X Build/MMB29P) AppleWebKit/537.36 (KHTML, like Gecko) Chrome/140.0.7339.127 Mobile Safari/537.36 (compatible; Googlebot/2.1; +http://www.google.com/bot.html)" 238 **0/238197**
114.119.129.218 - - [12/Sep/2025:10:11:29 -0700] "GET /product/445011224.htm HTTP/1.1" 404 55906 "-" "Mozilla/5.0 (Linux; Android 7.0;) AppleWebKit/537.36 (KHTML, like Gecko) Mobile Safari/537.36 (compatible; PetalBot;+https://webmaster.petalsearch.com/site/petalbot)" 129 **0/129858**
173.201.186.239 - - [12/Sep/2025:10:13:34 -0700] "POST /wp-cron.php?doing_wp_cron=1757697214.2687489986419677734375 HTTP/1.1" 200 - "-" "WordPress/6.8.2; https://lemonattorneynearme.com" 12 **0/12904**
114.119.129.218 - - [12/Sep/2025:10:13:34 -0700] "GET /product/444769783.htm HTTP/1.1" 404 55906 "-" "Mozilla/5.0 (Linux; Android 7.0;) AppleWebKit/537.36 (KHTML, like Gecko) Mobile Safari/537.36 (compatible; PetalBot;+https://webmaster.petalsearch.com/site/petalbot)" 176 **0/176145**
173.201.186.239 - - [12/Sep/2025:10:14:33 -0700] "POST /wp-cron.php?doing_wp_cron=1757697273.4838240146636962890625 HTTP/1.1" 200 - "-" "WordPress/6.8.2; https://lemonattorneynearme.com" 11 **0/11660**
66.249.74.15 - - [12/Sep/2025:10:14:33 -0700] "GET /product/2793977890.htm HTTP/1.1" 404 12434 "-" "Mozilla/5.0 (Linux; Android 6.0.1; Nexus 5X Build/MMB29P) AppleWebKit/537.36 (KHTML, like Gecko) Chrome/140.0.7339.127 Mobile Safari/537.36 (compatible; Googlebot/2.1; +http://www.google.com/bot.html)" 145 **0/145037**
173.201.186.239 - - [12/Sep/2025:10:15:40 -0700] "POST /wp-cron.php?doing_wp_cron=1757697340.8182790279388427734375 HTTP/1.1" 200 - "-" "WordPress/6.8.2; https://lemonattorneynearme.com" 11 **0/11883**
114.119.135.233 - - [12/Sep/2025:10:15:40 -0700] "GET /product/444693161.htm HTTP/1.1" 404 55906 "-" "Mozilla/5.0 (Linux; Android 7.0;) AppleWebKit/537.36 (KHTML, like Gecko) Mobile Safari/537.36 (compatible; PetalBot;+https://webmaster.petalsearch.com/site/petalbot)" 153 **0/153835**
66.249.79.132 - - [12/Sep/2025:10:15:58 -0700] "GET /zhHant/product/surugaya/L2770537745?campaign_uid=f64d716db5e979ed2f947dbaf4296895b951ae7f HTTP/1.1" 404 12434 "-" "Mozilla/5.0 (Linux; Android 6.0.1; Nexus 5X Build/MMB29P) AppleWebKit/537.36 (KHTML, like Gecko) Chrome/140.0.7339.127 Mobile Safari/537.36 (compatible; Googlebot/2.1; +http://www.google.com/bot.html)" 113 **0/113497**
173.201.186.239 - - [12/Sep/2025:10:17:52 -0700] "POST /wp-cron.php?doing_wp_cron=1757697472.1067678928375244140625 HTTP/1.1" 200 - "-" "WordPress/6.8.2; https://lemonattorneynearme.com" 25 **0/25690**
114.119.129.218 - - [12/Sep/2025:10:17:52 -0700] "GET /product/2761579355.htm HTTP/1.1" 404 55906 "https://lemonattorneynearme.com/sitemap.xml" "Mozilla/5.0 (Linux; Android 7.0;) AppleWebKit/537.36 (KHTML, like Gecko) Mobile Safari/537.36 (compatible; PetalBot;+https://webmaster.petalsearch.com/site/petalbot)" 184 **0/184994**
66.249.74.13 - - [12/Sep/2025:10:18:25 -0700] "GET /product/57210303.htm HTTP/1.1" 404 12434 "-" "Mozilla/5.0 (Linux; Android 6.0.1; Nexus 5X Build/MMB29P) AppleWebKit/537.36 (KHTML, like Gecko) Chrome/140.0.7339.127 Mobile Safari/537.36 (compatible; Googlebot/2.1; +http://www.google.com/bot.html)" 139 **0/139600**
173.201.186.239 - - [12/Sep/2025:10:20:03 -0700] "POST /wp-cron.php?doing_wp_cron=1757697603.6745750904083251953125 HTTP/1.1" 200 - "-" "WordPress/6.8.2; https://lemonattorneynearme.com" 23 **0/23009**
114.119.136.12 - - [12/Sep/2025:10:20:03 -0700] "GET /product/1502780228.htm HTTP/1.1" 404 55906 "-" "Mozilla/5.0 (Linux; Android 7.0;) AppleWebKit/537.36 (KHTML, like Gecko) Mobile Safari/537.36 (compatible; PetalBot;+https://webmaster.petalsearch.com/site/petalbot)" 335 **0/335172**
173.201.186.239 - - [12/Sep/2025:10:20:30 -0700] "POST /wp-cron.php?doing_wp_cron=1757697630.7639980316162109375000 HTTP/1.1" 200 - "-" "WordPress/6.8.2; https://lemonattorneynearme.com" 29 **0/29134**
66.249.74.14 - - [12/Sep/2025:10:20:30 -0700] "GET /zhHant/product/surugaya/L1942716580?campaign_uid=f64d716db5e979ed2f947dbaf4296895b951ae7f HTTP/1.1" 404 12434 "-" "Mozilla/5.0 (Linux; Android 6.0.1; Nexus 5X Build/MMB29P) AppleWebKit/537.36 (KHTML, like Gecko) Chrome/140.0.7339.127 Mobile Safari/537.36 (compatible; Googlebot/2.1; +http://www.google.com/bot.html)" 210 **0/210312**
66.249.74.13 - - [12/Sep/2025:10:20:34 -0700] "GET /product/1702148563.htm HTTP/1.1" 404 12434 "-" "Mozilla/5.0 (compatible; Googlebot/2.1; +http://www.google.com/bot.html)" 159 **0/159211**
66.249.74.13 - - [12/Sep/2025:10:21:03 -0700] "GET /product/65051111.htm HTTP/1.1" 404 12434 "-" "Mozilla/5.0 (Linux; Android 6.0.1; Nexus 5X Build/MMB29P) AppleWebKit/537.36 (KHTML, like Gecko) Chrome/140.0.7339.127 Mobile Safari/537.36 (compatible; Googlebot/2.1; +http://www.google.com/bot.html)" 129 **0/129756**
173.201.186.239 - - [12/Sep/2025:10:22:19 -0700] "POST /wp-cron.php?doing_wp_cron=1757697739.0165491104125976562500 HTTP/1.1" 200 - "-" "WordPress/6.8.2; https://lemonattorneynearme.com" 16 **0/16873**
114.119.129.218 - - [12/Sep/2025:10:22:18 -0700] "GET /product/1502773926.htm HTTP/1.1" 404 55906 "-" "Mozilla/5.0 (Linux; Android 7.0;) AppleWebKit/537.36 (KHTML, like Gecko) Mobile Safari/537.36 (compatible; PetalBot;+https://webmaster.petalsearch.com/site/petalbot)" 172 **0/172776**
173.201.186.239 - - [12/Sep/2025:10:22:34 -0700] "POST /wp-cron.php?doing_wp_cron=1757697754.9193129539489746093750 HTTP/1.1" 200 - "-" "WordPress/6.8.2; https://lemonattorneynearme.com" 11 **0/11393**
66.249.74.14 - - [12/Sep/2025:10:22:34 -0700] "GET /product/637888794.htm HTTP/1.1" 404 12434 "-" "Mozilla/5.0 (Linux; Android 6.0.1; Nexus 5X Build/MMB29P) AppleWebKit/537.36 (KHTML, like Gecko) Chrome/140.0.7339.127 Mobile Safari/537.36 (compatible; Googlebot/2.1; +http://www.google.com/bot.html)" 160 **0/160877**
173.201.186.239 - - [12/Sep/2025:10:23:33 -0700] "POST /wp-cron.php?doing_wp_cron=1757697813.8950240612030029296875 HTTP/1.1" 200 - "-" "WordPress/6.8.2; https://lemonattorneynearme.com" 11 **0/11203**
66.249.74.13 - - [12/Sep/2025:10:23:33 -0700] "GET /product/1888485483.htm HTTP/1.1" 404 12434 "-" "Mozilla/5.0 (Linux; Android 6.0.1; Nexus 5X Build/MMB29P) AppleWebKit/537.36 (KHTML, like Gecko) Chrome/140.0.7339.127 Mobile Safari/537.36 (compatible; Googlebot/2.1; +http://www.google.com/bot.html)" 157 **0/157734**
173.201.186.239 - - [12/Sep/2025:10:24:38 -0700] "POST /wp-cron.php?doing_wp_cron=1757697878.9314808845520019531250 HTTP/1.1" 200 - "-" "WordPress/6.8.2; https://lemonattorneynearme.com" 11 **0/11217**
114.119.150.15 - - [12/Sep/2025:10:24:38 -0700] "GET /product/1502770743.htm HTTP/1.1" 404 55906 "-" "Mozilla/5.0 (Linux; Android 7.0;) AppleWebKit/537.36 (KHTML, like Gecko) Mobile Safari/537.36 (compatible; PetalBot;+https://webmaster.petalsearch.com/site/petalbot)" 193 **0/193422**
66.249.74.15 - - [12/Sep/2025:10:25:21 -0700] "GET /product/1720271760.htm HTTP/1.1" 404 12434 "-" "Mozilla/5.0 (Linux; Android 6.0.1; Nexus 5X Build/MMB29P) AppleWebKit/537.36 (KHTML, like Gecko) Chrome/140.0.7339.127 Mobile Safari/537.36 (compatible; Googlebot/2.1; +http://www.google.com/bot.html)" 130 **0/130766**
173.201.186.239 - - [12/Sep/2025:10:25:36 -0700] "POST /wp-cron.php?doing_wp_cron=1757697936.1488831043243408203125 HTTP/1.1" 200 - "-" "WordPress/6.8.2; https://lemonattorneynearme.com" 13 **0/13802**
66.249.74.14 - - [12/Sep/2025:10:25:36 -0700] "GET /product/3036338642.htm HTTP/1.1" 404 12434 "-" "Mozilla/5.0 (Linux; Android 6.0.1; Nexus 5X Build/MMB29P) AppleWebKit/537.36 (KHTML, like Gecko) Chrome/140.0.7339.127 Mobile Safari/537.36 (compatible; Googlebot/2.1; +http://www.google.com/bot.html)" 158 **0/158445**
173.201.186.239 - - [12/Sep/2025:10:26:54 -0700] "POST /wp-cron.php?doing_wp_cron=1757698014.7547779083251953125000 HTTP/1.1" 200 - "-" "WordPress/6.8.2; https://lemonattorneynearme.com" 13 **0/13345**
114.119.135.233 - - [12/Sep/2025:10:26:54 -0700] "GET /product/1502765438.htm HTTP/1.1" 404 55906 "-" "Mozilla/5.0 (Linux; Android 7.0;) AppleWebKit/537.36 (KHTML, like Gecko) Mobile Safari/537.36 (compatible; PetalBot;+https://webmaster.petalsearch.com/site/petalbot)" 211 **0/211391**
66.249.74.13 - - [12/Sep/2025:10:27:08 -0700] "GET /product/1894757024.htm HTTP/1.1" 404 12434 "-" "Mozilla/5.0 (compatible; Googlebot/2.1; +http://www.google.com/bot.html)" 143 **0/143334**
173.201.186.239 - - [12/Sep/2025:10:28:24 -0700] "POST /wp-cron.php?doing_wp_cron=1757698104.0221669673919677734375 HTTP/1.1" 200 - "-" "WordPress/6.8.2; https://lemonattorneynearme.com" 75 **0/75250**
66.249.74.14 - - [12/Sep/2025:10:28:23 -0700] "GET /?e=0201364087904&channel=008781&from=form.php?product/67760804.htm HTTP/1.1" 301 1 "-" "Mozilla/5.0 (Linux; Android 6.0.1; Nexus 5X Build/MMB29P) AppleWebKit/537.36 (KHTML, like Gecko) Chrome/140.0.7339.127 Mobile Safari/537.36 (compatible; Googlebot/2.1; +http://www.google.com/bot.html)" 176 **0/176981**
66.249.74.14 - - [12/Sep/2025:10:28:24 -0700] "GET /?e=0201364087904&channel=008781&from=form.php%3Fproduct%2F67760804.htm HTTP/1.1" 200 16934 "-" "Mozilla/5.0 (Linux; Android 6.0.1; Nexus 5X Build/MMB29P) AppleWebKit/537.36 (KHTML, like Gecko) Chrome/140.0.7339.127 Mobile Safari/537.36 (compatible; Googlebot/2.1; +http://www.google.com/bot.html)" 174 **0/174227**
173.201.186.239 - - [12/Sep/2025:10:28:48 -0700] "POST /wp-cron.php?doing_wp_cron=1757698128.3641350269317626953125 HTTP/1.1" 200 - "-" "WordPress/6.8.2; https://lemonattorneynearme.com" 28 **0/28661**
114.4.78.240 - - [12/Sep/2025:10:28:48 -0700] "GET / HTTP/2.0" 200 17527 "-" "Mozilla/5.0 (Linux; Android 10; K) AppleWebKit/537.36 (KHTML, like Gecko) Chrome/140.0.0.0 Mobile Safari/537.36" 193 **0/193215**
114.4.78.240 - - [12/Sep/2025:10:28:49 -0700] "GET /wp-content/plugins/slide-anything/owl-carousel/owl.carousel.css?ver=2.2.1.1 HTTP/2.0" 200 1341 "https://lemonattorneynearme.com/" "Mozilla/5.0 (Linux; Android 10; K) AppleWebKit/537.36 (KHTML, like Gecko) Chrome/140.0.0.0 Mobile Safari/537.36" 9 **0/9982**
114.4.78.240 - - [12/Sep/2025:10:28:49 -0700] "GET /wp-includes/blocks/cover/style.min.css?ver=6.8.2 HTTP/2.0" 200 1492 "https://lemonattorneynearme.com/" "Mozilla/5.0 (Linux; Android 10; K) AppleWebKit/537.36 (KHTML, like Gecko) Chrome/140.0.0.0 Mobile Safari/537.36" 10 **0/10197**
114.4.78.240 - - [12/Sep/2025:10:28:49 -0700] "GET /wp-content/plugins/slide-anything/owl-carousel/sa-owl-theme.css?ver=2.0 HTTP/2.0" 200 1933 "https://lemonattorneynearme.com/" "Mozilla/5.0 (Linux; Android 10; K) AppleWebKit/537.36 (KHTML, like Gecko) Chrome/140.0.0.0 Mobile Safari/537.36" 16 **0/16924**
114.4.78.240 - - [12/Sep/2025:10:28:49 -0700] "GET /wp-content/themes/twentytwentytwo/style.css?ver=1.2 HTTP/2.0" 200 1781 "https://lemonattorneynearme.com/" "Mozilla/5.0 (Linux; Android 10; K) AppleWebKit/537.36 (KHTML, like Gecko) Chrome/140.0.0.0 Mobile Safari/537.36" 17 **0/17050**
114.4.78.240 - - [12/Sep/2025:10:28:49 -0700] "GET /wp-content/plugins/cookie-notice/css/front.min.css?ver=6.8.2 HTTP/2.0" 200 967 "https://lemonattorneynearme.com/" "Mozilla/5.0 (Linux; Android 10; K) AppleWebKit/537.36 (KHTML, like Gecko) Chrome/140.0.0.0 Mobile Safari/537.36" 17 **0/17154**
114.4.78.240 - - [12/Sep/2025:10:28:49 -0700] "GET /wp-content/uploads/2022/05/alphalaw-logo.jpg HTTP/2.0" 200 26277 "https://lemonattorneynearme.com/" "Mozilla/5.0 (Linux; Android 10; K) AppleWebKit/537.36 (KHTML, like Gecko) Chrome/140.0.0.0 Mobile Safari/537.36" 17 **0/17220**
114.4.78.240 - - [12/Sep/2025:10:28:49 -0700] "GET /wp-content/plugins/google-analytics-for-wordpress/assets/js/frontend-gtag.min.js?ver=8.7.0 HTTP/2.0" 200 3018 "https://lemonattorneynearme.com/" "Mozilla/5.0 (Linux; Android 10; K) AppleWebKit/537.36 (KHTML, like Gecko) Chrome/140.0.0.0 Mobile Safari/537.36" 28 **0/28051**
114.4.78.240 - - [12/Sep/2025:10:28:49 -0700] "GET /wp-content/uploads/2022/06/yellowcar-768x477.jpg HTTP/2.0" 200 52332 "https://lemonattorneynearme.com/" "Mozilla/5.0 (Linux; Android 10; K) AppleWebKit/537.36 (KHTML, like Gecko) Chrome/140.0.0.0 Mobile Safari/537.36" 28 **0/28287**
114.4.78.240 - - [12/Sep/2025:10:28:49 -0700] "GET /wp-content/plugins/slide-anything/owl-carousel/animate.min.css?ver=2.0 HTTP/2.0" 200 3749 "https://lemonattorneynearme.com/" "Mozilla/5.0 (Linux; Android 10; K) AppleWebKit/537.36 (KHTML, like Gecko) Chrome/140.0.0.0 Mobile Safari/537.36" 29 **0/29051**
114.4.78.240 - - [12/Sep/2025:10:28:49 -0700] "GET /wp-includes/js/jquery/jquery.min.js?ver=3.7.1 HTTP/2.0" 200 29769 "https://lemonattorneynearme.com/" "Mozilla/5.0 (Linux; Android 10; K) AppleWebKit/537.36 (KHTML, like Gecko) Chrome/140.0.0.0 Mobile Safari/537.36" 29 **0/29187**
114.4.78.240 - - [12/Sep/2025:10:28:49 -0700] "GET /wp-includes/js/jquery/jquery-migrate.min.js?ver=3.4.1 HTTP/2.0" 200 4685 "https://lemonattorneynearme.com/" "Mozilla/5.0 (Linux; Android 10; K) AppleWebKit/537.36 (KHTML, like Gecko) Chrome/140.0.0.0 Mobile Safari/537.36" 29 **0/29677**
114.4.78.240 - - [12/Sep/2025:10:28:50 -0700] "GET /wp-content/uploads/2022/05/consumer-attorneys-association.jpg HTTP/2.0" 200 23570 "https://lemonattorneynearme.com/" "Mozilla/5.0 (Linux; Android 10; K) AppleWebKit/537.36 (KHTML, like Gecko) Chrome/140.0.0.0 Mobile Safari/537.36" 8 **0/8498**
114.4.78.240 - - [12/Sep/2025:10:28:50 -0700] "GET /wp-content/uploads/2022/05/video.jpg HTTP/2.0" 200 35549 "https://lemonattorneynearme.com/" "Mozilla/5.0 (Linux; Android 10; K) AppleWebKit/537.36 (KHTML, like Gecko) Chrome/140.0.0.0 Mobile Safari/537.36" 8 **0/8897**
114.4.78.240 - - [12/Sep/2025:10:28:50 -0700] "GET /wp-content/uploads/2022/05/aba-member.jpg HTTP/2.0" 200 17493 "https://lemonattorneynearme.com/" "Mozilla/5.0 (Linux; Android 10; K) AppleWebKit/537.36 (KHTML, like Gecko) Chrome/140.0.0.0 Mobile Safari/537.36" 7 **0/7431**
114.4.78.240 - - [12/Sep/2025:10:28:50 -0700] "GET /wp-content/uploads/2022/06/katherineking.png HTTP/2.0" 200 3863 "https://lemonattorneynearme.com/" "Mozilla/5.0 (Linux; Android 10; K) AppleWebKit/537.36 (KHTML, like Gecko) Chrome/140.0.0.0 Mobile Safari/537.36" 11 **0/11912**
114.4.78.240 - - [12/Sep/2025:10:28:50 -0700] "GET /wp-content/uploads/2022/06/johncapano.png HTTP/2.0" 200 3836 "https://lemonattorneynearme.com/" "Mozilla/5.0 (Linux; Android 10; K) AppleWebKit/537.36 (KHTML, like Gecko) Chrome/140.0.0.0 Mobile Safari/537.36" 15 **0/15399**
