114.4.78.240 - - [12/Sep/2025:10:28:50 -0700] "GET /wp-content/plugins/slide-anything/owl-carousel/owl.carousel.min.js?ver=2.2.1 HTTP/2.0" 200 11161 "https://lemonattorneynearme.com/" "Mozilla/5.0 (Linux; Android 10; K) AppleWebKit/537.36 (KHTML, like Gecko) Chrome/140.0.0.0 Mobile Safari/537.36" 15 **0/15725**
114.4.78.240 - - [12/Sep/2025:10:28:50 -0700] "GET /wp-content/plugins/slide-anything/js/jquery.mousewheel.min.js?ver=3.1.13 HTTP/2.0" 200 1076 "https://lemonattorneynearme.com/" "Mozilla/5.0 (Linux; Android 10; K) AppleWebKit/537.36 (KHTML, like Gecko) Chrome/140.0.0.0 Mobile Safari/537.36" 18 **0/18111**
114.4.78.240 - - [12/Sep/2025:10:28:50 -0700] "GET /wp-content/plugins/cookie-notice/js/front.min.js?ver=2.3.1 HTTP/2.0" 200 1786 "https://lemonattorneynearme.com/" "Mozilla/5.0 (Linux; Android 10; K) AppleWebKit/537.36 (KHTML, like Gecko) Chrome/140.0.0.0 Mobile Safari/537.36" 19 **0/19882**
114.4.78.240 - - [12/Sep/2025:10:28:50 -0700] "GET /wp-content/uploads/2022/06/elisoroudi.png HTTP/2.0" 200 3646 "https://lemonattorneynearme.com/" "Mozilla/5.0 (Linux; Android 10; K) AppleWebKit/537.36 (KHTML, like Gecko) Chrome/140.0.0.0 Mobile Safari/537.36" 24 **0/24273**
114.4.78.240 - - [12/Sep/2025:10:28:50 -0700] "GET /wp-content/uploads/2022/06/ruhtgarcia.png HTTP/2.0" 200 4128 "https://lemonattorneynearme.com/" "Mozilla/5.0 (Linux; Android 10; K) AppleWebKit/537.36 (KHTML, like Gecko) Chrome/140.0.0.0 Mobile Safari/537.36" 41 **0/41418**
114.4.78.240 - - [12/Sep/2025:10:28:50 -0700] "GET /wp-content/themes/twentytwentytwo/assets/fonts/source-serif-pro/SourceSerif4Variable-Roman.ttf.woff2 HTTP/2.0" 200 428456 "https://lemonattorneynearme.com/" "Mozilla/5.0 (Linux; Android 10; K) AppleWebKit/537.36 (KHTML, like Gecko) Chrome/140.0.0.0 Mobile Safari/537.36" 1716 **1/1716295**
114.119.135.233 - - [12/Sep/2025:10:29:00 -0700] "GET /product/1502763316.htm HTTP/1.1" 404 55906 "-" "Mozilla/5.0 (Linux; Android 7.0;) AppleWebKit/537.36 (KHTML, like Gecko) Mobile Safari/537.36 (compatible; PetalBot;+https://webmaster.petalsearch.com/site/petalbot)" 227 **0/227213**
114.4.78.240 - - [12/Sep/2025:10:28:51 -0700] "GET /wp-content/uploads/2022/06/lemonlawprocess.mp4 HTTP/2.0" 206 3364846 "https://lemonattorneynearme.com/" "Mozilla/5.0 (Linux; Android 10; K) AppleWebKit/537.36 (KHTML, like Gecko) Chrome/140.0.0.0 Mobile Safari/537.36" 17282 **17/17282437**
114.4.78.240 - - [12/Sep/2025:10:28:51 -0700] "GET /wp-includes/js/wp-emoji-release.min.js?ver=6.8.2 HTTP/2.0" 200 4757 "https://lemonattorneynearme.com/" "Mozilla/5.0 (Linux; Android 10; K) AppleWebKit/537.36 (KHTML, like Gecko) Chrome/140.0.0.0 Mobile Safari/537.36" 17282 **17/17282428**
114.4.78.240 - - [12/Sep/2025:10:29:09 -0700] "GET /wp-content/uploads/2022/06/lemonlawprocess.mp4 HTTP/2.0" 206 55278 "https://lemonattorneynearme.com/" "Mozilla/5.0 (Linux; Android 10; K) AppleWebKit/537.36 (KHTML, like Gecko) Chrome/140.0.0.0 Mobile Safari/537.36" 7 **0/7794**
114.4.78.240 - - [12/Sep/2025:10:29:10 -0700] "GET /wp-content/uploads/2022/06/cropped-favicon-192x192.png HTTP/2.0" 200 24346 "https://lemonattorneynearme.com/" "Mozilla/5.0 (Linux; Android 10; K) AppleWebKit/537.36 (KHTML, like Gecko) Chrome/140.0.0.0 Mobile Safari/537.36" 7 **0/7907**
114.4.78.240 - - [12/Sep/2025:10:29:10 -0700] "GET /wp-content/uploads/2022/06/cropped-favicon-180x180.png HTTP/2.0" 200 22174 "https://lemonattorneynearme.com/" "Mozilla/5.0 (Linux; Android 10; K) AppleWebKit/537.36 (KHTML, like Gecko) Chrome/140.0.0.0 Mobile Safari/537.36" 5 **0/5550**
173.201.186.239 - - [12/Sep/2025:10:30:00 -0700] "POST /wp-cron.php?doing_wp_cron=1757698200.9604449272155761718750 HTTP/1.1" 200 - "-" "WordPress/6.8.2; https://lemonattorneynearme.com" 12 **0/12059**
66.249.74.13 - - [12/Sep/2025:10:30:00 -0700] "GET /product/205311211.htm HTTP/1.1" 404 12434 "-" "Mozilla/5.0 (compatible; Googlebot/2.1; +http://www.google.com/bot.html)" 159 **0/159637**
173.201.186.239 - - [12/Sep/2025:10:30:39 -0700] "POST /wp-cron.php?doing_wp_cron=1757698239.9824519157409667968750 HTTP/1.1" 200 - "-" "WordPress/6.8.2; https://lemonattorneynearme.com" 15 **0/15827**
66.249.74.13 - - [12/Sep/2025:10:30:39 -0700] "GET /product/299017919.htm HTTP/1.1" 404 12434 "-" "Mozilla/5.0 (compatible; Googlebot/2.1; +http://www.google.com/bot.html)" 223 **0/223761**
66.249.74.13 - - [12/Sep/2025:10:30:55 -0700] "GET /product/1965249822.htm HTTP/1.1" 404 12434 "-" "Mozilla/5.0 (Linux; Android 6.0.1; Nexus 5X Build/MMB29P) AppleWebKit/537.36 (KHTML, like Gecko) Chrome/140.0.7339.127 Mobile Safari/537.36 (compatible; Googlebot/2.1; +http://www.google.com/bot.html)" 139 **0/139156**
114.4.78.240 - - [12/Sep/2025:10:31:16 -0700] "GET /wp-content/plugins/cookie-notice/css/front.min.css?ver=6.8.2 HTTP/2.0" 200 967 "http://lemonattorneynearme.com/" "Mozilla/5.0 (Linux; Android 10; K) AppleWebKit/537.36 (KHTML, like Gecko) Chrome/140.0.0.0 Mobile Safari/537.36" 9 **0/9936**
114.4.78.240 - - [12/Sep/2025:10:31:16 -0700] "GET /wp-content/uploads/2022/05/alphalaw-logo.jpg HTTP/2.0" 200 26277 "http://lemonattorneynearme.com/" "Mozilla/5.0 (Linux; Android 10; K) AppleWebKit/537.36 (KHTML, like Gecko) Chrome/140.0.0.0 Mobile Safari/537.36" 10 **0/10134**
114.4.78.240 - - [12/Sep/2025:10:31:16 -0700] "GET /wp-content/themes/twentytwentytwo/style.css?ver=1.2 HTTP/2.0" 200 1781 "http://lemonattorneynearme.com/" "Mozilla/5.0 (Linux; Android 10; K) AppleWebKit/537.36 (KHTML, like Gecko) Chrome/140.0.0.0 Mobile Safari/537.36" 13 **0/13474**
114.4.78.240 - - [12/Sep/2025:10:31:16 -0700] "GET /wp-content/plugins/google-analytics-for-wordpress/assets/js/frontend-gtag.min.js?ver=8.7.0 HTTP/2.0" 200 3018 "http://lemonattorneynearme.com/" "Mozilla/5.0 (Linux; Android 10; K) AppleWebKit/537.36 (KHTML, like Gecko) Chrome/140.0.0.0 Mobile Safari/537.36" 13 **0/13618**
114.4.78.240 - - [12/Sep/2025:10:31:17 -0700] "GET /wp-content/plugins/cookie-notice/js/front.min.js?ver=2.3.1 HTTP/2.0" 200 1786 "http://lemonattorneynearme.com/" "Mozilla/5.0 (Linux; Android 10; K) AppleWebKit/537.36 (KHTML, like Gecko) Chrome/140.0.0.0 Mobile Safari/537.36" 6 **0/6749**
114.4.78.240 - - [12/Sep/2025:10:31:17 -0700] "GET /wp-content/themes/twentytwentytwo/assets/fonts/source-serif-pro/SourceSerif4Variable-Roman.ttf.woff2 HTTP/2.0" 200 428456 "http://lemonattorneynearme.com/" "Mozilla/5.0 (Linux; Android 10; K) AppleWebKit/537.36 (KHTML, like Gecko) Chrome/140.0.0.0 Mobile Safari/537.36" 281 **0/281694**
114.119.135.233 - - [12/Sep/2025:10:31:19 -0700] "GET /product/1502753629.htm HTTP/1.1" 404 55906 "-" "Mozilla/5.0 (Linux; Android 7.0;) AppleWebKit/537.36 (KHTML, like Gecko) Mobile Safari/537.36 (compatible; PetalBot;+https://webmaster.petalsearch.com/site/petalbot)" 112 **0/112826**
114.4.78.240 - - [12/Sep/2025:10:31:41 -0700] "GET /Boy.php HTTP/2.0" 404 3755 "http://lemonattorneynearme.com/" "Mozilla/5.0 (Linux; Android 10; K) AppleWebKit/537.36 (KHTML, like Gecko) Chrome/140.0.0.0 Mobile Safari/537.36" 820 **0/820340**
173.201.186.239 - - [12/Sep/2025:10:31:43 -0700] "POST /wp-cron.php?doing_wp_cron=1757698303.3331620693206787109375 HTTP/1.1" 200 - "-" "WordPress/6.8.2; https://lemonattorneynearme.com" 13 **0/13756**
114.4.78.240 - - [12/Sep/2025:10:31:43 -0700] "GET /favicon.ico HTTP/2.0" 302 1 "https://lemonattorneynearme.com/Boy.php" "Mozilla/5.0 (Linux; Android 10; K) AppleWebKit/537.36 (KHTML, like Gecko) Chrome/140.0.0.0 Mobile Safari/537.36" 125 **0/125821**
114.4.78.240 - - [12/Sep/2025:10:31:43 -0700] "GET /wp-content/uploads/2022/06/cropped-favicon-32x32.png HTTP/2.0" 200 1796 "https://lemonattorneynearme.com/Boy.php" "Mozilla/5.0 (Linux; Android 10; K) AppleWebKit/537.36 (KHTML, like Gecko) Chrome/140.0.0.0 Mobile Safari/537.36" 6 **0/6917**
173.201.186.239 - - [12/Sep/2025:10:33:19 -0700] "POST /wp-cron.php?doing_wp_cron=1757698399.5734479427337646484375 HTTP/1.1" 200 - "-" "WordPress/6.8.2; https://lemonattorneynearme.com" 11 **0/11278**
66.249.74.15 - - [12/Sep/2025:10:33:19 -0700] "GET /product/1016790406.htm HTTP/1.1" 404 12434 "-" "Mozilla/5.0 (compatible; Googlebot/2.1; +http://www.google.com/bot.html)" 203 **0/203108**
114.119.156.232 - - [12/Sep/2025:10:33:25 -0700] "GET /product/1502750510.htm HTTP/1.1" 404 55906 "-" "Mozilla/5.0 (Linux; Android 7.0;) AppleWebKit/537.36 (KHTML, like Gecko) Mobile Safari/537.36 (compatible; PetalBot;+https://webmaster.petalsearch.com/site/petalbot)" 124 **0/124116**
173.201.186.239 - - [12/Sep/2025:10:33:52 -0700] "POST /wp-cron.php?doing_wp_cron=1757698432.0199410915374755859375 HTTP/1.1" 200 - "-" "WordPress/6.8.2; https://lemonattorneynearme.com" 12 **0/12283**
66.249.74.13 - - [12/Sep/2025:10:33:51 -0700] "GET /zhHant/product/surugaya/L795063057?campaign_uid=f64d716db5e979ed2f947dbaf4296895b951ae7f HTTP/1.1" 404 12434 "-" "Mozilla/5.0 (Linux; Android 6.0.1; Nexus 5X Build/MMB29P) AppleWebKit/537.36 (KHTML, like Gecko) Chrome/140.0.7339.127 Mobile Safari/537.36 (compatible; Googlebot/2.1; +http://www.google.com/bot.html)" 218 **0/218510**
173.201.186.239 - - [12/Sep/2025:10:35:40 -0700] "POST /wp-cron.php?doing_wp_cron=1757698540.4050259590148925781250 HTTP/1.1" 200 - "-" "WordPress/6.8.2; https://lemonattorneynearme.com" 20 **0/20879**
114.119.135.233 - - [12/Sep/2025:10:35:40 -0700] "GET /product/1502749377.htm HTTP/1.1" 404 55906 "-" "Mozilla/5.0 (Linux; Android 7.0;) AppleWebKit/537.36 (KHTML, like Gecko) Mobile Safari/537.36 (compatible; PetalBot;+https://webmaster.petalsearch.com/site/petalbot)" 216 **0/216556**
173.201.186.239 - - [12/Sep/2025:10:37:35 -0700] "POST /wp-cron.php?doing_wp_cron=1757698655.9213960170745849609375 HTTP/1.1" 200 - "-" "WordPress/6.8.2; https://lemonattorneynearme.com" 21 **0/21353**
66.249.74.13 - - [12/Sep/2025:10:37:35 -0700] "GET /product/edit/L2073541861 HTTP/1.1" 404 12434 "-" "Mozilla/5.0 (Linux; Android 6.0.1; Nexus 5X Build/MMB29P) AppleWebKit/537.36 (KHTML, like Gecko) Chrome/140.0.7339.127 Mobile Safari/537.36 (compatible; Googlebot/2.1; +http://www.google.com/bot.html)" 235 **0/235262**
114.119.129.218 - - [12/Sep/2025:10:38:02 -0700] "GET /product/1502741958.htm HTTP/1.1" 404 55906 "-" "Mozilla/5.0 (Linux; Android 7.0;) AppleWebKit/537.36 (KHTML, like Gecko) Mobile Safari/537.36 (compatible; PetalBot;+https://webmaster.petalsearch.com/site/petalbot)" 169 **0/169535**
34.10.179.192 - - [12/Sep/2025:10:38:07 -0700] "HEAD / HTTP/2.0" 200 - "http://lemonattorneynearme.com/home" "Mozilla/5.0 (Linux; Android 14; Pixel 8 Pro) AppleWebKit/537.36 (KHTML, like Gecko) Chrome/124.0.6367.56 Mobile Safari/537.36" 154 **0/154183**
34.10.179.192 - - [12/Sep/2025:10:38:08 -0700] "HEAD / HTTP/2.0" 200 - "http://lemonattorneynearme.com/" "Mozilla/5.0 (Android 13; Mobile; rv:124.0) Gecko/124.0 Firefox/124.0" 59 **0/59594**
173.201.186.239 - - [12/Sep/2025:10:39:09 -0700] "POST /wp-cron.php?doing_wp_cron=1757698749.8297441005706787109375 HTTP/1.1" 200 - "-" "WordPress/6.8.2; https://lemonattorneynearme.com" 12 **0/12284**
66.249.74.14 - - [12/Sep/2025:10:39:09 -0700] "GET /product/1946896783.htm HTTP/1.1" 404 12434 "-" "Mozilla/5.0 (compatible; Googlebot/2.1; +http://www.google.com/bot.html)" 170 **0/170942**
173.201.186.239 - - [12/Sep/2025:10:40:00 -0700] "POST /wp-cron.php?doing_wp_cron=1757698800.2057819366455078125000 HTTP/1.1" 200 - "-" "WordPress/6.8.2; https://lemonattorneynearme.com" 16 **0/16293**
66.249.74.13 - - [12/Sep/2025:10:40:00 -0700] "GET /product/205457943.htm HTTP/1.1" 404 12434 "-" "Mozilla/5.0 (Linux; Android 6.0.1; Nexus 5X Build/MMB29P) AppleWebKit/537.36 (KHTML, like Gecko) Chrome/140.0.7339.127 Mobile Safari/537.36 (compatible; Googlebot/2.1; +http://www.google.com/bot.html)" 185 **0/185471**
114.119.156.232 - - [12/Sep/2025:10:40:14 -0700] "GET /product/1502733470.htm HTTP/1.1" 404 55906 "-" "Mozilla/5.0 (Linux; Android 7.0;) AppleWebKit/537.36 (KHTML, like Gecko) Mobile Safari/537.36 (compatible; PetalBot;+https://webmaster.petalsearch.com/site/petalbot)" 232 **0/232351**
173.201.186.239 - - [12/Sep/2025:10:40:53 -0700] "POST /wp-cron.php?doing_wp_cron=1757698853.8237960338592529296875 HTTP/1.1" 200 - "-" "WordPress/6.8.2; https://lemonattorneynearme.com" 18 **0/18023**
66.249.74.13 - - [12/Sep/2025:10:40:53 -0700] "GET /product/1488783816.htm HTTP/1.1" 404 12434 "-" "Mozilla/5.0 (compatible; Googlebot/2.1; +http://www.google.com/bot.html)" 162 **0/162604**
173.201.186.239 - - [12/Sep/2025:10:41:53 -0700] "POST /wp-cron.php?doing_wp_cron=1757698913.4599308967590332031250 HTTP/1.1" 200 - "-" "WordPress/6.8.2; https://lemonattorneynearme.com" 10 **0/10694**
57.141.0.68 - - [12/Sep/2025:10:41:53 -0700] "GET /product/3091295679.htm HTTP/2.0" 404 55906 "-" "meta-externalagent/1.1 (+https://developers.facebook.com/docs/sharing/webmasters/crawler)" 257 **0/257282**
114.119.147.166 - - [12/Sep/2025:10:42:28 -0700] "GET /product/1502719659.htm HTTP/1.1" 404 55906 "-" "Mozilla/5.0 (Linux; Android 7.0;) AppleWebKit/537.36 (KHTML, like Gecko) Mobile Safari/537.36 (compatible; PetalBot;+https://webmaster.petalsearch.com/site/petalbot)" 159 **0/159121**
173.201.186.239 - - [12/Sep/2025:10:43:36 -0700] "POST /wp-cron.php?doing_wp_cron=1757699016.1340999603271484375000 HTTP/1.1" 200 - "-" "WordPress/6.8.2; https://lemonattorneynearme.com" 11 **0/11502**
66.249.74.13 - - [12/Sep/2025:10:43:36 -0700] "GET /product/818927440.htm HTTP/1.1" 404 12434 "-" "Mozilla/5.0 (Linux; Android 6.0.1; Nexus 5X Build/MMB29P) AppleWebKit/537.36 (KHTML, like Gecko) Chrome/140.0.7339.127 Mobile Safari/537.36 (compatible; Googlebot/2.1; +http://www.google.com/bot.html)" 157 **0/157404**
66.249.74.14 - - [12/Sep/2025:10:44:01 -0700] "GET /product/2778787650.htm HTTP/1.1" 404 12434 "-" "Mozilla/5.0 (Linux; Android 6.0.1; Nexus 5X Build/MMB29P) AppleWebKit/537.36 (KHTML, like Gecko) Chrome/140.0.7339.127 Mobile Safari/537.36 (compatible; Googlebot/2.1; +http://www.google.com/bot.html)" 207 **0/207675**
66.249.74.14 - - [12/Sep/2025:10:44:09 -0700] "GET /zhHant/product/surugaya/L1402201850?campaign_uid=f64d716db5e979ed2f947dbaf4296895b951ae7f HTTP/1.1" 404 12434 "-" "Mozilla/5.0 (Linux; Android 6.0.1; Nexus 5X Build/MMB29P) AppleWebKit/537.36 (KHTML, like Gecko) Chrome/140.0.7339.127 Mobile Safari/537.36 (compatible; Googlebot/2.1; +http://www.google.com/bot.html)" 121 **0/121843**
114.119.156.232 - - [12/Sep/2025:10:44:29 -0700] "GET /product/1502716420.htm HTTP/1.1" 404 55906 "-" "Mozilla/5.0 (Linux; Android 7.0;) AppleWebKit/537.36 (KHTML, like Gecko) Mobile Safari/537.36 (compatible; PetalBot;+https://webmaster.petalsearch.com/site/petalbot)" 140 **0/140548**
173.201.186.239 - - [12/Sep/2025:10:46:28 -0700] "POST /wp-cron.php?doing_wp_cron=1757699188.0787410736083984375000 HTTP/1.1" 200 - "-" "WordPress/6.8.2; https://lemonattorneynearme.com" 17 **0/17637**
66.249.74.14 - - [12/Sep/2025:10:46:27 -0700] "GET /product/2419367978.htm HTTP/1.1" 404 12434 "-" "Mozilla/5.0 (Linux; Android 6.0.1; Nexus 5X Build/MMB29P) AppleWebKit/537.36 (KHTML, like Gecko) Chrome/140.0.7339.127 Mobile Safari/537.36 (compatible; Googlebot/2.1; +http://www.google.com/bot.html)" 171 **0/171428**
173.201.186.239 - - [12/Sep/2025:10:46:52 -0700] "POST /wp-cron.php?doing_wp_cron=1757699212.7176570892333984375000 HTTP/1.1" 200 - "-" "WordPress/6.8.2; https://lemonattorneynearme.com" 14 **0/14602**
114.119.139.172 - - [12/Sep/2025:10:46:52 -0700] "GET /product/1502696243.htm HTTP/1.1" 404 55906 "-" "Mozilla/5.0 (Linux; Android 7.0;) AppleWebKit/537.36 (KHTML, like Gecko) Mobile Safari/537.36 (compatible; PetalBot;+https://webmaster.petalsearch.com/site/petalbot)" 155 **0/155703**
66.249.74.14 - - [12/Sep/2025:10:47:00 -0700] "GET /product/157830039.htm HTTP/1.1" 404 12434 "-" "Mozilla/5.0 (compatible; Googlebot/2.1; +http://www.google.com/bot.html)" 178 **0/178141**
173.201.186.239 - - [12/Sep/2025:10:47:49 -0700] "POST /wp-cron.php?doing_wp_cron=1757699269.5428540706634521484375 HTTP/1.1" 200 - "-" "WordPress/6.8.2; https://lemonattorneynearme.com" 11 **0/11655**
66.249.74.13 - - [12/Sep/2025:10:47:49 -0700] "GET /product/504848232.htm HTTP/1.1" 404 12434 "-" "Mozilla/5.0 (Linux; Android 6.0.1; Nexus 5X Build/MMB29P) AppleWebKit/537.36 (KHTML, like Gecko) Chrome/140.0.7339.127 Mobile Safari/537.36 (compatible; Googlebot/2.1; +http://www.google.com/bot.html)" 178 **0/178270**
66.249.74.15 - - [12/Sep/2025:10:48:12 -0700] "GET /product/299339165.htm HTTP/1.1" 404 12434 "-" "Mozilla/5.0 (Linux; Android 6.0.1; Nexus 5X Build/MMB29P) AppleWebKit/537.36 (KHTML, like Gecko) Chrome/140.0.7339.127 Mobile Safari/537.36 (compatible; Googlebot/2.1; +http://www.google.com/bot.html)" 160 **0/160259**
173.201.186.239 - - [12/Sep/2025:10:48:34 -0700] "POST /wp-cron.php?doing_wp_cron=1757699314.5698521137237548828125 HTTP/1.1" 200 - "-" "WordPress/6.8.2; https://lemonattorneynearme.com" 16 **0/16528**
66.249.74.13 - - [12/Sep/2025:10:48:34 -0700] "GET /product/2718885763.htm HTTP/1.1" 404 12434 "-" "Mozilla/5.0 (compatible; Googlebot/2.1; +http://www.google.com/bot.html)" 161 **0/161706**
114.119.136.12 - - [12/Sep/2025:10:48:58 -0700] "GET /product/1502695126.htm HTTP/1.1" 404 55906 "-" "Mozilla/5.0 (Linux; Android 7.0;) AppleWebKit/537.36 (KHTML, like Gecko) Mobile Safari/537.36 (compatible; PetalBot;+https://webmaster.petalsearch.com/site/petalbot)" 121 **0/121767**
66.249.74.14 - - [12/Sep/2025:10:49:11 -0700] "GET /product/2502448624.htm HTTP/1.1" 404 12434 "-" "Mozilla/5.0 (Linux; Android 6.0.1; Nexus 5X Build/MMB29P) AppleWebKit/537.36 (KHTML, like Gecko) Chrome/140.0.7339.127 Mobile Safari/537.36 (compatible; Googlebot/2.1; +http://www.google.com/bot.html)" 120 **0/120670**
173.201.186.239 - - [12/Sep/2025:10:49:35 -0700] "POST /wp-cron.php?doing_wp_cron=1757699375.4188048839569091796875 HTTP/1.1" 200 - "-" "WordPress/6.8.2; https://lemonattorneynearme.com" 14 **0/14221**
66.249.74.13 - - [12/Sep/2025:10:49:35 -0700] "GET /product/edit/L583112439 HTTP/1.1" 404 12434 "-" "Mozilla/5.0 (Linux; Android 6.0.1; Nexus 5X Build/MMB29P) AppleWebKit/537.36 (KHTML, like Gecko) Chrome/140.0.7339.127 Mobile Safari/537.36 (compatible; Googlebot/2.1; +http://www.google.com/bot.html)" 162 **0/162197**
173.201.186.239 - - [12/Sep/2025:10:51:15 -0700] "POST /wp-cron.php?doing_wp_cron=1757699475.6710410118103027343750 HTTP/1.1" 200 - "-" "WordPress/6.8.2; https://lemonattorneynearme.com" 10 **0/10432**
114.119.129.218 - - [12/Sep/2025:10:51:15 -0700] "GET /product/1502690938.htm HTTP/1.1" 404 55906 "-" "Mozilla/5.0 (Linux; Android 7.0;) AppleWebKit/537.36 (KHTML, like Gecko) Mobile Safari/537.36 (compatible; PetalBot;+https://webmaster.petalsearch.com/site/petalbot)" 162 **0/162087**
173.201.186.239 - - [12/Sep/2025:10:52:20 -0700] "POST /wp-cron.php?doing_wp_cron=1757699540.1760380268096923828125 HTTP/1.1" 200 - "-" "WordPress/6.8.2; https://lemonattorneynearme.com" 11 **0/11978**
66.249.74.15 - - [12/Sep/2025:10:52:20 -0700] "GET /product/502041774.htm HTTP/1.1" 404 12434 "-" "Mozilla/5.0 (Linux; Android 6.0.1; Nexus 5X Build/MMB29P) AppleWebKit/537.36 (KHTML, like Gecko) Chrome/140.0.7339.127 Mobile Safari/537.36 (compatible; Googlebot/2.1; +http://www.google.com/bot.html)" 147 **0/147109**
173.201.186.239 - - [12/Sep/2025:10:53:36 -0700] "POST /wp-cron.php?doing_wp_cron=1757699616.5109460353851318359375 HTTP/1.1" 200 - "-" "WordPress/6.8.2; https://lemonattorneynearme.com" 12 **0/12400**
114.119.150.15 - - [12/Sep/2025:10:53:36 -0700] "GET /product/1502687691.htm HTTP/1.1" 404 55906 "-" "Mozilla/5.0 (Linux; Android 7.0;) AppleWebKit/537.36 (KHTML, like Gecko) Mobile Safari/537.36 (compatible; PetalBot;+https://webmaster.petalsearch.com/site/petalbot)" 132 **0/132365**
66.249.74.13 - - [12/Sep/2025:10:53:45 -0700] "GET /product/1968248913.htm HTTP/1.1" 404 12434 "-" "Mozilla/5.0 (Linux; Android 6.0.1; Nexus 5X Build/MMB29P) AppleWebKit/537.36 (KHTML, like Gecko) Chrome/140.0.7339.127 Mobile Safari/537.36 (compatible; Googlebot/2.1; +http://www.google.com/bot.html)" 152 **0/152144**
66.249.74.13 - - [12/Sep/2025:10:54:11 -0700] "GET /product/922621900.htm HTTP/1.1" 404 12434 "-" "Mozilla/5.0 (Linux; Android 6.0.1; Nexus 5X Build/MMB29P) AppleWebKit/537.36 (KHTML, like Gecko) Chrome/140.0.7339.127 Mobile Safari/537.36 (compatible; Googlebot/2.1; +http://www.google.com/bot.html)" 129 **0/129816**
173.201.186.239 - - [12/Sep/2025:10:54:33 -0700] "POST /wp-cron.php?doing_wp_cron=1757699673.6178529262542724609375 HTTP/1.1" 200 - "-" "WordPress/6.8.2; https://lemonattorneynearme.com" 17 **0/17141**
66.249.74.14 - - [12/Sep/2025:10:54:33 -0700] "GET /product/729362387.htm HTTP/1.1" 404 12434 "-" "Mozilla/5.0 (compatible; Googlebot/2.1; +http://www.google.com/bot.html)" 184 **0/184023**
66.249.74.13 - - [12/Sep/2025:10:55:09 -0700] "GET /?e=07518193879803&channel=1afb12&from=category-info.php?product/195597937.htm HTTP/1.1" 301 1 "-" "Mozilla/5.0 (Linux; Android 6.0.1; Nexus 5X Build/MMB29P) AppleWebKit/537.36 (KHTML, like Gecko) Chrome/140.0.7339.127 Mobile Safari/537.36 (compatible; Googlebot/2.1; +http://www.google.com/bot.html)" 97 **0/97653**
66.249.74.14 - - [12/Sep/2025:10:55:10 -0700] "GET /?e=07518193879803&channel=1afb12&from=category-info.php%3Fproduct%2F195597937.htm HTTP/1.1" 200 16934 "-" "Mozilla/5.0 (Linux; Android 6.0.1; Nexus 5X Build/MMB29P) AppleWebKit/537.36 (KHTML, like Gecko) Chrome/140.0.7339.127 Mobile Safari/537.36 (compatible; Googlebot/2.1; +http://www.google.com/bot.html)" 183 **0/183740**
173.201.186.239 - - [12/Sep/2025:10:55:36 -0700] "POST /wp-cron.php?doing_wp_cron=1757699736.7997620105743408203125 HTTP/1.1" 200 - "-" "WordPress/6.8.2; https://lemonattorneynearme.com" 12 **0/12735**
114.119.156.232 - - [12/Sep/2025:10:55:36 -0700] "GET /product/1502676092.htm HTTP/1.1" 404 55906 "-" "Mozilla/5.0 (Linux; Android 7.0;) AppleWebKit/537.36 (KHTML, like Gecko) Mobile Safari/537.36 (compatible; PetalBot;+https://webmaster.petalsearch.com/site/petalbot)" 159 **0/159395**
173.201.186.239 - - [12/Sep/2025:10:56:52 -0700] "POST /wp-cron.php?doing_wp_cron=1757699812.9263739585876464843750 HTTP/1.1" 200 - "-" "WordPress/6.8.2; https://lemonattorneynearme.com" 12 **0/12894**
66.249.74.15 - - [12/Sep/2025:10:56:52 -0700] "GET /product/567713078.htm HTTP/1.1" 404 12434 "-" "Mozilla/5.0 (Linux; Android 6.0.1; Nexus 5X Build/MMB29P) AppleWebKit/537.36 (KHTML, like Gecko) Chrome/140.0.7339.127 Mobile Safari/537.36 (compatible; Googlebot/2.1; +http://www.google.com/bot.html)" 197 **0/197037**
66.249.74.13 - - [12/Sep/2025:10:57:20 -0700] "GET /product/2446845856.htm HTTP/1.1" 404 12434 "-" "Mozilla/5.0 (Linux; Android 6.0.1; Nexus 5X Build/MMB29P) AppleWebKit/537.36 (KHTML, like Gecko) Chrome/140.0.7339.127 Mobile Safari/537.36 (compatible; Googlebot/2.1; +http://www.google.com/bot.html)" 231 **0/231891**
173.201.186.239 - - [12/Sep/2025:10:57:47 -0700] "POST /wp-cron.php?doing_wp_cron=1757699867.7136669158935546875000 HTTP/1.1" 200 - "-" "WordPress/6.8.2; https://lemonattorneynearme.com" 16 **0/16905**
114.119.139.172 - - [12/Sep/2025:10:57:47 -0700] "GET /product/1502655851.htm HTTP/1.1" 404 55906 "-" "Mozilla/5.0 (Linux; Android 7.0;) AppleWebKit/537.36 (KHTML, like Gecko) Mobile Safari/537.36 (compatible; PetalBot;+https://webmaster.petalsearch.com/site/petalbot)" 157 **0/157583**
66.249.74.13 - - [12/Sep/2025:10:58:22 -0700] "GET /zhHant/product/surugaya/L998288267?campaign_uid=f64d716db5e979ed2f947dbaf4296895b951ae7f HTTP/1.1" 404 12434 "-" "Mozilla/5.0 (Linux; Android 6.0.1; Nexus 5X Build/MMB29P) AppleWebKit/537.36 (KHTML, like Gecko) Chrome/140.0.7339.127 Mobile Safari/537.36 (compatible; Googlebot/2.1; +http://www.google.com/bot.html)" 171 **0/171568**
173.201.186.239 - - [12/Sep/2025:10:59:58 -0700] "POST /wp-cron.php?doing_wp_cron=1757699998.7220458984375000000000 HTTP/1.1" 200 - "-" "WordPress/6.8.2; https://lemonattorneynearme.com" 18 **0/18844**
114.119.147.166 - - [12/Sep/2025:10:59:58 -0700] "GET /product/1502639870.htm HTTP/1.1" 404 55906 "-" "Mozilla/5.0 (Linux; Android 7.0;) AppleWebKit/537.36 (KHTML, like Gecko) Mobile Safari/537.36 (compatible; PetalBot;+https://webmaster.petalsearch.com/site/petalbot)" 179 **0/179638**
114.119.147.166 - - [12/Sep/2025:11:00:25 -0700] "GET /?sitemap_xml HTTP/1.1" 200 18138 "-" "Mozilla/5.0 (Linux; Android 7.0;) AppleWebKit/537.36 (KHTML, like Gecko) Mobile Safari/537.36 (compatible; PetalBot;+https://webmaster.petalsearch.com/site/petalbot)" 173 **0/173625**
173.201.186.239 - - [12/Sep/2025:11:01:02 -0700] "POST /wp-cron.php?doing_wp_cron=1757700062.9248399734497070312500 HTTP/1.1" 200 - "-" "WordPress/6.8.2; https://lemonattorneynearme.com" 15 **0/15155**
66.249.74.13 - - [12/Sep/2025:11:01:01 -0700] "GET /?e=23647150339900&channel=292d08&from=info.php?product/4475753.htm HTTP/1.1" 301 1 "-" "Mozilla/5.0 (Linux; Android 6.0.1; Nexus 5X Build/MMB29P) AppleWebKit/537.36 (KHTML, like Gecko) Chrome/140.0.7339.127 Mobile Safari/537.36 (compatible; Googlebot/2.1; +http://www.google.com/bot.html)" 1167 **1/1167633**
66.249.74.14 - - [12/Sep/2025:11:01:03 -0700] "GET /?e=23647150339900&channel=292d08&from=info.php%3Fproduct%2F4475753.htm HTTP/1.1" 200 16934 "-" "Mozilla/5.0 (Linux; Android 6.0.1; Nexus 5X Build/MMB29P) AppleWebKit/537.36 (KHTML, like Gecko) Chrome/140.0.7339.127 Mobile Safari/537.36 (compatible; Googlebot/2.1; +http://www.google.com/bot.html)" 167 **0/167251**
173.201.186.239 - - [12/Sep/2025:11:01:47 -0700] "POST /wp-cron.php?doing_wp_cron=1757700107.4266610145568847656250 HTTP/1.1" 200 - "-" "WordPress/6.8.2; https://lemonattorneynearme.com" 19 **0/19990**
66.249.74.13 - - [12/Sep/2025:11:01:47 -0700] "GET /product/2397924234.htm HTTP/1.1" 404 12434 "-" "Mozilla/5.0 (Linux; Android 6.0.1; Nexus 5X Build/MMB29P) AppleWebKit/537.36 (KHTML, like Gecko) Chrome/140.0.7339.127 Mobile Safari/537.36 (compatible; Googlebot/2.1; +http://www.google.com/bot.html)" 179 **0/179730**
114.119.144.42 - - [12/Sep/2025:11:02:02 -0700] "GET /product/1502636623.htm HTTP/1.1" 404 55906 "-" "Mozilla/5.0 (Linux; Android 7.0;) AppleWebKit/537.36 (KHTML, like Gecko) Mobile Safari/537.36 (compatible; PetalBot;+https://webmaster.petalsearch.com/site/petalbot)" 142 **0/142945**
173.201.186.239 - - [12/Sep/2025:11:02:52 -0700] "POST /wp-cron.php?doing_wp_cron=1757700172.3826720714569091796875 HTTP/1.1" 200 - "-" "WordPress/6.8.2; https://lemonattorneynearme.com" 17 **0/17588**
66.249.74.14 - - [12/Sep/2025:11:02:52 -0700] "GET /product/edit/L3201985907 HTTP/1.1" 404 12434 "-" "Mozilla/5.0 (compatible; Googlebot/2.1; +http://www.google.com/bot.html)" 162 **0/162331**
173.201.186.239 - - [12/Sep/2025:11:04:08 -0700] "POST /wp-cron.php?doing_wp_cron=1757700248.9439530372619628906250 HTTP/1.1" 200 - "-" "WordPress/6.8.2; https://lemonattorneynearme.com" 14 **0/14067**
114.119.150.15 - - [12/Sep/2025:11:04:08 -0700] "GET /product/1502632435.htm HTTP/1.1" 404 55906 "-" "Mozilla/5.0 (Linux; Android 7.0;) AppleWebKit/537.36 (KHTML, like Gecko) Mobile Safari/537.36 (compatible; PetalBot;+https://webmaster.petalsearch.com/site/petalbot)" 213 **0/213129**
173.201.186.239 - - [12/Sep/2025:11:04:44 -0700] "POST /wp-cron.php?doing_wp_cron=1757700284.8767681121826171875000 HTTP/1.1" 200 - "-" "WordPress/6.8.2; https://lemonattorneynearme.com" 14 **0/14052**
66.249.74.14 - - [12/Sep/2025:11:04:44 -0700] "GET /product/1488368924.htm HTTP/1.1" 404 12434 "-" "Mozilla/5.0 (Linux; Android 6.0.1; Nexus 5X Build/MMB29P) AppleWebKit/537.36 (KHTML, like Gecko) Chrome/140.0.7339.127 Mobile Safari/537.36 (compatible; Googlebot/2.1; +http://www.google.com/bot.html)" 207 **0/207438**
173.201.186.239 - - [12/Sep/2025:11:06:23 -0700] "POST /wp-cron.php?doing_wp_cron=1757700383.0587160587310791015625 HTTP/1.1" 200 - "-" "WordPress/6.8.2; https://lemonattorneynearme.com" 13 **0/13709**
114.119.144.42 - - [12/Sep/2025:11:06:21 -0700] "GET /product/1502619637.htm HTTP/1.1" 404 55906 "-" "Mozilla/5.0 (Linux; Android 7.0;) AppleWebKit/537.36 (KHTML, like Gecko) Mobile Safari/537.36 (compatible; PetalBot;+https://webmaster.petalsearch.com/site/petalbot)" 1226 **1/1226075**
173.201.186.239 - - [12/Sep/2025:11:08:33 -0700] "POST /wp-cron.php?doing_wp_cron=1757700513.4684000015258789062500 HTTP/1.1" 200 - "-" "WordPress/6.8.2; https://lemonattorneynearme.com" 12 **0/12964**
114.119.135.233 - - [12/Sep/2025:11:08:33 -0700] "GET /product/1502618504.htm HTTP/1.1" 404 55906 "-" "Mozilla/5.0 (Linux; Android 7.0;) AppleWebKit/537.36 (KHTML, like Gecko) Mobile Safari/537.36 (compatible; PetalBot;+https://webmaster.petalsearch.com/site/petalbot)" 154 **0/154057**
66.249.74.14 - - [12/Sep/2025:11:09:28 -0700] "GET /zhHant/product/surugaya/L1056230860?campaign_uid=f64d716db5e979ed2f947dbaf4296895b951ae7f HTTP/1.1" 404 12434 "-" "Mozilla/5.0 (Linux; Android 6.0.1; Nexus 5X Build/MMB29P) AppleWebKit/537.36 (KHTML, like Gecko) Chrome/140.0.7339.127 Mobile Safari/537.36 (compatible; Googlebot/2.1; +http://www.google.com/bot.html)" 142 **0/142141**
173.201.186.239 - - [12/Sep/2025:11:11:02 -0700] "POST /wp-cron.php?doing_wp_cron=1757700662.0109639167785644531250 HTTP/1.1" 200 - "-" "WordPress/6.8.2; https://lemonattorneynearme.com" 17 **0/17398**
114.119.136.12 - - [12/Sep/2025:11:11:01 -0700] "GET /product/1502613207.htm HTTP/1.1" 404 55906 "-" "Mozilla/5.0 (Linux; Android 7.0;) AppleWebKit/537.36 (KHTML, like Gecko) Mobile Safari/537.36 (compatible; PetalBot;+https://webmaster.petalsearch.com/site/petalbot)" 409 **0/409863**
173.201.186.239 - - [12/Sep/2025:11:11:31 -0700] "POST /wp-cron.php?doing_wp_cron=1757700691.1009531021118164062500 HTTP/1.1" 200 - "-" "WordPress/6.8.2; https://lemonattorneynearme.com" 13 **0/13412**
66.249.74.13 - - [12/Sep/2025:11:11:31 -0700] "GET /product/708428478.htm HTTP/1.1" 404 12434 "-" "Mozilla/5.0 (Linux; Android 6.0.1; Nexus 5X Build/MMB29P) AppleWebKit/537.36 (KHTML, like Gecko) Chrome/140.0.7339.127 Mobile Safari/537.36 (compatible; Googlebot/2.1; +http://www.google.com/bot.html)" 204 **0/204485**
173.201.186.239 - - [12/Sep/2025:11:12:37 -0700] "POST /wp-cron.php?doing_wp_cron=1757700757.4542570114135742187500 HTTP/1.1" 200 - "-" "WordPress/6.8.2; https://lemonattorneynearme.com" 11 **0/11739**
66.249.74.15 - - [12/Sep/2025:11:12:37 -0700] "GET /product/3147003708.htm HTTP/1.1" 404 12434 "-" "Mozilla/5.0 (Linux; Android 6.0.1; Nexus 5X Build/MMB29P) AppleWebKit/537.36 (KHTML, like Gecko) Chrome/140.0.7339.127 Mobile Safari/537.36 (compatible; Googlebot/2.1; +http://www.google.com/bot.html)" 152 **0/152681**
114.119.136.12 - - [12/Sep/2025:11:13:14 -0700] "GET /product/1502610080.htm HTTP/1.1" 404 55906 "-" "Mozilla/5.0 (Linux; Android 7.0;) AppleWebKit/537.36 (KHTML, like Gecko) Mobile Safari/537.36 (compatible; PetalBot;+https://webmaster.petalsearch.com/site/petalbot)" 189 **0/189338**
173.201.186.239 - - [12/Sep/2025:11:13:45 -0700] "POST /wp-cron.php?doing_wp_cron=1757700825.8352069854736328125000 HTTP/1.1" 200 - "-" "WordPress/6.8.2; https://lemonattorneynearme.com" 12 **0/12586**
66.249.74.14 - - [12/Sep/2025:11:13:45 -0700] "GET /product/157376933.htm HTTP/1.1" 404 12434 "-" "Mozilla/5.0 (Linux; Android 6.0.1; Nexus 5X Build/MMB29P) AppleWebKit/537.36 (KHTML, like Gecko) Chrome/140.0.7339.127 Mobile Safari/537.36 (compatible; Googlebot/2.1; +http://www.google.com/bot.html)" 148 **0/148076**
66.249.74.13 - - [12/Sep/2025:11:13:53 -0700] "GET /product/654009851.htm HTTP/1.1" 404 12434 "-" "Mozilla/5.0 (Linux; Android 6.0.1; Nexus 5X Build/MMB29P) AppleWebKit/537.36 (KHTML, like Gecko) Chrome/140.0.7339.127 Mobile Safari/537.36 (compatible; Googlebot/2.1; +http://www.google.com/bot.html)" 128 **0/128916**
66.249.74.14 - - [12/Sep/2025:11:14:27 -0700] "GET /product/35769808.htm HTTP/1.1" 404 12434 "-" "Mozilla/5.0 (Linux; Android 6.0.1; Nexus 5X Build/MMB29P) AppleWebKit/537.36 (KHTML, like Gecko) Chrome/140.0.7339.127 Mobile Safari/537.36 (compatible; Googlebot/2.1; +http://www.google.com/bot.html)" 125 **0/125530**
173.201.186.239 - - [12/Sep/2025:11:14:59 -0700] "POST /wp-cron.php?doing_wp_cron=1757700898.9949550628662109375000 HTTP/1.1" 200 - "-" "WordPress/6.8.2; https://lemonattorneynearme.com" 13 **0/13937**
57.141.0.50 - - [12/Sep/2025:11:14:58 -0700] "GET /product/3091203086.htm HTTP/2.0" 404 55906 "-" "meta-externalagent/1.1 (+https://developers.facebook.com/docs/sharing/webmasters/crawler)" 141 **0/141066**
66.249.74.13 - - [12/Sep/2025:11:15:23 -0700] "GET /product/577953950.htm HTTP/1.1" 404 12434 "-" "Mozilla/5.0 (Linux; Android 6.0.1; Nexus 5X Build/MMB29P) AppleWebKit/537.36 (KHTML, like Gecko) Chrome/140.0.7339.127 Mobile Safari/537.36 (compatible; Googlebot/2.1; +http://www.google.com/bot.html)" 159 **0/159949**
173.201.186.239 - - [12/Sep/2025:11:16:09 -0700] "POST /wp-cron.php?doing_wp_cron=1757700969.6035449504852294921875 HTTP/1.1" 200 - "-" "WordPress/6.8.2; https://lemonattorneynearme.com" 20 **0/20172**
114.119.156.232 - - [12/Sep/2025:11:16:09 -0700] "GET /product/1502603650.htm HTTP/1.1" 404 55906 "-" "Mozilla/5.0 (Linux; Android 7.0;) AppleWebKit/537.36 (KHTML, like Gecko) Mobile Safari/537.36 (compatible; PetalBot;+https://webmaster.petalsearch.com/site/petalbot)" 165 **0/165273**
173.201.186.239 - - [12/Sep/2025:11:17:46 -0700] "POST /wp-cron.php?doing_wp_cron=1757701066.0192880630493164062500 HTTP/1.1" 200 - "-" "WordPress/6.8.2; https://lemonattorneynearme.com" 13 **0/13638**
66.249.74.13 - - [12/Sep/2025:11:17:45 -0700] "GET /product/525601407.htm HTTP/1.1" 404 12434 "-" "Mozilla/5.0 (Linux; Android 6.0.1; Nexus 5X Build/MMB29P) AppleWebKit/537.36 (KHTML, like Gecko) Chrome/140.0.7339.127 Mobile Safari/537.36 (compatible; Googlebot/2.1; +http://www.google.com/bot.html)" 201 **0/201353**
173.201.186.239 - - [12/Sep/2025:11:19:08 -0700] "POST /wp-cron.php?doing_wp_cron=1757701148.4267280101776123046875 HTTP/1.1" 200 - "-" "WordPress/6.8.2; https://lemonattorneynearme.com" 11 **0/11482**
66.249.74.15 - - [12/Sep/2025:11:19:08 -0700] "GET /product/1078383935.htm HTTP/1.1" 404 12434 "-" "Mozilla/5.0 (Linux; Android 6.0.1; Nexus 5X Build/MMB29P) AppleWebKit/537.36 (KHTML, like Gecko) Chrome/140.0.7339.127 Mobile Safari/537.36 (compatible; Googlebot/2.1; +http://www.google.com/bot.html)" 173 **0/173781**
114.119.139.172 - - [12/Sep/2025:11:19:08 -0700] "GET /product/445192110.htm HTTP/1.1" 404 55906 "-" "Mozilla/5.0 (Linux; Android 7.0;) AppleWebKit/537.36 (KHTML, like Gecko) Mobile Safari/537.36 (compatible; PetalBot;+https://webmaster.petalsearch.com/site/petalbot)" 131 **0/131556**
173.201.186.239 - - [12/Sep/2025:11:19:59 -0700] "POST /wp-cron.php?doing_wp_cron=1757701199.8150880336761474609375 HTTP/1.1" 200 - "-" "WordPress/6.8.2; https://lemonattorneynearme.com" 12 **0/12592**
66.249.74.13 - - [12/Sep/2025:11:19:59 -0700] "GET /product/798753093.htm HTTP/1.1" 404 12434 "-" "Mozilla/5.0 (Linux; Android 6.0.1; Nexus 5X Build/MMB29P) AppleWebKit/537.36 (KHTML, like Gecko) Chrome/140.0.7339.127 Mobile Safari/537.36 (compatible; Googlebot/2.1; +http://www.google.com/bot.html)" 146 **0/146129**
173.201.186.239 - - [12/Sep/2025:11:20:31 -0700] "POST /wp-cron.php?doing_wp_cron=1757701231.0554490089416503906250 HTTP/1.1" 200 - "-" "WordPress/6.8.2; https://lemonattorneynearme.com" 13 **0/13730**
47.82.11.2 - - [12/Sep/2025:11:20:30 -0700] "GET /product/3136870165.htm HTTP/1.1" 404 13026 "https://lemonattorneynearme.com/" "Mozilla/5.0 (Windows NT 10.0; Win64; x64) AppleWebKit/537.36 (KHTML, like Gecko) Chrome/135.0.0.0 Safari/537.36 Edg/135.0.0.0" 201 **0/201043**
66.249.74.14 - - [12/Sep/2025:11:20:49 -0700] "GET /?e=4828153750303&channel=0ae405&from=brands.php?product/7019560.htm HTTP/1.1" 301 1 "-" "Mozilla/5.0 (Linux; Android 6.0.1; Nexus 5X Build/MMB29P) AppleWebKit/537.36 (KHTML, like Gecko) Chrome/140.0.7339.127 Mobile Safari/537.36 (compatible; Googlebot/2.1; +http://www.google.com/bot.html)" 101 **0/101789**
66.249.74.14 - - [12/Sep/2025:11:20:49 -0700] "GET /?e=4828153750303&channel=0ae405&from=brands.php%3Fproduct%2F7019560.htm HTTP/1.1" 200 16934 "-" "Mozilla/5.0 (Linux; Android 6.0.1; Nexus 5X Build/MMB29P) AppleWebKit/537.36 (KHTML, like Gecko) Chrome/140.0.7339.127 Mobile Safari/537.36 (compatible; Googlebot/2.1; +http://www.google.com/bot.html)" 150 **0/150402**
173.201.186.239 - - [12/Sep/2025:11:21:35 -0700] "POST /wp-cron.php?doing_wp_cron=1757701295.1429960727691650390625 HTTP/1.1" 200 - "-" "WordPress/6.8.2; https://lemonattorneynearme.com" 12 **0/12689**
47.82.11.44 - - [12/Sep/2025:11:21:35 -0700] "GET /product/67155395.htm HTTP/1.1" 404 13026 "https://lemonattorneynearme.com/" "Mozilla/5.0 (Windows NT 10.0; Win64; x64) AppleWebKit/537.36 (KHTML, like Gecko) Chrome/135.0.0.0 Safari/537.36" 147 **0/147619**
114.119.136.12 - - [12/Sep/2025:11:21:35 -0700] "GET /product/445014415.htm HTTP/1.1" 404 55906 "-" "Mozilla/5.0 (Linux; Android 7.0;) AppleWebKit/537.36 (KHTML, like Gecko) Mobile Safari/537.36 (compatible; PetalBot;+https://webmaster.petalsearch.com/site/petalbot)" 115 **0/115509**
173.201.186.239 - - [12/Sep/2025:11:22:14 -0700] "POST /wp-cron.php?doing_wp_cron=1757701334.3819780349731445312500 HTTP/1.1" 200 - "-" "WordPress/6.8.2; https://lemonattorneynearme.com" 11 **0/11078**
66.249.74.14 - - [12/Sep/2025:11:22:14 -0700] "GET /product/1971055379.htm HTTP/1.1" 404 12434 "-" "Mozilla/5.0 (compatible; Googlebot/2.1; +http://www.google.com/bot.html)" 164 **0/164881**
66.249.74.13 - - [12/Sep/2025:11:22:28 -0700] "GET /product/1477990749.htm HTTP/1.1" 404 12434 "-" "Mozilla/5.0 (Linux; Android 6.0.1; Nexus 5X Build/MMB29P) AppleWebKit/537.36 (KHTML, like Gecko) Chrome/140.0.7339.127 Mobile Safari/537.36 (compatible; Googlebot/2.1; +http://www.google.com/bot.html)" 131 **0/131310**
173.201.186.239 - - [12/Sep/2025:11:23:56 -0700] "POST /wp-cron.php?doing_wp_cron=1757701436.6658489704132080078125 HTTP/1.1" 200 - "-" "WordPress/6.8.2; https://lemonattorneynearme.com" 12 **0/12132**
114.119.135.233 - - [12/Sep/2025:11:23:56 -0700] "GET /product/444966578.htm HTTP/1.1" 404 55906 "-" "Mozilla/5.0 (Linux; Android 7.0;) AppleWebKit/537.36 (KHTML, like Gecko) Mobile Safari/537.36 (compatible; PetalBot;+https://webmaster.petalsearch.com/site/petalbot)" 162 **0/162300**
173.201.186.239 - - [12/Sep/2025:11:24:55 -0700] "POST /wp-cron.php?doing_wp_cron=1757701495.6453959941864013671875 HTTP/1.1" 200 - "-" "WordPress/6.8.2; https://lemonattorneynearme.com" 13 **0/13806**
66.249.74.15 - - [12/Sep/2025:11:24:55 -0700] "GET /product/115299216.htm HTTP/1.1" 404 12434 "-" "Mozilla/5.0 (compatible; Googlebot/2.1; +http://www.google.com/bot.html)" 155 **0/155408**
66.249.74.15 - - [12/Sep/2025:11:25:24 -0700] "GET /product/796899799.htm HTTP/1.1" 404 12434 "-" "Mozilla/5.0 (compatible; Googlebot/2.1; +http://www.google.com/bot.html)" 142 **0/142893**
173.201.186.239 - - [12/Sep/2025:11:26:32 -0700] "POST /wp-cron.php?doing_wp_cron=1757701592.4834580421447753906250 HTTP/1.1" 200 - "-" "WordPress/6.8.2; https://lemonattorneynearme.com" 12 **0/12280**
114.119.147.166 - - [12/Sep/2025:11:26:32 -0700] "GET /product/444951732.htm HTTP/1.1" 404 55906 "-" "Mozilla/5.0 (Linux; Android 7.0;) AppleWebKit/537.36 (KHTML, like Gecko) Mobile Safari/537.36 (compatible; PetalBot;+https://webmaster.petalsearch.com/site/petalbot)" 135 **0/135666**
66.249.74.15 - - [12/Sep/2025:11:26:48 -0700] "GET /product/885050999.htm HTTP/1.1" 404 12434 "-" "Mozilla/5.0 (Linux; Android 6.0.1; Nexus 5X Build/MMB29P) AppleWebKit/537.36 (KHTML, like Gecko) Chrome/140.0.7339.127 Mobile Safari/537.36 (compatible; Googlebot/2.1; +http://www.google.com/bot.html)" 145 **0/145362**
173.201.186.239 - - [12/Sep/2025:11:28:48 -0700] "POST /wp-cron.php?doing_wp_cron=1757701728.6435430049896240234375 HTTP/1.1" 200 - "-" "WordPress/6.8.2; https://lemonattorneynearme.com" 11 **0/11635**
114.119.156.232 - - [12/Sep/2025:11:28:48 -0700] "GET /product/444948485.htm HTTP/1.1" 404 55906 "-" "Mozilla/5.0 (Linux; Android 7.0;) AppleWebKit/537.36 (KHTML, like Gecko) Mobile Safari/537.36 (compatible; PetalBot;+https://webmaster.petalsearch.com/site/petalbot)" 147 **0/147466**
173.201.186.239 - - [12/Sep/2025:11:31:02 -0700] "POST /wp-cron.php?doing_wp_cron=1757701862.1364068984985351562500 HTTP/1.1" 200 - "-" "WordPress/6.8.2; https://lemonattorneynearme.com" 16 **0/16739**
114.119.139.172 - - [12/Sep/2025:11:31:01 -0700] "GET /product/444920881.htm HTTP/1.1" 404 55906 "-" "Mozilla/5.0 (Linux; Android 7.0;) AppleWebKit/537.36 (KHTML, like Gecko) Mobile Safari/537.36 (compatible; PetalBot;+https://webmaster.petalsearch.com/site/petalbot)" 258 **0/258866**
173.201.186.239 - - [12/Sep/2025:11:31:54 -0700] "POST /wp-cron.php?doing_wp_cron=1757701914.7184360027313232421875 HTTP/1.1" 200 - "-" "WordPress/6.8.2; https://lemonattorneynearme.com" 9 **0/9775**
66.249.74.14 - - [12/Sep/2025:11:31:54 -0700] "GET /product/803712933.htm HTTP/1.1" 404 12434 "-" "Mozilla/5.0 (Linux; Android 6.0.1; Nexus 5X Build/MMB29P) AppleWebKit/537.36 (KHTML, like Gecko) Chrome/140.0.7339.127 Mobile Safari/537.36 (compatible; Googlebot/2.1; +http://www.google.com/bot.html)" 151 **0/151823**
66.249.74.13 - - [12/Sep/2025:11:32:11 -0700] "GET /?e=88846194667900&channel=9999c8&from=category-info.php?product/1784003745.htm HTTP/1.1" 301 1 "-" "Mozilla/5.0 (Linux; Android 6.0.1; Nexus 5X Build/MMB29P) AppleWebKit/537.36 (KHTML, like Gecko) Chrome/140.0.7339.127 Mobile Safari/537.36 (compatible; Googlebot/2.1; +http://www.google.com/bot.html)" 90 **0/90738**
66.249.74.15 - - [12/Sep/2025:11:32:11 -0700] "GET /?e=88846194667900&channel=9999c8&from=category-info.php%3Fproduct%2F1784003745.htm HTTP/1.1" 200 16934 "-" "Mozilla/5.0 (Linux; Android 6.0.1; Nexus 5X Build/MMB29P) AppleWebKit/537.36 (KHTML, like Gecko) Chrome/140.0.7339.127 Mobile Safari/537.36 (compatible; Googlebot/2.1; +http://www.google.com/bot.html)" 146 **0/146689**
173.201.186.239 - - [12/Sep/2025:11:33:22 -0700] "POST /wp-cron.php?doing_wp_cron=1757702002.7948720455169677734375 HTTP/1.1" 200 - "-" "WordPress/6.8.2; https://lemonattorneynearme.com" 15 **0/15388**
114.119.144.42 - - [12/Sep/2025:11:33:22 -0700] "GET /product/444902770.htm HTTP/1.1" 404 55906 "-" "Mozilla/5.0 (Linux; Android 7.0;) AppleWebKit/537.36 (KHTML, like Gecko) Mobile Safari/537.36 (compatible; PetalBot;+https://webmaster.petalsearch.com/site/petalbot)" 163 **0/163749**
173.201.186.239 - - [12/Sep/2025:11:33:50 -0700] "POST /wp-cron.php?doing_wp_cron=1757702030.8633689880371093750000 HTTP/1.1" 200 - "-" "WordPress/6.8.2; https://lemonattorneynearme.com" 14 **0/14128**
66.249.74.13 - - [12/Sep/2025:11:33:50 -0700] "GET /?e=43814187742804&channel=42b7df&from=article.php?product/58161355.htm HTTP/1.1" 301 1 "-" "Mozilla/5.0 (Linux; Android 6.0.1; Nexus 5X Build/MMB29P) AppleWebKit/537.36 (KHTML, like Gecko) Chrome/140.0.7339.127 Mobile Safari/537.36 (compatible; Googlebot/2.1; +http://www.google.com/bot.html)" 124 **0/124263**
66.249.74.14 - - [12/Sep/2025:11:33:51 -0700] "GET /?e=43814187742804&channel=42b7df&from=article.php%3Fproduct%2F58161355.htm HTTP/1.1" 200 16934 "-" "Mozilla/5.0 (Linux; Android 6.0.1; Nexus 5X Build/MMB29P) AppleWebKit/537.36 (KHTML, like Gecko) Chrome/140.0.7339.127 Mobile Safari/537.36 (compatible; Googlebot/2.1; +http://www.google.com/bot.html)" 135 **0/135228**
173.201.186.239 - - [12/Sep/2025:11:35:05 -0700] "POST /wp-cron.php?doing_wp_cron=1757702105.3630080223083496093750 HTTP/1.1" 200 - "-" "WordPress/6.8.2; https://lemonattorneynearme.com" 19 **0/19747**
66.249.74.15 - - [12/Sep/2025:11:35:05 -0700] "GET /?e=88846194667900&channel=9999c8&from=category-info.php?product/585113868.htm HTTP/1.1" 301 1 "-" "Mozilla/5.0 (Linux; Android 6.0.1; Nexus 5X Build/MMB29P) AppleWebKit/537.36 (KHTML, like Gecko) Chrome/140.0.7339.127 Mobile Safari/537.36 (compatible; Googlebot/2.1; +http://www.google.com/bot.html)" 257 **0/257659**
66.249.74.14 - - [12/Sep/2025:11:35:05 -0700] "GET /?e=88846194667900&channel=9999c8&from=category-info.php%3Fproduct%2F585113868.htm HTTP/1.1" 200 16934 "-" "Mozilla/5.0 (Linux; Android 6.0.1; Nexus 5X Build/MMB29P) AppleWebKit/537.36 (KHTML, like Gecko) Chrome/140.0.7339.127 Mobile Safari/537.36 (compatible; Googlebot/2.1; +http://www.google.com/bot.html)" 183 **0/183737**
173.201.186.239 - - [12/Sep/2025:11:35:33 -0700] "POST /wp-cron.php?doing_wp_cron=1757702133.1221840381622314453125 HTTP/1.1" 200 - "-" "WordPress/6.8.2; https://lemonattorneynearme.com" 18 **0/18807**
114.119.147.166 - - [12/Sep/2025:11:35:33 -0700] "GET /product/444893083.htm HTTP/1.1" 404 55906 "-" "Mozilla/5.0 (Linux; Android 7.0;) AppleWebKit/537.36 (KHTML, like Gecko) Mobile Safari/537.36 (compatible; PetalBot;+https://webmaster.petalsearch.com/site/petalbot)" 167 **0/167285**
173.201.186.239 - - [12/Sep/2025:11:36:33 -0700] "POST /wp-cron.php?doing_wp_cron=1757702193.6786849498748779296875 HTTP/1.1" 200 - "-" "WordPress/6.8.2; https://lemonattorneynearme.com" 13 **0/13823**
66.249.74.13 - - [12/Sep/2025:11:36:33 -0700] "GET /zhHant/product/surugaya/L4244852302?campaign_uid=f64d716db5e979ed2f947dbaf4296895b951ae7f HTTP/1.1" 404 12434 "-" "Mozilla/5.0 (Linux; Android 6.0.1; Nexus 5X Build/MMB29P) AppleWebKit/537.36 (KHTML, like Gecko) Chrome/140.0.7339.127 Mobile Safari/537.36 (compatible; Googlebot/2.1; +http://www.google.com/bot.html)" 151 **0/151762**