HEX
Server: Apache
System: Linux p3plzcpnl457797.prod.phx3.secureserver.net 4.18.0-553.54.1.lve.el8.x86_64 #1 SMP Wed Jun 4 13:01:13 UTC 2025 x86_64
User: xrp54be6gdhh (7647548)
PHP: 7.3.33
Disabled: NONE
Upload Files
File: /home/xrp54be6gdhh/access-logs/lemonattorneynearme.audilemon.com-ssl_log
88.210.10.79 - - [12/Sep/2025:05:17:01 -0700] "GET / HTTP/1.1" 301 - "-" "Mozilla/5.0 (Macintosh; Intel Mac OS X 10_15_7) AppleWebKit/537.36 (KHTML, like Gecko) Chrome/133.0.0.0 Safari/537.36" 68 **0/68984**
88.210.10.79 - - [12/Sep/2025:05:17:01 -0700] "GET / HTTP/1.1" 200 18769 "https://LEMONATTORNEYNEARME.COM" "Mozilla/5.0 (Macintosh; Intel Mac OS X 10_15_7) AppleWebKit/537.36 (KHTML, like Gecko) Chrome/133.0.0.0 Safari/537.36" 203 **0/203222**
20.171.207.190 - - [12/Sep/2025:05:17:09 -0700] "GET /wp-admin/index.php HTTP/2.0" 302 1 "-" "Mozilla/5.0 AppleWebKit/537.36 (KHTML, like Gecko; compatible; GPTBot/1.2; +https://openai.com/gptbot)" 120 **0/120759**
20.171.207.190 - - [12/Sep/2025:05:17:09 -0700] "GET /wp-login.php?redirect_to=https%3A%2F%2Flemonattorneynearme.com%2Fwp-admin%2Findex.php&reauth=1 HTTP/2.0" 200 2419 "-" "Mozilla/5.0 AppleWebKit/537.36 (KHTML, like Gecko; compatible; GPTBot/1.2; +https://openai.com/gptbot)" 127 **0/127299**
114.119.136.12 - - [12/Sep/2025:05:17:22 -0700] "GET /product/2761683701.htm HTTP/1.1" 404 55906 "https://lemonattorneynearme.com/sitemap.xml" "Mozilla/5.0 (Linux; Android 7.0;) AppleWebKit/537.36 (KHTML, like Gecko) Mobile Safari/537.36 (compatible; PetalBot;+https://webmaster.petalsearch.com/site/petalbot)" 129 **0/129154**
66.249.74.14 - - [12/Sep/2025:05:17:37 -0700] "GET /product/1404746813.htm HTTP/1.1" 404 12434 "-" "Mozilla/5.0 (Linux; Android 6.0.1; Nexus 5X Build/MMB29P) AppleWebKit/537.36 (KHTML, like Gecko) Chrome/140.0.7339.127 Mobile Safari/537.36 (compatible; Googlebot/2.1; +http://www.google.com/bot.html)" 140 **0/140360**
20.171.207.190 - - [12/Sep/2025:05:17:56 -0700] "GET /Public/home/js/check.js HTTP/2.0" 404 12434 "-" "Mozilla/5.0 AppleWebKit/537.36 (KHTML, like Gecko; compatible; GPTBot/1.2; +https://openai.com/gptbot)" 115 **0/115052**
114.119.147.166 - - [12/Sep/2025:05:19:36 -0700] "GET /product/445175070.htm HTTP/1.1" 404 55906 "-" "Mozilla/5.0 (Linux; Android 7.0;) AppleWebKit/537.36 (KHTML, like Gecko) Mobile Safari/537.36 (compatible; PetalBot;+https://webmaster.petalsearch.com/site/petalbot)" 140 **0/140200**
20.171.207.190 - - [12/Sep/2025:05:19:39 -0700] "GET /wp-sitemap.xml HTTP/2.0" 200 155 "-" "Mozilla/5.0 AppleWebKit/537.36 (KHTML, like Gecko; compatible; GPTBot/1.2; +https://openai.com/gptbot)" 117 **0/117959**
20.171.207.190 - - [12/Sep/2025:05:20:01 -0700] "GET /wp-content/plugins/gravityforms/images/list-add.svg HTTP/2.0" 200 205 "-" "Mozilla/5.0 AppleWebKit/537.36 (KHTML, like Gecko; compatible; GPTBot/1.2; +https://openai.com/gptbot)" 16 **0/16571**
20.171.207.190 - - [12/Sep/2025:05:20:17 -0700] "GET /wp-admin/user-edit.php HTTP/2.0" 302 1 "-" "Mozilla/5.0 AppleWebKit/537.36 (KHTML, like Gecko; compatible; GPTBot/1.2; +https://openai.com/gptbot)" 100 **0/100153**
20.171.207.190 - - [12/Sep/2025:05:20:17 -0700] "GET /wp-login.php?redirect_to=https%3A%2F%2Flemonattorneynearme.com%2Fwp-admin%2Fuser-edit.php&reauth=1 HTTP/2.0" 200 2422 "-" "Mozilla/5.0 AppleWebKit/537.36 (KHTML, like Gecko; compatible; GPTBot/1.2; +https://openai.com/gptbot)" 96 **0/96913**
66.249.74.14 - - [12/Sep/2025:05:20:42 -0700] "GET /product/60510415.htm HTTP/1.1" 404 12434 "-" "Mozilla/5.0 (Linux; Android 6.0.1; Nexus 5X Build/MMB29P) AppleWebKit/537.36 (KHTML, like Gecko) Chrome/140.0.7339.127 Mobile Safari/537.36 (compatible; Googlebot/2.1; +http://www.google.com/bot.html)" 115 **0/115617**
66.249.74.13 - - [12/Sep/2025:05:20:46 -0700] "GET /product/517035065.htm HTTP/1.1" 404 12434 "-" "Mozilla/5.0 (Linux; Android 6.0.1; Nexus 5X Build/MMB29P) AppleWebKit/537.36 (KHTML, like Gecko) Chrome/140.0.7339.127 Mobile Safari/537.36 (compatible; Googlebot/2.1; +http://www.google.com/bot.html)" 141 **0/141768**
66.249.74.14 - - [12/Sep/2025:05:21:25 -0700] "GET /product/1296130717.htm HTTP/1.1" 404 12434 "-" "Mozilla/5.0 (compatible; Googlebot/2.1; +http://www.google.com/bot.html)" 152 **0/152522**
173.201.186.239 - - [12/Sep/2025:05:21:31 -0700] "POST /wp-cron.php?doing_wp_cron=1757679691.7283599376678466796875 HTTP/1.1" 200 - "-" "WordPress/6.8.2; https://lemonattorneynearme.com" 12 **0/12343**
47.82.11.14 - - [12/Sep/2025:05:21:31 -0700] "GET /product/24366091.htm HTTP/1.1" 404 13026 "https://lemonattorneynearme.com/" "Mozilla/5.0 (X11; Linux x86_64) AppleWebKit/537.36 (KHTML, like Gecko) Chrome/129.0.0.0 Safari/537.36" 133 **0/133432**
114.119.147.166 - - [12/Sep/2025:05:21:47 -0700] "GET /product/445100570.htm HTTP/1.1" 404 55906 "-" "Mozilla/5.0 (Linux; Android 7.0;) AppleWebKit/537.36 (KHTML, like Gecko) Mobile Safari/537.36 (compatible; PetalBot;+https://webmaster.petalsearch.com/site/petalbot)" 125 **0/125296**
20.171.207.190 - - [12/Sep/2025:05:22:01 -0700] "GET /author-sitemap.xml HTTP/2.0" 404 12434 "-" "Mozilla/5.0 AppleWebKit/537.36 (KHTML, like Gecko; compatible; GPTBot/1.2; +https://openai.com/gptbot)" 150 **0/150911**
20.171.207.190 - - [12/Sep/2025:05:22:45 -0700] "GET /wp-sitemap-posts-page-1.xml HTTP/2.0" 200 205 "-" "Mozilla/5.0 AppleWebKit/537.36 (KHTML, like Gecko; compatible; GPTBot/1.2; +https://openai.com/gptbot)" 83 **0/83497**
66.249.74.15 - - [12/Sep/2025:05:23:06 -0700] "GET /product/2356241412.htm HTTP/1.1" 404 12434 "-" "Mozilla/5.0 (compatible; Googlebot/2.1; +http://www.google.com/bot.html)" 119 **0/119439**
66.249.74.14 - - [12/Sep/2025:05:23:10 -0700] "GET /product/1606963067.htm HTTP/1.1" 404 12434 "-" "Mozilla/5.0 (Linux; Android 6.0.1; Nexus 5X Build/MMB29P) AppleWebKit/537.36 (KHTML, like Gecko) Chrome/140.0.7339.127 Mobile Safari/537.36 (compatible; Googlebot/2.1; +http://www.google.com/bot.html)" 133 **0/133378**
20.171.207.190 - - [12/Sep/2025:05:23:30 -0700] "GET /wp-admin/js/user-profile.min.js?ver=6.8.2 HTTP/2.0" 200 2390 "-" "Mozilla/5.0 AppleWebKit/537.36 (KHTML, like Gecko; compatible; GPTBot/1.2; +https://openai.com/gptbot)" 6 **0/6687**
20.171.207.190 - - [12/Sep/2025:05:23:40 -0700] "GET /wp-json/wp/v2/pages/351 HTTP/2.0" 200 6061 "-" "Mozilla/5.0 AppleWebKit/537.36 (KHTML, like Gecko; compatible; GPTBot/1.2; +https://openai.com/gptbot)" 127 **0/127721**
20.171.207.190 - - [12/Sep/2025:05:23:43 -0700] "GET /wp-json/wp/v2/pages/353 HTTP/2.0" 200 10167 "-" "Mozilla/5.0 AppleWebKit/537.36 (KHTML, like Gecko; compatible; GPTBot/1.2; +https://openai.com/gptbot)" 137 **0/137328**
20.171.207.190 - - [12/Sep/2025:05:23:46 -0700] "GET /wp-json/oembed/1.0/embed?url=https%3A%2F%2Flemonattorneynearme.com%2Fterms-conditions%2F HTTP/2.0" 200 1197 "-" "Mozilla/5.0 AppleWebKit/537.36 (KHTML, like Gecko; compatible; GPTBot/1.2; +https://openai.com/gptbot)" 104 **0/104141**
20.171.207.190 - - [12/Sep/2025:05:23:50 -0700] "GET /wp-json/oembed/1.0/embed?url=https%3A%2F%2Flemonattorneynearme.com%2Fprivacy-policy%2F HTTP/2.0" 200 1198 "-" "Mozilla/5.0 AppleWebKit/537.36 (KHTML, like Gecko; compatible; GPTBot/1.2; +https://openai.com/gptbot)" 121 **0/121641**
20.171.207.190 - - [12/Sep/2025:05:23:53 -0700] "GET /wp-content/plugins/gravityforms/fonts/gform-icons-theme.woff2?a2cayk HTTP/2.0" 200 3348 "-" "Mozilla/5.0 AppleWebKit/537.36 (KHTML, like Gecko; compatible; GPTBot/1.2; +https://openai.com/gptbot)" 6 **0/6851**
20.171.207.190 - - [12/Sep/2025:05:23:56 -0700] "GET /wp-content/plugins/gravityforms/fonts/gform-icons-theme.woff?a2cayk HTTP/2.0" 200 3912 "-" "Mozilla/5.0 AppleWebKit/537.36 (KHTML, like Gecko; compatible; GPTBot/1.2; +https://openai.com/gptbot)" 8 **0/8586**
20.171.207.190 - - [12/Sep/2025:05:23:59 -0700] "GET /wp-content/plugins/gravityforms/fonts/gform-icons-theme.ttf?a2cayk HTTP/2.0" 200 3908 "-" "Mozilla/5.0 AppleWebKit/537.36 (KHTML, like Gecko; compatible; GPTBot/1.2; +https://openai.com/gptbot)" 14 **0/14738**
20.171.207.190 - - [12/Sep/2025:05:24:02 -0700] "GET /wp-content/plugins/gravityforms/fonts/gform-icons-theme.svg?a2cayk HTTP/2.0" 200 6546 "-" "Mozilla/5.0 AppleWebKit/537.36 (KHTML, like Gecko; compatible; GPTBot/1.2; +https://openai.com/gptbot)" 18 **0/18821**
20.171.207.190 - - [12/Sep/2025:05:24:05 -0700] "GET /wp-admin/js/password-strength-meter.min.js?ver=6.8.2 HTTP/2.0" 200 560 "-" "Mozilla/5.0 AppleWebKit/537.36 (KHTML, like Gecko; compatible; GPTBot/1.2; +https://openai.com/gptbot)" 12 **0/12673**
114.119.156.232 - - [12/Sep/2025:05:24:10 -0700] "GET /product/444936804.htm HTTP/1.1" 404 55906 "-" "Mozilla/5.0 (Linux; Android 7.0;) AppleWebKit/537.36 (KHTML, like Gecko) Mobile Safari/537.36 (compatible; PetalBot;+https://webmaster.petalsearch.com/site/petalbot)" 204 **0/204165**
20.171.207.190 - - [12/Sep/2025:05:24:11 -0700] "GET /wp-includes/js/wp-util.min.js?ver=6.8.2 HTTP/2.0" 200 690 "-" "Mozilla/5.0 AppleWebKit/537.36 (KHTML, like Gecko; compatible; GPTBot/1.2; +https://openai.com/gptbot)" 13 **0/13925**
20.171.207.190 - - [12/Sep/2025:05:24:14 -0700] "GET /wp-includes/js/underscore.min.js?ver=1.13.7 HTTP/2.0" 200 7201 "-" "Mozilla/5.0 AppleWebKit/537.36 (KHTML, like Gecko; compatible; GPTBot/1.2; +https://openai.com/gptbot)" 11 **0/11938**
66.249.74.14 - - [12/Sep/2025:05:24:17 -0700] "GET /product/1994952383.htm HTTP/1.1" 404 12434 "-" "Mozilla/5.0 (Linux; Android 6.0.1; Nexus 5X Build/MMB29P) AppleWebKit/537.36 (KHTML, like Gecko) Chrome/140.0.7339.127 Mobile Safari/537.36 (compatible; Googlebot/2.1; +http://www.google.com/bot.html)" 195 **0/195346**
20.171.207.190 - - [12/Sep/2025:05:24:18 -0700] "GET /wp-includes/js/dist/dom-ready.min.js?ver=f77871ff7694fffea381 HTTP/2.0" 200 276 "-" "Mozilla/5.0 AppleWebKit/537.36 (KHTML, like Gecko; compatible; GPTBot/1.2; +https://openai.com/gptbot)" 24 **0/24672**
20.171.207.190 - - [12/Sep/2025:05:24:21 -0700] "GET /wp-includes/js/clipboard.min.js?ver=2.0.11 HTTP/2.0" 200 2997 "-" "Mozilla/5.0 AppleWebKit/537.36 (KHTML, like Gecko; compatible; GPTBot/1.2; +https://openai.com/gptbot)" 7 **0/7280**
20.171.207.190 - - [12/Sep/2025:05:24:34 -0700] "GET /wp-includes/js/dist/hooks.min.js?ver=4d63a3d491d11ffd8ac6 HTTP/2.0" 200 1573 "-" "Mozilla/5.0 AppleWebKit/537.36 (KHTML, like Gecko; compatible; GPTBot/1.2; +https://openai.com/gptbot)" 7 **0/7751**
20.171.207.190 - - [12/Sep/2025:05:24:50 -0700] "GET /wp-includes/js/zxcvbn-async.min.js?ver=1.0 HTTP/2.0" 200 188 "-" "Mozilla/5.0 AppleWebKit/537.36 (KHTML, like Gecko; compatible; GPTBot/1.2; +https://openai.com/gptbot)" 5 **0/5396**
20.171.207.190 - - [12/Sep/2025:05:24:56 -0700] "GET /wp-admin/css/login.min.css HTTP/2.0" 200 1969 "-" "Mozilla/5.0 AppleWebKit/537.36 (KHTML, like Gecko; compatible; GPTBot/1.2; +https://openai.com/gptbot)" 15 **0/15191**
20.171.207.190 - - [12/Sep/2025:05:25:03 -0700] "GET /wp-includes/js/dist/i18n.min.js?ver=5e580eb46a90c2b997e6 HTTP/2.0" 200 3540 "-" "Mozilla/5.0 AppleWebKit/537.36 (KHTML, like Gecko; compatible; GPTBot/1.2; +https://openai.com/gptbot)" 24 **0/24089**
20.171.207.190 - - [12/Sep/2025:05:25:09 -0700] "GET /wp-includes/js/dist/a11y.min.js?ver=3156534cc54473497e14 HTTP/2.0" 200 828 "-" "Mozilla/5.0 AppleWebKit/537.36 (KHTML, like Gecko; compatible; GPTBot/1.2; +https://openai.com/gptbot)" 14 **0/14405**
20.171.207.190 - - [12/Sep/2025:05:25:25 -0700] "GET /wp-admin/images/w-logo-blue.png?ver=20131202 HTTP/2.0" 200 3113 "-" "Mozilla/5.0 AppleWebKit/537.36 (KHTML, like Gecko; compatible; GPTBot/1.2; +https://openai.com/gptbot)" 6 **0/6018**
20.171.207.190 - - [12/Sep/2025:05:25:28 -0700] "GET /wp-admin/images/wordpress-logo.svg?ver=20131107 HTTP/2.0" 200 766 "-" "Mozilla/5.0 AppleWebKit/537.36 (KHTML, like Gecko; compatible; GPTBot/1.2; +https://openai.com/gptbot)" 15 **0/15781**
20.171.207.190 - - [12/Sep/2025:05:25:34 -0700] "GET /wp-includes/js/mediaelement/mediaelementplayer-legacy.min.css HTTP/2.0" 200 2397 "-" "Mozilla/5.0 AppleWebKit/537.36 (KHTML, like Gecko; compatible; GPTBot/1.2; +https://openai.com/gptbot)" 9 **0/9591**
20.171.207.190 - - [12/Sep/2025:05:25:55 -0700] "GET /wp-json/oembed/1.0/embed?format=xml&url=https%3A%2F%2Flemonattorneynearme.com%2Fprivacy-policy%2F HTTP/2.0" 200 1223 "-" "Mozilla/5.0 AppleWebKit/537.36 (KHTML, like Gecko; compatible; GPTBot/1.2; +https://openai.com/gptbot)" 102 **0/102941**
20.171.207.190 - - [12/Sep/2025:05:26:02 -0700] "GET /wp-includes/js/mediaelement/mejs-controls.svg HTTP/2.0" 200 1319 "-" "Mozilla/5.0 AppleWebKit/537.36 (KHTML, like Gecko; compatible; GPTBot/1.2; +https://openai.com/gptbot)" 10 **0/10307**
20.171.207.190 - - [12/Sep/2025:05:26:08 -0700] "GET /wp-includes/js/tinymce/skins/lightgray/skin.min.css HTTP/2.0" 200 8116 "-" "Mozilla/5.0 AppleWebKit/537.36 (KHTML, like Gecko; compatible; GPTBot/1.2; +https://openai.com/gptbot)" 13 **0/13769**
114.119.156.232 - - [12/Sep/2025:05:26:10 -0700] "GET /product/444806920.htm HTTP/1.1" 404 55906 "-" "Mozilla/5.0 (Linux; Android 7.0;) AppleWebKit/537.36 (KHTML, like Gecko) Mobile Safari/537.36 (compatible; PetalBot;+https://webmaster.petalsearch.com/site/petalbot)" 151 **0/151560**
20.171.207.190 - - [12/Sep/2025:05:26:18 -0700] "GET /wp-login.php?action=lostpassword HTTP/2.0" 200 1714 "-" "Mozilla/5.0 AppleWebKit/537.36 (KHTML, like Gecko; compatible; GPTBot/1.2; +https://openai.com/gptbot)" 120 **0/120590**
20.171.207.190 - - [12/Sep/2025:05:26:20 -0700] "GET /wp-json/oembed/1.0/embed?format=xml&url=https%3A%2F%2Flemonattorneynearme.com%2Fterms-conditions%2F HTTP/2.0" 200 1210 "-" "Mozilla/5.0 AppleWebKit/537.36 (KHTML, like Gecko; compatible; GPTBot/1.2; +https://openai.com/gptbot)" 83 **0/83257**
20.171.207.190 - - [12/Sep/2025:05:26:23 -0700] "GET /privacy-policy/embed/ HTTP/2.0" 200 5960 "-" "Mozilla/5.0 AppleWebKit/537.36 (KHTML, like Gecko; compatible; GPTBot/1.2; +https://openai.com/gptbot)" 128 **0/128424**
20.171.207.190 - - [12/Sep/2025:05:26:26 -0700] "GET /wp-content/plugins/wp-file-manager/lib/css/dialog.css HTTP/2.0" 404 12434 "-" "Mozilla/5.0 AppleWebKit/537.36 (KHTML, like Gecko; compatible; GPTBot/1.2; +https://openai.com/gptbot)" 120 **0/120129**
20.171.207.190 - - [12/Sep/2025:05:26:33 -0700] "GET /wp-content/plugins/wp-file-manager/lib/css/navbar.css HTTP/2.0" 404 12434 "-" "Mozilla/5.0 AppleWebKit/537.36 (KHTML, like Gecko; compatible; GPTBot/1.2; +https://openai.com/gptbot)" 194 **0/194133**
20.171.207.190 - - [12/Sep/2025:05:26:37 -0700] "GET /wp-includes/js/tinymce/skins/lightgray/img/loader.gif HTTP/2.0" 200 2608 "-" "Mozilla/5.0 AppleWebKit/537.36 (KHTML, like Gecko; compatible; GPTBot/1.2; +https://openai.com/gptbot)" 12 **0/12149**
20.171.207.190 - - [12/Sep/2025:05:26:41 -0700] "GET /wp-includes/js/tinymce/skins/lightgray/fonts/tinymce-small.svg HTTP/2.0" 200 7422 "-" "Mozilla/5.0 AppleWebKit/537.36 (KHTML, like Gecko; compatible; GPTBot/1.2; +https://openai.com/gptbot)" 10 **0/10793**
20.171.207.190 - - [12/Sep/2025:05:26:43 -0700] "GET /wp-includes/js/tinymce/skins/lightgray/fonts/tinymce-small.eot HTTP/2.0" 200 4933 "-" "Mozilla/5.0 AppleWebKit/537.36 (KHTML, like Gecko; compatible; GPTBot/1.2; +https://openai.com/gptbot)" 6 **0/6785**
20.171.207.190 - - [12/Sep/2025:05:26:46 -0700] "GET /terms-conditions/embed/ HTTP/2.0" 200 5942 "-" "Mozilla/5.0 AppleWebKit/537.36 (KHTML, like Gecko; compatible; GPTBot/1.2; +https://openai.com/gptbot)" 108 **0/108489**
66.249.74.13 - - [12/Sep/2025:05:26:47 -0700] "GET /product/856316594.htm HTTP/1.1" 404 12434 "-" "Mozilla/5.0 (Linux; Android 6.0.1; Nexus 5X Build/MMB29P) AppleWebKit/537.36 (KHTML, like Gecko) Chrome/140.0.7339.127 Mobile Safari/537.36 (compatible; Googlebot/2.1; +http://www.google.com/bot.html)" 123 **0/123798**
66.249.74.14 - - [12/Sep/2025:05:26:48 -0700] "GET /zhHant/product/surugaya/L807861898?campaign_uid=f64d716db5e979ed2f947dbaf4296895b951ae7f HTTP/1.1" 404 12434 "-" "Mozilla/5.0 (Linux; Android 6.0.1; Nexus 5X Build/MMB29P) AppleWebKit/537.36 (KHTML, like Gecko) Chrome/140.0.7339.127 Mobile Safari/537.36 (compatible; Googlebot/2.1; +http://www.google.com/bot.html)" 182 **0/182447**
20.171.207.190 - - [12/Sep/2025:05:26:49 -0700] "GET /wp-includes/js/tinymce/skins/lightgray/fonts/tinymce-small.ttf HTTP/2.0" 200 4896 "-" "Mozilla/5.0 AppleWebKit/537.36 (KHTML, like Gecko; compatible; GPTBot/1.2; +https://openai.com/gptbot)" 18 **0/18294**
20.171.207.190 - - [12/Sep/2025:05:26:52 -0700] "GET /wp-includes/js/tinymce/skins/lightgray/fonts/tinymce.svg HTTP/2.0" 200 13320 "-" "Mozilla/5.0 AppleWebKit/537.36 (KHTML, like Gecko; compatible; GPTBot/1.2; +https://openai.com/gptbot)" 11 **0/11112**
20.171.207.190 - - [12/Sep/2025:05:26:55 -0700] "GET /wp-includes/js/tinymce/skins/lightgray/fonts/tinymce.woff HTTP/2.0" 200 9323 "-" "Mozilla/5.0 AppleWebKit/537.36 (KHTML, like Gecko; compatible; GPTBot/1.2; +https://openai.com/gptbot)" 7 **0/7850**
20.171.207.190 - - [12/Sep/2025:05:26:58 -0700] "GET /wp-includes/js/tinymce/skins/lightgray/fonts/tinymce-small.woff HTTP/2.0" 200 4896 "-" "Mozilla/5.0 AppleWebKit/537.36 (KHTML, like Gecko; compatible; GPTBot/1.2; +https://openai.com/gptbot)" 9 **0/9555**
20.171.207.190 - - [12/Sep/2025:05:27:02 -0700] "GET /wp-includes/js/tinymce/skins/lightgray/fonts/tinymce.ttf HTTP/2.0" 200 9310 "-" "Mozilla/5.0 AppleWebKit/537.36 (KHTML, like Gecko; compatible; GPTBot/1.2; +https://openai.com/gptbot)" 11 **0/11501**
20.171.207.190 - - [12/Sep/2025:05:27:05 -0700] "GET /wp-includes/js/tinymce/skins/lightgray/fonts/tinymce.eot HTTP/2.0" 200 9355 "-" "Mozilla/5.0 AppleWebKit/537.36 (KHTML, like Gecko; compatible; GPTBot/1.2; +https://openai.com/gptbot)" 8 **0/8393**
20.171.207.190 - - [12/Sep/2025:05:27:08 -0700] "GET /wp-content/plugins/wp-file-manager/lib/css/cwd.css HTTP/2.0" 404 12434 "-" "Mozilla/5.0 AppleWebKit/537.36 (KHTML, like Gecko; compatible; GPTBot/1.2; +https://openai.com/gptbot)" 113 **0/113897**
20.171.207.190 - - [12/Sep/2025:05:27:11 -0700] "GET /wp-content/plugins/gravityforms/legacy/css/chosen-sprite.png HTTP/2.0" 200 538 "-" "Mozilla/5.0 AppleWebKit/537.36 (KHTML, like Gecko; compatible; GPTBot/1.2; +https://openai.com/gptbot)" 6 **0/6943**
20.171.207.190 - - [12/Sep/2025:05:27:18 -0700] "GET /wp-content/plugins/popup-maker/assets/css/pum-admin-bar.min.css HTTP/2.0" 404 12434 "-" "Mozilla/5.0 AppleWebKit/537.36 (KHTML, like Gecko; compatible; GPTBot/1.2; +https://openai.com/gptbot)" 128 **0/128033**
20.171.207.190 - - [12/Sep/2025:05:27:21 -0700] "GET /wp-content/plugins/gravityforms/assets/css/dist/settings.min.css HTTP/2.0" 200 10957 "-" "Mozilla/5.0 AppleWebKit/537.36 (KHTML, like Gecko; compatible; GPTBot/1.2; +https://openai.com/gptbot)" 15 **0/15692**
20.171.207.190 - - [12/Sep/2025:05:27:24 -0700] "GET /wp-content/plugins/wp-file-manager/css/jquery-ui.css HTTP/2.0" 404 12434 "-" "Mozilla/5.0 AppleWebKit/537.36 (KHTML, like Gecko; compatible; GPTBot/1.2; +https://openai.com/gptbot)" 120 **0/120857**
20.171.207.190 - - [12/Sep/2025:05:27:27 -0700] "GET /wp-content/plugins/wp-file-manager/lib/css/toolbar.css HTTP/2.0" 404 12434 "-" "Mozilla/5.0 AppleWebKit/537.36 (KHTML, like Gecko; compatible; GPTBot/1.2; +https://openai.com/gptbot)" 118 **0/118761**
173.201.186.239 - - [12/Sep/2025:05:27:30 -0700] "POST /wp-cron.php?doing_wp_cron=1757680050.9520459175109863281250 HTTP/1.1" 200 - "-" "WordPress/6.8.2; https://lemonattorneynearme.com" 12 **0/12273**
20.171.207.190 - - [12/Sep/2025:05:27:30 -0700] "GET /wp-content/plugins/wp-file-manager/lib/css/theme.css HTTP/2.0" 404 12434 "-" "Mozilla/5.0 AppleWebKit/537.36 (KHTML, like Gecko; compatible; GPTBot/1.2; +https://openai.com/gptbot)" 164 **0/164922**
66.249.74.14 - - [12/Sep/2025:05:27:33 -0700] "GET /product/1516906444.htm HTTP/1.1" 404 12434 "-" "Mozilla/5.0 (compatible; Googlebot/2.1; +http://www.google.com/bot.html)" 155 **0/155222**
20.171.207.190 - - [12/Sep/2025:05:27:34 -0700] "GET /wp-content/plugins/slide-anything/css/admin-user-interface.min.css HTTP/2.0" 200 3863 "-" "Mozilla/5.0 AppleWebKit/537.36 (KHTML, like Gecko; compatible; GPTBot/1.2; +https://openai.com/gptbot)" 14 **0/14053**
20.171.207.190 - - [12/Sep/2025:05:27:36 -0700] "GET /wp-content/plugins/popup-maker/assets/css/pum-site.min.css HTTP/2.0" 404 12434 "-" "Mozilla/5.0 AppleWebKit/537.36 (KHTML, like Gecko; compatible; GPTBot/1.2; +https://openai.com/gptbot)" 127 **0/127985**
20.171.207.190 - - [12/Sep/2025:05:27:40 -0700] "GET /wp-content/plugins/slide-anything/css/slide-anything-admin.css HTTP/2.0" 200 7355 "-" "Mozilla/5.0 AppleWebKit/537.36 (KHTML, like Gecko; compatible; GPTBot/1.2; +https://openai.com/gptbot)" 8 **0/8931**
66.249.74.14 - - [12/Sep/2025:05:27:40 -0700] "GET /product/296527312.htm HTTP/1.1" 404 12434 "-" "Mozilla/5.0 (Linux; Android 6.0.1; Nexus 5X Build/MMB29P) AppleWebKit/537.36 (KHTML, like Gecko) Chrome/140.0.7339.127 Mobile Safari/537.36 (compatible; Googlebot/2.1; +http://www.google.com/bot.html)" 155 **0/155419**
20.171.207.190 - - [12/Sep/2025:05:27:43 -0700] "GET /wp-content/plugins/google-analytics-for-wordpress/lite/assets/vue/css/widget.css HTTP/2.0" 200 21880 "-" "Mozilla/5.0 AppleWebKit/537.36 (KHTML, like Gecko; compatible; GPTBot/1.2; +https://openai.com/gptbot)" 18 **0/18771**
20.171.207.190 - - [12/Sep/2025:05:27:47 -0700] "GET /wp-content/plugins/gravityforms/images/gravity-rocket.svg?2 HTTP/2.0" 200 3694 "-" "Mozilla/5.0 AppleWebKit/537.36 (KHTML, like Gecko; compatible; GPTBot/1.2; +https://openai.com/gptbot)" 7 **0/7503**
20.171.207.190 - - [12/Sep/2025:05:27:50 -0700] "GET /wp-content/plugins/google-analytics-for-wordpress/lite/assets/vue/css/reports.css HTTP/2.0" 200 13489 "-" "Mozilla/5.0 AppleWebKit/537.36 (KHTML, like Gecko; compatible; GPTBot/1.2; +https://openai.com/gptbot)" 12 **0/12035**
20.171.207.190 - - [12/Sep/2025:05:27:53 -0700] "GET /wp-content/plugins/slide-anything/owl-carousel/sa-owl-theme.css HTTP/2.0" 200 1933 "-" "Mozilla/5.0 AppleWebKit/537.36 (KHTML, like Gecko; compatible; GPTBot/1.2; +https://openai.com/gptbot)" 7 **0/7025**
20.171.207.190 - - [12/Sep/2025:05:27:56 -0700] "GET /wp-content/plugins/google-analytics-for-wordpress/lite/assets/vue/css/wizard.css HTTP/2.0" 200 25928 "-" "Mozilla/5.0 AppleWebKit/537.36 (KHTML, like Gecko; compatible; GPTBot/1.2; +https://openai.com/gptbot)" 10 **0/10779**
20.171.207.190 - - [12/Sep/2025:05:27:59 -0700] "GET /wp-content/plugins/gravityforms/assets/css/dist/admin-icons.min.css HTTP/2.0" 200 1912 "-" "Mozilla/5.0 AppleWebKit/537.36 (KHTML, like Gecko; compatible; GPTBot/1.2; +https://openai.com/gptbot)" 9 **0/9421**
20.171.207.190 - - [12/Sep/2025:05:28:02 -0700] "GET /wp-content/plugins/slide-anything/images/ui-icons_777620_256x240.png HTTP/2.0" 200 4549 "-" "Mozilla/5.0 AppleWebKit/537.36 (KHTML, like Gecko; compatible; GPTBot/1.2; +https://openai.com/gptbot)" 7 **0/7030**
20.171.207.190 - - [12/Sep/2025:05:28:05 -0700] "GET /wp-content/plugins/slide-anything/images/ui-icons_cc0000_256x240.png HTTP/2.0" 200 4549 "-" "Mozilla/5.0 AppleWebKit/537.36 (KHTML, like Gecko; compatible; GPTBot/1.2; +https://openai.com/gptbot)" 15 **0/15002**
20.171.207.190 - - [12/Sep/2025:05:28:08 -0700] "GET /wp-content/plugins/slide-anything/images/image_placeholder_popup.jpg HTTP/2.0" 200 11555 "-" "Mozilla/5.0 AppleWebKit/537.36 (KHTML, like Gecko; compatible; GPTBot/1.2; +https://openai.com/gptbot)" 8 **0/8021**
20.171.207.190 - - [12/Sep/2025:05:28:11 -0700] "GET /wp-content/plugins/google-analytics-for-wordpress/lite/assets/vue/fonts/icons.otf HTTP/2.0" 200 33989 "-" "Mozilla/5.0 AppleWebKit/537.36 (KHTML, like Gecko; compatible; GPTBot/1.2; +https://openai.com/gptbot)" 18 **0/18598**
20.171.207.190 - - [12/Sep/2025:05:28:15 -0700] "GET /wp-content/plugins/google-analytics-for-wordpress/lite/assets/vue/fonts/icons.ttf HTTP/2.0" 200 16260 "-" "Mozilla/5.0 AppleWebKit/537.36 (KHTML, like Gecko; compatible; GPTBot/1.2; +https://openai.com/gptbot)" 14 **0/14382**
20.171.207.190 - - [12/Sep/2025:05:28:18 -0700] "GET /wp-content/plugins/google-analytics-for-wordpress/lite/assets/vue/img/confetti-background.png HTTP/2.0" 200 9847 "-" "Mozilla/5.0 AppleWebKit/537.36 (KHTML, like Gecko; compatible; GPTBot/1.2; +https://openai.com/gptbot)" 7 **0/7167**
20.171.207.190 - - [12/Sep/2025:05:28:21 -0700] "GET /wp-content/plugins/google-analytics-for-wordpress/lite/assets/vue/img/icon-lock.svg HTTP/2.0" 200 273 "-" "Mozilla/5.0 AppleWebKit/537.36 (KHTML, like Gecko; compatible; GPTBot/1.2; +https://openai.com/gptbot)" 7 **0/7049**
20.171.207.190 - - [12/Sep/2025:05:28:24 -0700] "GET /wp-content/plugins/google-analytics-for-wordpress/lite/assets/vue/img/welcome-video-image.jpg HTTP/2.0" 200 36296 "-" "Mozilla/5.0 AppleWebKit/537.36 (KHTML, like Gecko; compatible; GPTBot/1.2; +https://openai.com/gptbot)" 5 **0/5429**
20.171.207.190 - - [12/Sep/2025:05:28:27 -0700] "GET /wp-content/plugins/google-analytics-for-wordpress/lite/assets/vue/img/site-speed-blur.png HTTP/2.0" 200 202764 "-" "Mozilla/5.0 AppleWebKit/537.36 (KHTML, like Gecko; compatible; GPTBot/1.2; +https://openai.com/gptbot)" 8 **0/8949**
173.201.186.239 - - [12/Sep/2025:05:28:31 -0700] "POST /wp-cron.php?doing_wp_cron=1757680111.0987770557403564453125 HTTP/1.1" 200 - "-" "WordPress/6.8.2; https://lemonattorneynearme.com" 15 **0/15847**
114.119.150.15 - - [12/Sep/2025:05:28:30 -0700] "GET /product/444653774.htm HTTP/1.1" 404 55906 "-" "Mozilla/5.0 (Linux; Android 7.0;) AppleWebKit/537.36 (KHTML, like Gecko) Mobile Safari/537.36 (compatible; PetalBot;+https://webmaster.petalsearch.com/site/petalbot)" 189 **0/189492**
20.171.207.190 - - [12/Sep/2025:05:28:31 -0700] "GET /wp-content/plugins/google-analytics-for-wordpress/lite/assets/vue/fonts/lato-regular-webfont.woff HTTP/2.0" 200 32406 "-" "Mozilla/5.0 AppleWebKit/537.36 (KHTML, like Gecko; compatible; GPTBot/1.2; +https://openai.com/gptbot)" 10 **0/10252**
20.171.207.190 - - [12/Sep/2025:05:28:34 -0700] "GET /wp-content/plugins/google-analytics-for-wordpress/lite/assets/vue/img/flags.png HTTP/2.0" 200 29211 "-" "Mozilla/5.0 AppleWebKit/537.36 (KHTML, like Gecko; compatible; GPTBot/1.2; +https://openai.com/gptbot)" 7 **0/7811**
20.171.207.190 - - [12/Sep/2025:05:28:37 -0700] "GET /wp-content/plugins/google-analytics-for-wordpress/lite/assets/vue/img/chris.png HTTP/2.0" 200 16889 "-" "Mozilla/5.0 AppleWebKit/537.36 (KHTML, like Gecko; compatible; GPTBot/1.2; +https://openai.com/gptbot)" 6 **0/6266**
20.171.207.190 - - [12/Sep/2025:05:28:40 -0700] "GET /wp-content/plugins/google-analytics-for-wordpress/lite/assets/vue/img/syed.png HTTP/2.0" 200 6235 "-" "Mozilla/5.0 AppleWebKit/537.36 (KHTML, like Gecko; compatible; GPTBot/1.2; +https://openai.com/gptbot)" 6 **0/6256**
20.171.207.190 - - [12/Sep/2025:05:28:42 -0700] "GET /wp-content/plugins/google-analytics-for-wordpress/lite/assets/vue/img/bullet.svg HTTP/2.0" 200 204 "-" "Mozilla/5.0 AppleWebKit/537.36 (KHTML, like Gecko; compatible; GPTBot/1.2; +https://openai.com/gptbot)" 10 **0/10444**
20.171.207.190 - - [12/Sep/2025:05:28:46 -0700] "GET /wp-content/plugins/google-analytics-for-wordpress/lite/assets/vue/img/wpforms.png HTTP/2.0" 200 4573 "-" "Mozilla/5.0 AppleWebKit/537.36 (KHTML, like Gecko; compatible; GPTBot/1.2; +https://openai.com/gptbot)" 9 **0/9802**
20.171.207.190 - - [12/Sep/2025:05:28:49 -0700] "GET /wp-content/plugins/google-analytics-for-wordpress/lite/assets/vue/fonts/icons.woff HTTP/2.0" 200 16303 "-" "Mozilla/5.0 AppleWebKit/537.36 (KHTML, like Gecko; compatible; GPTBot/1.2; +https://openai.com/gptbot)" 9 **0/9113**
66.249.74.13 - - [12/Sep/2025:05:28:50 -0700] "GET /product/2064 HTTP/1.1" 404 12434 "-" "Mozilla/5.0 (Linux; Android 6.0.1; Nexus 5X Build/MMB29P) AppleWebKit/537.36 (KHTML, like Gecko) Chrome/140.0.7339.127 Mobile Safari/537.36 (compatible; Googlebot/2.1; +http://www.google.com/bot.html)" 157 **0/157479**
20.171.207.190 - - [12/Sep/2025:05:28:52 -0700] "GET /wp-content/plugins/google-analytics-for-wordpress/lite/assets/vue/img/charlie.png HTTP/2.0" 200 11122 "-" "Mozilla/5.0 AppleWebKit/537.36 (KHTML, like Gecko; compatible; GPTBot/1.2; +https://openai.com/gptbot)" 7 **0/7621**
66.249.74.14 - - [12/Sep/2025:05:28:55 -0700] "GET /product/2348528220.htm HTTP/1.1" 404 12434 "-" "Mozilla/5.0 (compatible; Googlebot/2.1; +http://www.google.com/bot.html)" 148 **0/148166**
20.171.207.190 - - [12/Sep/2025:05:28:55 -0700] "GET /wp-content/plugins/google-analytics-for-wordpress/lite/assets/vue/img/testimonial-avatar.jpeg HTTP/2.0" 200 31544 "-" "Mozilla/5.0 AppleWebKit/537.36 (KHTML, like Gecko; compatible; GPTBot/1.2; +https://openai.com/gptbot)" 7 **0/7171**
20.171.207.190 - - [12/Sep/2025:05:28:58 -0700] "GET /wp-content/plugins/google-analytics-for-wordpress/lite/assets/vue/img/map-background.png HTTP/2.0" 200 20669 "-" "Mozilla/5.0 AppleWebKit/537.36 (KHTML, like Gecko; compatible; GPTBot/1.2; +https://openai.com/gptbot)" 6 **0/6740**
20.171.207.190 - - [12/Sep/2025:05:29:02 -0700] "GET /wp-content/plugins/google-analytics-for-wordpress/lite/assets/vue/fonts/text-security-disc.ttf HTTP/2.0" 200 2223 "-" "Mozilla/5.0 AppleWebKit/537.36 (KHTML, like Gecko; compatible; GPTBot/1.2; +https://openai.com/gptbot)" 14 **0/14135**
20.171.207.190 - - [12/Sep/2025:05:29:04 -0700] "GET /wp-content/plugins/google-analytics-for-wordpress/lite/assets/vue/fonts/lato-bold-webfont.woff HTTP/2.0" 200 32350 "-" "Mozilla/5.0 AppleWebKit/537.36 (KHTML, like Gecko; compatible; GPTBot/1.2; +https://openai.com/gptbot)" 7 **0/7809**
20.171.207.190 - - [12/Sep/2025:05:29:08 -0700] "GET /wp-content/plugins/google-analytics-for-wordpress/lite/assets/vue/img/reports-upsell-bg.png HTTP/2.0" 200 7796 "-" "Mozilla/5.0 AppleWebKit/537.36 (KHTML, like Gecko; compatible; GPTBot/1.2; +https://openai.com/gptbot)" 8 **0/8624**
20.171.207.190 - - [12/Sep/2025:05:29:10 -0700] "GET /wp-content/plugins/google-analytics-for-wordpress/lite/assets/vue/img/welcome-mascot.png HTTP/2.0" 200 9129 "-" "Mozilla/5.0 AppleWebKit/537.36 (KHTML, like Gecko; compatible; GPTBot/1.2; +https://openai.com/gptbot)" 6 **0/6694**
20.171.207.190 - - [12/Sep/2025:05:29:14 -0700] "GET /wp-content/plugins/google-analytics-for-wordpress/lite/assets/vue/img/mi-onboarding-logo.png HTTP/2.0" 200 15012 "-" "Mozilla/5.0 AppleWebKit/537.36 (KHTML, like Gecko; compatible; GPTBot/1.2; +https://openai.com/gptbot)" 7 **0/7169**
66.249.74.14 - - [12/Sep/2025:05:29:15 -0700] "GET /product/1539471452.htm HTTP/1.1" 404 12434 "-" "Mozilla/5.0 (Linux; Android 6.0.1; Nexus 5X Build/MMB29P) AppleWebKit/537.36 (KHTML, like Gecko) Chrome/140.0.7339.127 Mobile Safari/537.36 (compatible; Googlebot/2.1; +http://www.google.com/bot.html)" 145 **0/145231**
20.171.207.190 - - [12/Sep/2025:05:29:17 -0700] "GET /wp-content/plugins/google-analytics-for-wordpress/lite/assets/vue/fonts/icons.woff2 HTTP/2.0" 200 13327 "-" "Mozilla/5.0 AppleWebKit/537.36 (KHTML, like Gecko; compatible; GPTBot/1.2; +https://openai.com/gptbot)" 7 **0/7705**
20.171.207.190 - - [12/Sep/2025:05:29:21 -0700] "GET /wp-content/plugins/slide-anything/images/padding_right.png HTTP/2.0" 200 399 "-" "Mozilla/5.0 AppleWebKit/537.36 (KHTML, like Gecko; compatible; GPTBot/1.2; +https://openai.com/gptbot)" 5 **0/5660**
20.171.207.190 - - [12/Sep/2025:05:29:24 -0700] "GET /wp-content/plugins/google-analytics-for-wordpress/lite/assets/vue/fonts/lato-regular-webfont.woff2 HTTP/2.0" 200 25066 "-" "Mozilla/5.0 AppleWebKit/537.36 (KHTML, like Gecko; compatible; GPTBot/1.2; +https://openai.com/gptbot)" 7 **0/7186**
20.171.207.190 - - [12/Sep/2025:05:29:27 -0700] "GET /wp-content/plugins/slide-anything/images/padding_bottom.png HTTP/2.0" 200 500 "-" "Mozilla/5.0 AppleWebKit/537.36 (KHTML, like Gecko; compatible; GPTBot/1.2; +https://openai.com/gptbot)" 8 **0/8354**
20.171.207.190 - - [12/Sep/2025:05:29:30 -0700] "GET /wp-content/plugins/google-analytics-for-wordpress/lite/assets/vue/img/bg-publisher@2x.png HTTP/2.0" 200 13453 "-" "Mozilla/5.0 AppleWebKit/537.36 (KHTML, like Gecko; compatible; GPTBot/1.2; +https://openai.com/gptbot)" 14 **0/14099**
20.171.207.190 - - [12/Sep/2025:05:29:33 -0700] "GET /wp-content/plugins/google-analytics-for-wordpress/lite/assets/vue/img/bg-sitespeed@2x.png HTTP/2.0" 200 8022 "-" "Mozilla/5.0 AppleWebKit/537.36 (KHTML, like Gecko; compatible; GPTBot/1.2; +https://openai.com/gptbot)" 8 **0/8515**
20.171.207.190 - - [12/Sep/2025:05:29:36 -0700] "GET /wp-content/plugins/google-analytics-for-wordpress/lite/assets/vue/img/bg-dimensions@2x.png HTTP/2.0" 200 30992 "-" "Mozilla/5.0 AppleWebKit/537.36 (KHTML, like Gecko; compatible; GPTBot/1.2; +https://openai.com/gptbot)" 8 **0/8391**
20.171.207.190 - - [12/Sep/2025:05:29:40 -0700] "GET /wp-content/plugins/google-analytics-for-wordpress/lite/assets/vue/img/bg-realtime@2x.png HTTP/2.0" 200 9925 "-" "Mozilla/5.0 AppleWebKit/537.36 (KHTML, like Gecko; compatible; GPTBot/1.2; +https://openai.com/gptbot)" 7 **0/7016**
20.171.207.190 - - [12/Sep/2025:05:29:43 -0700] "GET /wp-content/plugins/google-analytics-for-wordpress/lite/assets/vue/img/bg-ecommerce@2x.png HTTP/2.0" 200 17809 "-" "Mozilla/5.0 AppleWebKit/537.36 (KHTML, like Gecko; compatible; GPTBot/1.2; +https://openai.com/gptbot)" 5 **0/5796**
20.171.207.190 - - [12/Sep/2025:05:29:46 -0700] "GET /wp-content/plugins/google-analytics-for-wordpress/lite/assets/vue/img/charlie2x.png HTTP/2.0" 200 12825 "-" "Mozilla/5.0 AppleWebKit/537.36 (KHTML, like Gecko; compatible; GPTBot/1.2; +https://openai.com/gptbot)" 7 **0/7510**
20.171.207.190 - - [12/Sep/2025:05:29:49 -0700] "GET /wp-content/plugins/google-analytics-for-wordpress/lite/assets/vue/img/bg-forms@2x.png HTTP/2.0" 200 9031 "-" "Mozilla/5.0 AppleWebKit/537.36 (KHTML, like Gecko; compatible; GPTBot/1.2; +https://openai.com/gptbot)" 6 **0/6423**
20.171.207.190 - - [12/Sep/2025:05:29:52 -0700] "GET /wp-content/plugins/google-analytics-for-wordpress/lite/assets/vue/fonts/lato-bold-webfont.woff2 HTTP/2.0" 200 25436 "-" "Mozilla/5.0 AppleWebKit/537.36 (KHTML, like Gecko; compatible; GPTBot/1.2; +https://openai.com/gptbot)" 7 **0/7032**
20.171.207.190 - - [12/Sep/2025:05:29:55 -0700] "GET /wp-content/plugins/google-analytics-for-wordpress/lite/assets/vue/img/testimonial-avatar-2.png HTTP/2.0" 200 26526 "-" "Mozilla/5.0 AppleWebKit/537.36 (KHTML, like Gecko; compatible; GPTBot/1.2; +https://openai.com/gptbot)" 4 **0/4933**
20.171.207.190 - - [12/Sep/2025:05:29:58 -0700] "GET /wp-content/plugins/google-analytics-for-wordpress/lite/assets/vue/img/bg-queries@2x.png HTTP/2.0" 200 17673 "-" "Mozilla/5.0 AppleWebKit/537.36 (KHTML, like Gecko; compatible; GPTBot/1.2; +https://openai.com/gptbot)" 7 **0/7989**
20.171.207.190 - - [12/Sep/2025:05:30:02 -0700] "GET /wp-content/plugins/slide-anything/images/padding_top_bottom.png HTTP/2.0" 200 447 "-" "Mozilla/5.0 AppleWebKit/537.36 (KHTML, like Gecko; compatible; GPTBot/1.2; +https://openai.com/gptbot)" 21 **0/21387**
20.171.207.190 - - [12/Sep/2025:05:30:05 -0700] "GET /wp-content/plugins/slide-anything/images/padding_left_right.png HTTP/2.0" 200 397 "-" "Mozilla/5.0 AppleWebKit/537.36 (KHTML, like Gecko; compatible; GPTBot/1.2; +https://openai.com/gptbot)" 7 **0/7220**
20.171.207.190 - - [12/Sep/2025:05:30:08 -0700] "GET /wp-content/plugins/slide-anything/images/padding_top.png HTTP/2.0" 200 547 "-" "Mozilla/5.0 AppleWebKit/537.36 (KHTML, like Gecko; compatible; GPTBot/1.2; +https://openai.com/gptbot)" 5 **0/5816**
20.171.207.190 - - [12/Sep/2025:05:30:11 -0700] "GET /wp-content/plugins/slide-anything/images/icon_copy.png HTTP/2.0" 200 311 "-" "Mozilla/5.0 AppleWebKit/537.36 (KHTML, like Gecko; compatible; GPTBot/1.2; +https://openai.com/gptbot)" 8 **0/8542**
20.171.207.190 - - [12/Sep/2025:05:30:14 -0700] "GET /wp-content/plugins/slide-anything/images/icon_info.png HTTP/2.0" 200 3019 "-" "Mozilla/5.0 AppleWebKit/537.36 (KHTML, like Gecko; compatible; GPTBot/1.2; +https://openai.com/gptbot)" 9 **0/9256**
20.171.207.190 - - [12/Sep/2025:05:30:17 -0700] "GET /wp-content/plugins/slide-anything/images/ui-icons_ffffff_256x240.png HTTP/2.0" 200 6299 "-" "Mozilla/5.0 AppleWebKit/537.36 (KHTML, like Gecko; compatible; GPTBot/1.2; +https://openai.com/gptbot)" 5 **0/5911**
20.171.207.190 - - [12/Sep/2025:05:30:20 -0700] "GET /wp-content/plugins/slide-anything/images/ui-icons_777777_256x240.png HTTP/2.0" 200 6999 "-" "Mozilla/5.0 AppleWebKit/537.36 (KHTML, like Gecko; compatible; GPTBot/1.2; +https://openai.com/gptbot)" 5 **0/5581**
20.171.207.190 - - [12/Sep/2025:05:30:23 -0700] "GET /wp-content/plugins/slide-anything/images/padding_left.png HTTP/2.0" 200 408 "-" "Mozilla/5.0 AppleWebKit/537.36 (KHTML, like Gecko; compatible; GPTBot/1.2; +https://openai.com/gptbot)" 7 **0/7754**
20.171.207.190 - - [12/Sep/2025:05:30:26 -0700] "GET /wp-content/plugins/slide-anything/images/ui-icons_444444_256x240.png HTTP/2.0" 200 6992 "-" "Mozilla/5.0 AppleWebKit/537.36 (KHTML, like Gecko; compatible; GPTBot/1.2; +https://openai.com/gptbot)" 6 **0/6614**
20.171.207.190 - - [12/Sep/2025:05:30:30 -0700] "GET /wp-content/plugins/slide-anything/images/ui-icons_555555_256x240.png HTTP/2.0" 200 6988 "-" "Mozilla/5.0 AppleWebKit/537.36 (KHTML, like Gecko; compatible; GPTBot/1.2; +https://openai.com/gptbot)" 7 **0/7399**
20.171.207.190 - - [12/Sep/2025:05:30:33 -0700] "GET /wp-content/plugins/gravityforms/fonts/gform-icons-admin.woff2?9kjvnw HTTP/2.0" 200 19905 "-" "Mozilla/5.0 AppleWebKit/537.36 (KHTML, like Gecko; compatible; GPTBot/1.2; +https://openai.com/gptbot)" 9 **0/9078**
173.201.186.239 - - [12/Sep/2025:05:30:35 -0700] "POST /wp-cron.php?doing_wp_cron=1757680235.5445721149444580078125 HTTP/1.1" 200 - "-" "WordPress/6.8.2; https://lemonattorneynearme.com" 13 **0/13504**
114.119.135.233 - - [12/Sep/2025:05:30:35 -0700] "GET /product/2761861342.htm HTTP/1.1" 404 55906 "https://lemonattorneynearme.com/sitemap.xml" "Mozilla/5.0 (Linux; Android 7.0;) AppleWebKit/537.36 (KHTML, like Gecko) Mobile Safari/537.36 (compatible; PetalBot;+https://webmaster.petalsearch.com/site/petalbot)" 146 **0/146423**
20.171.207.190 - - [12/Sep/2025:05:30:37 -0700] "GET /wp-content/plugins/gravityforms/fonts/gform-icons-admin.woff?9kjvnw HTTP/2.0" 200 23079 "-" "Mozilla/5.0 AppleWebKit/537.36 (KHTML, like Gecko; compatible; GPTBot/1.2; +https://openai.com/gptbot)" 14 **0/14896**
20.171.207.190 - - [12/Sep/2025:05:30:40 -0700] "GET /wp-content/plugins/gravityforms/fonts/gform-icons-admin.ttf?9kjvnw HTTP/2.0" 200 23068 "-" "Mozilla/5.0 AppleWebKit/537.36 (KHTML, like Gecko; compatible; GPTBot/1.2; +https://openai.com/gptbot)" 16 **0/16017**
20.171.207.190 - - [12/Sep/2025:05:30:43 -0700] "GET /wp-content/plugins/gravityforms/fonts/gform-icons-admin.svg?9kjvnw HTTP/2.0" 200 54108 "-" "Mozilla/5.0 AppleWebKit/537.36 (KHTML, like Gecko; compatible; GPTBot/1.2; +https://openai.com/gptbot)" 26 **0/26976**
20.171.207.190 - - [12/Sep/2025:05:30:46 -0700] "GET /wp-content/plugins/gravityforms/assets/css/dist/admin.min.css HTTP/2.0" 200 56999 "-" "Mozilla/5.0 AppleWebKit/537.36 (KHTML, like Gecko; compatible; GPTBot/1.2; +https://openai.com/gptbot)" 27 **0/27340**
20.171.207.190 - - [12/Sep/2025:05:30:49 -0700] "GET /wp-content/plugins/gravityforms/legacy/css/chosen-sprite@2x.png HTTP/2.0" 200 738 "-" "Mozilla/5.0 AppleWebKit/537.36 (KHTML, like Gecko; compatible; GPTBot/1.2; +https://openai.com/gptbot)" 6 **0/6114**
20.171.207.190 - - [12/Sep/2025:05:30:52 -0700] "GET /wp-content/plugins/popup-maker/assets/css/pum-admin-shortcode-ui.min.css HTTP/2.0" 404 12434 "-" "Mozilla/5.0 AppleWebKit/537.36 (KHTML, like Gecko; compatible; GPTBot/1.2; +https://openai.com/gptbot)" 121 **0/121389**
20.171.207.190 - - [12/Sep/2025:05:30:55 -0700] "GET /wp-content/plugins/wp-mail-smtp/assets/css/smtp-admin.min.css HTTP/2.0" 200 7302 "-" "Mozilla/5.0 AppleWebKit/537.36 (KHTML, like Gecko; compatible; GPTBot/1.2; +https://openai.com/gptbot)" 9 **0/9591**
20.171.207.190 - - [12/Sep/2025:05:30:58 -0700] "GET /wp-content/plugins/updraftplus/includes/jquery-ui.custom-v1.12.1-1-22-12.min.css HTTP/2.0" 404 12434 "-" "Mozilla/5.0 AppleWebKit/537.36 (KHTML, like Gecko; compatible; GPTBot/1.2; +https://openai.com/gptbot)" 130 **0/130850**
20.171.207.190 - - [12/Sep/2025:05:31:01 -0700] "GET /wp-content/plugins/updraftplus/includes/labelauty/jquery-labelauty-1-22-12.min.css HTTP/2.0" 404 12434 "-" "Mozilla/5.0 AppleWebKit/537.36 (KHTML, like Gecko; compatible; GPTBot/1.2; +https://openai.com/gptbot)" 395 **0/395559**
20.171.207.190 - - [12/Sep/2025:05:31:04 -0700] "GET /wp-content/plugins/google-analytics-for-wordpress/lite/assets/vue/css/chunk-common.css HTTP/2.0" 200 21277 "-" "Mozilla/5.0 AppleWebKit/537.36 (KHTML, like Gecko; compatible; GPTBot/1.2; +https://openai.com/gptbot)" 20 **0/20497**
20.171.207.190 - - [12/Sep/2025:05:31:07 -0700] "GET /wp-content/plugins/wp-file-manager/lib/css/commands.css HTTP/2.0" 404 12434 "-" "Mozilla/5.0 AppleWebKit/537.36 (KHTML, like Gecko; compatible; GPTBot/1.2; +https://openai.com/gptbot)" 135 **0/135638**
20.171.207.190 - - [12/Sep/2025:05:31:10 -0700] "GET /wp-content/plugins/gravityforms/images/gf-entry-paging-sprite.jpg HTTP/2.0" 404 12434 "-" "Mozilla/5.0 AppleWebKit/537.36 (KHTML, like Gecko; compatible; GPTBot/1.2; +https://openai.com/gptbot)" 126 **0/126314**
20.171.207.190 - - [12/Sep/2025:05:31:14 -0700] "GET /wp-content/plugins/gravityforms/images/gf-fieldsettings-header.jpg HTTP/2.0" 200 273 "-" "Mozilla/5.0 AppleWebKit/537.36 (KHTML, like Gecko; compatible; GPTBot/1.2; +https://openai.com/gptbot)" 9 **0/9601**
20.171.207.190 - - [12/Sep/2025:05:31:17 -0700] "GET /wp-content/plugins/gravityforms/images/gf-media-button-bg.jpg HTTP/2.0" 200 303 "-" "Mozilla/5.0 AppleWebKit/537.36 (KHTML, like Gecko; compatible; GPTBot/1.2; +https://openai.com/gptbot)" 5 **0/5567**
20.171.207.190 - - [12/Sep/2025:05:31:20 -0700] "GET /wp-content/plugins/gravityforms/fonts/inter-medium-webfont.woff HTTP/2.0" 200 18598 "-" "Mozilla/5.0 AppleWebKit/537.36 (KHTML, like Gecko; compatible; GPTBot/1.2; +https://openai.com/gptbot)" 11 **0/11945**
20.171.207.190 - - [12/Sep/2025:05:31:23 -0700] "GET /wp-content/plugins/gravityforms/fonts/inter-semibold-webfont.woff HTTP/2.0" 200 18595 "-" "Mozilla/5.0 AppleWebKit/537.36 (KHTML, like Gecko; compatible; GPTBot/1.2; +https://openai.com/gptbot)" 7 **0/7222**
20.171.207.190 - - [12/Sep/2025:05:31:26 -0700] "GET /wp-content/plugins/gravityforms/fonts/inter-regular-webfont.woff HTTP/2.0" 200 17798 "-" "Mozilla/5.0 AppleWebKit/537.36 (KHTML, like Gecko; compatible; GPTBot/1.2; +https://openai.com/gptbot)" 8 **0/8784**
20.171.207.190 - - [12/Sep/2025:05:31:29 -0700] "GET /wp-content/plugins/gravityforms/images/icon-submenu-down.png HTTP/2.0" 200 129 "-" "Mozilla/5.0 AppleWebKit/537.36 (KHTML, like Gecko; compatible; GPTBot/1.2; +https://openai.com/gptbot)" 8 **0/8085**
20.171.207.190 - - [12/Sep/2025:05:31:33 -0700] "GET /wp-content/plugins/gravityforms/images/icon-check-active.svg HTTP/2.0" 200 305 "-" "Mozilla/5.0 AppleWebKit/537.36 (KHTML, like Gecko; compatible; GPTBot/1.2; +https://openai.com/gptbot)" 17 **0/17582**
20.171.207.190 - - [12/Sep/2025:05:31:36 -0700] "GET /wp-content/plugins/google-analytics-for-wordpress/lite/assets/vue/img/icon-info.svg HTTP/2.0" 200 261 "-" "Mozilla/5.0 AppleWebKit/537.36 (KHTML, like Gecko; compatible; GPTBot/1.2; +https://openai.com/gptbot)" 5 **0/5697**
20.171.207.190 - - [12/Sep/2025:05:31:39 -0700] "GET /wp-content/plugins/wp-mail-smtp/assets/images/icons/dashicons/dashicons-pdf-grey.svg HTTP/2.0" 200 275 "-" "Mozilla/5.0 AppleWebKit/537.36 (KHTML, like Gecko; compatible; GPTBot/1.2; +https://openai.com/gptbot)" 8 **0/8472**
173.201.186.239 - - [12/Sep/2025:05:31:42 -0700] "POST /wp-cron.php?doing_wp_cron=1757680302.8784759044647216796875 HTTP/1.1" 200 - "-" "WordPress/6.8.2; https://lemonattorneynearme.com" 10 **0/10277**
20.171.207.190 - - [12/Sep/2025:05:31:42 -0700] "GET /wp-content/plugins/gravityforms/images/icon-close.png HTTP/2.0" 404 12434 "-" "Mozilla/5.0 AppleWebKit/537.36 (KHTML, like Gecko; compatible; GPTBot/1.2; +https://openai.com/gptbot)" 179 **0/179314**
20.171.207.190 - - [12/Sep/2025:05:31:46 -0700] "GET /wp-content/plugins/gravityforms/images/select-date.svg HTTP/2.0" 200 283 "-" "Mozilla/5.0 AppleWebKit/537.36 (KHTML, like Gecko; compatible; GPTBot/1.2; +https://openai.com/gptbot)" 5 **0/5632**
20.171.207.190 - - [12/Sep/2025:05:31:49 -0700] "GET /wp-content/plugins/gravityforms/images/prodlist-last.png HTTP/2.0" 200 93 "-" "Mozilla/5.0 AppleWebKit/537.36 (KHTML, like Gecko; compatible; GPTBot/1.2; +https://openai.com/gptbot)" 5 **0/5367**
20.171.207.190 - - [12/Sep/2025:05:31:52 -0700] "GET /wp-content/plugins/gravityforms/images/spinner.svg HTTP/2.0" 200 255 "-" "Mozilla/5.0 AppleWebKit/537.36 (KHTML, like Gecko; compatible; GPTBot/1.2; +https://openai.com/gptbot)" 7 **0/7826**
20.171.207.190 - - [12/Sep/2025:05:31:55 -0700] "GET /wp-content/plugins/gravityforms/images/prodlist.png HTTP/2.0" 200 116 "-" "Mozilla/5.0 AppleWebKit/537.36 (KHTML, like Gecko; compatible; GPTBot/1.2; +https://openai.com/gptbot)" 5 **0/5509**
20.171.207.190 - - [12/Sep/2025:05:31:58 -0700] "GET /wp-content/plugins/gravityforms/includes/splash-page/images/splash-right-grey-hex.svg HTTP/2.0" 200 334 "-" "Mozilla/5.0 AppleWebKit/537.36 (KHTML, like Gecko; compatible; GPTBot/1.2; +https://openai.com/gptbot)" 9 **0/9705**
20.171.207.190 - - [12/Sep/2025:05:32:01 -0700] "GET /wp-content/plugins/gravityforms/includes/splash-page/images/splash-left-grey-hex.svg HTTP/2.0" 200 352 "-" "Mozilla/5.0 AppleWebKit/537.36 (KHTML, like Gecko; compatible; GPTBot/1.2; +https://openai.com/gptbot)" 18 **0/18912**
20.171.207.190 - - [12/Sep/2025:05:32:04 -0700] "GET /wp-content/plugins/gravityforms/includes/splash-page/images/splash-header-hex.svg HTTP/2.0" 200 459 "-" "Mozilla/5.0 AppleWebKit/537.36 (KHTML, like Gecko; compatible; GPTBot/1.2; +https://openai.com/gptbot)" 7 **0/7055**
20.171.207.190 - - [12/Sep/2025:05:32:07 -0700] "GET /wp-content/plugins/gravityforms/images/gf-32-iconsprite.png HTTP/2.0" 404 12434 "-" "Mozilla/5.0 AppleWebKit/537.36 (KHTML, like Gecko; compatible; GPTBot/1.2; +https://openai.com/gptbot)" 198 **0/198510**
20.171.207.190 - - [12/Sep/2025:05:32:11 -0700] "GET /wp-content/plugins/gravityforms/images/grey-check.svg HTTP/2.0" 200 216 "-" "Mozilla/5.0 AppleWebKit/537.36 (KHTML, like Gecko; compatible; GPTBot/1.2; +https://openai.com/gptbot)" 7 **0/7495**
20.171.207.190 - - [12/Sep/2025:05:32:14 -0700] "GET /wp-content/plugins/gravityforms/images/grey-bullet.svg HTTP/2.0" 200 165 "-" "Mozilla/5.0 AppleWebKit/537.36 (KHTML, like Gecko; compatible; GPTBot/1.2; +https://openai.com/gptbot)" 6 **0/6282**
20.171.207.190 - - [12/Sep/2025:05:32:17 -0700] "GET /wp-content/plugins/gravityforms/images/cog-hover.svg HTTP/2.0" 200 663 "-" "Mozilla/5.0 AppleWebKit/537.36 (KHTML, like Gecko; compatible; GPTBot/1.2; +https://openai.com/gptbot)" 6 **0/6101**
20.171.207.190 - - [12/Sep/2025:05:32:20 -0700] "GET /wp-content/plugins/gravityforms/fonts/inter-semibold-webfont.woff2 HTTP/2.0" 200 14422 "-" "Mozilla/5.0 AppleWebKit/537.36 (KHTML, like Gecko; compatible; GPTBot/1.2; +https://openai.com/gptbot)" 7 **0/7238**
20.171.207.190 - - [12/Sep/2025:05:32:23 -0700] "GET /wp-content/plugins/gravityforms/fonts/inter-medium-webfont.woff2 HTTP/2.0" 200 14444 "-" "Mozilla/5.0 AppleWebKit/537.36 (KHTML, like Gecko; compatible; GPTBot/1.2; +https://openai.com/gptbot)" 7 **0/7956**
20.171.207.190 - - [12/Sep/2025:05:32:27 -0700] "GET /wp-content/plugins/gravityforms/images/icon-check-inactive.svg HTTP/2.0" 200 305 "-" "Mozilla/5.0 AppleWebKit/537.36 (KHTML, like Gecko; compatible; GPTBot/1.2; +https://openai.com/gptbot)" 12 **0/12445**
20.171.207.190 - - [12/Sep/2025:05:32:29 -0700] "GET /wp-content/plugins/gravityforms/fonts/inter-regular-webfont.woff2 HTTP/2.0" 200 13822 "-" "Mozilla/5.0 AppleWebKit/537.36 (KHTML, like Gecko; compatible; GPTBot/1.2; +https://openai.com/gptbot)" 6 **0/6537**
20.171.207.190 - - [12/Sep/2025:05:32:33 -0700] "GET /wp-content/plugins/gravityforms/images/chevron-down.svg HTTP/2.0" 200 235 "-" "Mozilla/5.0 AppleWebKit/537.36 (KHTML, like Gecko; compatible; GPTBot/1.2; +https://openai.com/gptbot)" 5 **0/5723**
20.171.207.190 - - [12/Sep/2025:05:32:36 -0700] "GET /wp-content/plugins/gravityforms/images/bullet.svg HTTP/2.0" 200 167 "-" "Mozilla/5.0 AppleWebKit/537.36 (KHTML, like Gecko; compatible; GPTBot/1.2; +https://openai.com/gptbot)" 11 **0/11515**
20.171.207.190 - - [12/Sep/2025:05:32:39 -0700] "GET /wp-content/plugins/gravityforms/images/gravityforms-developer-upgrade.png HTTP/2.0" 200 10367 "-" "Mozilla/5.0 AppleWebKit/537.36 (KHTML, like Gecko; compatible; GPTBot/1.2; +https://openai.com/gptbot)" 6 **0/6493**
20.171.207.190 - - [12/Sep/2025:05:32:43 -0700] "GET /wp-content/plugins/gravityforms/images/check.svg HTTP/2.0" 200 211 "-" "Mozilla/5.0 AppleWebKit/537.36 (KHTML, like Gecko; compatible; GPTBot/1.2; +https://openai.com/gptbot)" 9 **0/9738**
20.171.207.190 - - [12/Sep/2025:05:32:46 -0700] "GET /wp-content/plugins/gravityforms/images/cog.svg HTTP/2.0" 200 663 "-" "Mozilla/5.0 AppleWebKit/537.36 (KHTML, like Gecko; compatible; GPTBot/1.2; +https://openai.com/gptbot)" 11 **0/11175**
20.171.207.190 - - [12/Sep/2025:05:32:49 -0700] "GET /wp-content/plugins/gravityforms/images/gravityforms-business-upgrade.png HTTP/2.0" 200 10157 "-" "Mozilla/5.0 AppleWebKit/537.36 (KHTML, like Gecko; compatible; GPTBot/1.2; +https://openai.com/gptbot)" 9 **0/9422**
20.171.207.190 - - [12/Sep/2025:05:32:52 -0700] "GET /wp-content/plugins/wp-mail-smtp/assets/images/icons/dashicons/dashicons-yes-alt-green.svg HTTP/2.0" 200 182 "-" "Mozilla/5.0 AppleWebKit/537.36 (KHTML, like Gecko; compatible; GPTBot/1.2; +https://openai.com/gptbot)" 7 **0/7349**
173.201.186.239 - - [12/Sep/2025:05:32:52 -0700] "POST /wp-cron.php?doing_wp_cron=1757680372.6838788986206054687500 HTTP/1.1" 200 - "-" "WordPress/6.8.2; https://lemonattorneynearme.com" 14 **0/14524**
